{"id":969,"date":"2024-06-13T18:17:07","date_gmt":"2024-06-13T21:17:07","guid":{"rendered":"https:\/\/corralonsanchezbelen.com\/?post_type=product&#038;p=969"},"modified":"2024-07-12T11:49:14","modified_gmt":"2024-07-12T14:49:14","slug":"cemento-loma-negra-cpc40","status":"publish","type":"product","link":"https:\/\/corralonsanchezbelen.com\/index.php\/producto\/cemento-loma-negra-cpc40\/","title":{"rendered":"Cemento Loma Negra CPC40"},"content":{"rendered":"<p>Este cemento p\u00f3rtland es de uso general en la construcci\u00f3n siempre que no existan condiciones especiales de exposici\u00f3n que justifiquen el uso de cemento p\u00f3rtland con propiedades especiales (ataque por sulfatos, utilizaci\u00f3n de agregados potencialmente reactivos en hormigones sometidos a ambientes h\u00famedos, elementos masivos, etc.).<br \/>\nHabitualmente se lo utiliza en obras convencionales (casas, edificios, pisos, pavimentos, etc.) y en la industria del hormig\u00f3n elaborado.<\/p>\n<p>&nbsp;<\/p>\n<p>&nbsp;<\/p>\n<p>&nbsp;<\/p>\n","protected":false},"excerpt":{"rendered":"<p><strong>Usos:<\/strong>\u00a0obras de ingenier\u00eda y arquitectura, pavimentos, puentes, alcantarillas, alba\u00f1iler\u00eda, suelo cemento, elementos prefabricados y\/o pretensados, bloques y tejas de hormig\u00f3n.<\/p>\n","protected":false},"featured_media":970,"comment_status":"open","ping_status":"closed","template":"","meta":[],"product_brand":[],"product_cat":[104,26],"product_tag":[27],"class_list":{"0":"post-969","1":"product","2":"type-product","3":"status-publish","4":"has-post-thumbnail","6":"product_cat-albanileria","7":"product_cat-cemento","8":"product_tag-cemento","10":"first","11":"instock","12":"taxable","13":"shipping-taxable","14":"product-type-simple"},"yoast_head":"<!-- This site is optimized with the Yoast SEO plugin v24.7 - https:\/\/yoast.com\/wordpress\/plugins\/seo\/ -->\n<title>Cemento Loma Negra CPC40 - Corralon Sanchez<\/title>\n<meta name=\"description\" content=\"Usos:\u00a0obras de ingenier\u00eda y arquitectura, pavimentos, puentes, alcantarillas, alba\u00f1iler\u00eda, suelo cemento, elementos prefabricados y\/o pretensados, bloques y tejas de hormig\u00f3n.\" \/>\n<meta name=\"robots\" content=\"index, follow, max-snippet:-1, max-image-preview:large, max-video-preview:-1\" \/>\n<link rel=\"canonical\" href=\"https:\/\/corralonsanchezbelen.com\/index.php\/producto\/cemento-loma-negra-cpc40\/\" \/>\n<meta property=\"og:locale\" content=\"es_ES\" \/>\n<meta property=\"og:type\" content=\"article\" \/>\n<meta property=\"og:title\" content=\"Cemento Loma Negra CPC40 - Corralon Sanchez\" \/>\n<meta property=\"og:description\" content=\"Usos:\u00a0obras de ingenier\u00eda y arquitectura, pavimentos, puentes, alcantarillas, alba\u00f1iler\u00eda, suelo cemento, elementos prefabricados y\/o pretensados, bloques y tejas de hormig\u00f3n.\" \/>\n<meta property=\"og:url\" content=\"https:\/\/corralonsanchezbelen.com\/index.php\/producto\/cemento-loma-negra-cpc40\/\" \/>\n<meta property=\"og:site_name\" content=\"Corralon Sanchez\" \/>\n<meta property=\"article:publisher\" content=\"https:\/\/www.facebook.com\/corralon.sanchez.belen\" \/>\n<meta property=\"article:modified_time\" content=\"2024-07-12T14:49:14+00:00\" \/>\n<meta property=\"og:image\" content=\"https:\/\/corralonsanchezbelen.com\/wp-content\/uploads\/2024\/06\/1994314-1.webp\" \/>\n\t<meta property=\"og:image:width\" content=\"1000\" \/>\n\t<meta property=\"og:image:height\" content=\"1000\" \/>\n\t<meta property=\"og:image:type\" content=\"image\/webp\" \/>\n<meta name=\"twitter:card\" content=\"summary_large_image\" \/>\n<script type=\"application\/ld+json\" class=\"yoast-schema-graph\">{\"@context\":\"https:\/\/schema.org\",\"@graph\":[{\"@type\":\"WebPage\",\"@id\":\"https:\/\/corralonsanchezbelen.com\/index.php\/producto\/cemento-loma-negra-cpc40\/\",\"url\":\"https:\/\/corralonsanchezbelen.com\/index.php\/producto\/cemento-loma-negra-cpc40\/\",\"name\":\"Cemento Loma Negra CPC40 - Corralon Sanchez\",\"isPartOf\":{\"@id\":\"https:\/\/corralonsanchezbelen.com\/#website\"},\"primaryImageOfPage\":{\"@id\":\"https:\/\/corralonsanchezbelen.com\/index.php\/producto\/cemento-loma-negra-cpc40\/#primaryimage\"},\"image\":{\"@id\":\"https:\/\/corralonsanchezbelen.com\/index.php\/producto\/cemento-loma-negra-cpc40\/#primaryimage\"},\"thumbnailUrl\":\"https:\/\/corralonsanchezbelen.com\/wp-content\/uploads\/2024\/06\/1994314-1.webp\",\"datePublished\":\"2024-06-13T21:17:07+00:00\",\"dateModified\":\"2024-07-12T14:49:14+00:00\",\"description\":\"Usos:\u00a0obras de ingenier\u00eda y arquitectura, pavimentos, puentes, alcantarillas, alba\u00f1iler\u00eda, suelo cemento, elementos prefabricados y\/o pretensados, bloques y tejas de hormig\u00f3n.\",\"breadcrumb\":{\"@id\":\"https:\/\/corralonsanchezbelen.com\/index.php\/producto\/cemento-loma-negra-cpc40\/#breadcrumb\"},\"inLanguage\":\"es\",\"potentialAction\":[{\"@type\":\"ReadAction\",\"target\":[\"https:\/\/corralonsanchezbelen.com\/index.php\/producto\/cemento-loma-negra-cpc40\/\"]}]},{\"@type\":\"ImageObject\",\"inLanguage\":\"es\",\"@id\":\"https:\/\/corralonsanchezbelen.com\/index.php\/producto\/cemento-loma-negra-cpc40\/#primaryimage\",\"url\":\"https:\/\/corralonsanchezbelen.com\/wp-content\/uploads\/2024\/06\/1994314-1.webp\",\"contentUrl\":\"https:\/\/corralonsanchezbelen.com\/wp-content\/uploads\/2024\/06\/1994314-1.webp\",\"width\":1000,\"height\":1000},{\"@type\":\"BreadcrumbList\",\"@id\":\"https:\/\/corralonsanchezbelen.com\/index.php\/producto\/cemento-loma-negra-cpc40\/#breadcrumb\",\"itemListElement\":[{\"@type\":\"ListItem\",\"position\":1,\"name\":\"Portada\",\"item\":\"https:\/\/corralonsanchezbelen.com\/\"},{\"@type\":\"ListItem\",\"position\":2,\"name\":\"Tienda\",\"item\":\"https:\/\/corralonsanchezbelen.com\/index.php\/tienda-2\/\"},{\"@type\":\"ListItem\",\"position\":3,\"name\":\"Cemento Loma Negra CPC40\"}]},{\"@type\":\"WebSite\",\"@id\":\"https:\/\/corralonsanchezbelen.com\/#website\",\"url\":\"https:\/\/corralonsanchezbelen.com\/\",\"name\":\"Corralon Sanchez\",\"description\":\"El maestro de la construcci\u00f3n.\",\"publisher\":{\"@id\":\"https:\/\/corralonsanchezbelen.com\/#organization\"},\"potentialAction\":[{\"@type\":\"SearchAction\",\"target\":{\"@type\":\"EntryPoint\",\"urlTemplate\":\"https:\/\/corralonsanchezbelen.com\/?s={search_term_string}\"},\"query-input\":{\"@type\":\"PropertyValueSpecification\",\"valueRequired\":true,\"valueName\":\"search_term_string\"}}],\"inLanguage\":\"es\"},{\"@type\":\"Organization\",\"@id\":\"https:\/\/corralonsanchezbelen.com\/#organization\",\"name\":\"Corralon Sanchez\",\"url\":\"https:\/\/corralonsanchezbelen.com\/\",\"logo\":{\"@type\":\"ImageObject\",\"inLanguage\":\"es\",\"@id\":\"https:\/\/corralonsanchezbelen.com\/#\/schema\/logo\/image\/\",\"url\":\"https:\/\/corralonsanchezbelen.com\/wp-content\/uploads\/2024\/06\/Diseno-sin-tituloq.png\",\"contentUrl\":\"https:\/\/corralonsanchezbelen.com\/wp-content\/uploads\/2024\/06\/Diseno-sin-tituloq.png\",\"width\":1080,\"height\":1080,\"caption\":\"Corralon Sanchez\"},\"image\":{\"@id\":\"https:\/\/corralonsanchezbelen.com\/#\/schema\/logo\/image\/\"},\"sameAs\":[\"https:\/\/www.facebook.com\/corralon.sanchez.belen\",\"https:\/\/www.instagram.com\/corralon.sanchez\/\"]}]}<\/script>\n<!-- \/ Yoast SEO plugin. -->","yoast_head_json":{"title":"Cemento Loma Negra CPC40 - Corralon Sanchez","description":"Usos:\u00a0obras de ingenier\u00eda y arquitectura, pavimentos, puentes, alcantarillas, alba\u00f1iler\u00eda, suelo cemento, elementos prefabricados y\/o pretensados, bloques y tejas de hormig\u00f3n.","robots":{"index":"index","follow":"follow","max-snippet":"max-snippet:-1","max-image-preview":"max-image-preview:large","max-video-preview":"max-video-preview:-1"},"canonical":"https:\/\/corralonsanchezbelen.com\/index.php\/producto\/cemento-loma-negra-cpc40\/","og_locale":"es_ES","og_type":"article","og_title":"Cemento Loma Negra CPC40 - Corralon Sanchez","og_description":"Usos:\u00a0obras de ingenier\u00eda y arquitectura, pavimentos, puentes, alcantarillas, alba\u00f1iler\u00eda, suelo cemento, elementos prefabricados y\/o pretensados, bloques y tejas de hormig\u00f3n.","og_url":"https:\/\/corralonsanchezbelen.com\/index.php\/producto\/cemento-loma-negra-cpc40\/","og_site_name":"Corralon Sanchez","article_publisher":"https:\/\/www.facebook.com\/corralon.sanchez.belen","article_modified_time":"2024-07-12T14:49:14+00:00","og_image":[{"width":1000,"height":1000,"url":"https:\/\/corralonsanchezbelen.com\/wp-content\/uploads\/2024\/06\/1994314-1.webp","type":"image\/webp"}],"twitter_card":"summary_large_image","schema":{"@context":"https:\/\/schema.org","@graph":[{"@type":"WebPage","@id":"https:\/\/corralonsanchezbelen.com\/index.php\/producto\/cemento-loma-negra-cpc40\/","url":"https:\/\/corralonsanchezbelen.com\/index.php\/producto\/cemento-loma-negra-cpc40\/","name":"Cemento Loma Negra CPC40 - Corralon Sanchez","isPartOf":{"@id":"https:\/\/corralonsanchezbelen.com\/#website"},"primaryImageOfPage":{"@id":"https:\/\/corralonsanchezbelen.com\/index.php\/producto\/cemento-loma-negra-cpc40\/#primaryimage"},"image":{"@id":"https:\/\/corralonsanchezbelen.com\/index.php\/producto\/cemento-loma-negra-cpc40\/#primaryimage"},"thumbnailUrl":"https:\/\/corralonsanchezbelen.com\/wp-content\/uploads\/2024\/06\/1994314-1.webp","datePublished":"2024-06-13T21:17:07+00:00","dateModified":"2024-07-12T14:49:14+00:00","description":"Usos:\u00a0obras de ingenier\u00eda y arquitectura, pavimentos, puentes, alcantarillas, alba\u00f1iler\u00eda, suelo cemento, elementos prefabricados y\/o pretensados, bloques y tejas de hormig\u00f3n.","breadcrumb":{"@id":"https:\/\/corralonsanchezbelen.com\/index.php\/producto\/cemento-loma-negra-cpc40\/#breadcrumb"},"inLanguage":"es","potentialAction":[{"@type":"ReadAction","target":["https:\/\/corralonsanchezbelen.com\/index.php\/producto\/cemento-loma-negra-cpc40\/"]}]},{"@type":"ImageObject","inLanguage":"es","@id":"https:\/\/corralonsanchezbelen.com\/index.php\/producto\/cemento-loma-negra-cpc40\/#primaryimage","url":"https:\/\/corralonsanchezbelen.com\/wp-content\/uploads\/2024\/06\/1994314-1.webp","contentUrl":"https:\/\/corralonsanchezbelen.com\/wp-content\/uploads\/2024\/06\/1994314-1.webp","width":1000,"height":1000},{"@type":"BreadcrumbList","@id":"https:\/\/corralonsanchezbelen.com\/index.php\/producto\/cemento-loma-negra-cpc40\/#breadcrumb","itemListElement":[{"@type":"ListItem","position":1,"name":"Portada","item":"https:\/\/corralonsanchezbelen.com\/"},{"@type":"ListItem","position":2,"name":"Tienda","item":"https:\/\/corralonsanchezbelen.com\/index.php\/tienda-2\/"},{"@type":"ListItem","position":3,"name":"Cemento Loma Negra CPC40"}]},{"@type":"WebSite","@id":"https:\/\/corralonsanchezbelen.com\/#website","url":"https:\/\/corralonsanchezbelen.com\/","name":"Corralon Sanchez","description":"El maestro de la construcci\u00f3n.","publisher":{"@id":"https:\/\/corralonsanchezbelen.com\/#organization"},"potentialAction":[{"@type":"SearchAction","target":{"@type":"EntryPoint","urlTemplate":"https:\/\/corralonsanchezbelen.com\/?s={search_term_string}"},"query-input":{"@type":"PropertyValueSpecification","valueRequired":true,"valueName":"search_term_string"}}],"inLanguage":"es"},{"@type":"Organization","@id":"https:\/\/corralonsanchezbelen.com\/#organization","name":"Corralon Sanchez","url":"https:\/\/corralonsanchezbelen.com\/","logo":{"@type":"ImageObject","inLanguage":"es","@id":"https:\/\/corralonsanchezbelen.com\/#\/schema\/logo\/image\/","url":"https:\/\/corralonsanchezbelen.com\/wp-content\/uploads\/2024\/06\/Diseno-sin-tituloq.png","contentUrl":"https:\/\/corralonsanchezbelen.com\/wp-content\/uploads\/2024\/06\/Diseno-sin-tituloq.png","width":1080,"height":1080,"caption":"Corralon Sanchez"},"image":{"@id":"https:\/\/corralonsanchezbelen.com\/#\/schema\/logo\/image\/"},"sameAs":["https:\/\/www.facebook.com\/corralon.sanchez.belen","https:\/\/www.instagram.com\/corralon.sanchez\/"]}]}},"_links":{"self":[{"href":"https:\/\/corralonsanchezbelen.com\/index.php\/wp-json\/wp\/v2\/product\/969","targetHints":{"allow":["GET"]}}],"collection":[{"href":"https:\/\/corralonsanchezbelen.com\/index.php\/wp-json\/wp\/v2\/product"}],"about":[{"href":"https:\/\/corralonsanchezbelen.com\/index.php\/wp-json\/wp\/v2\/types\/product"}],"replies":[{"embeddable":true,"href":"https:\/\/corralonsanchezbelen.com\/index.php\/wp-json\/wp\/v2\/comments?post=969"}],"wp:featuredmedia":[{"embeddable":true,"href":"https:\/\/corralonsanchezbelen.com\/index.php\/wp-json\/wp\/v2\/media\/970"}],"wp:attachment":[{"href":"https:\/\/corralonsanchezbelen.com\/index.php\/wp-json\/wp\/v2\/media?parent=969"}],"wp:term":[{"taxonomy":"product_brand","embeddable":true,"href":"https:\/\/corralonsanchezbelen.com\/index.php\/wp-json\/wp\/v2\/product_brand?post=969"},{"taxonomy":"product_cat","embeddable":true,"href":"https:\/\/corralonsanchezbelen.com\/index.php\/wp-json\/wp\/v2\/product_cat?post=969"},{"taxonomy":"product_tag","embeddable":true,"href":"https:\/\/corralonsanchezbelen.com\/index.php\/wp-json\/wp\/v2\/product_tag?post=969"}],"curies":[{"name":"wp","href":"https:\/\/api.w.org\/{rel}","templated":true}]}}