{"id":3515,"date":"2024-08-09T03:56:33","date_gmt":"2024-08-09T06:56:33","guid":{"rendered":"https:\/\/corralonsanchezbelen.com\/?post_type=product&#038;p=3515"},"modified":"2024-08-09T03:56:33","modified_gmt":"2024-08-09T06:56:33","slug":"hidrolavadora-ducati-explosion-7-hp-233-bar-69377015","status":"publish","type":"product","link":"https:\/\/corralonsanchezbelen.com\/index.php\/producto\/hidrolavadora-ducati-explosion-7-hp-233-bar-69377015\/","title":{"rendered":"Hidrolavadora Ducati Explosi\u00f3n 7 Hp (233 Bar) 69377015"},"content":{"rendered":"","protected":false},"excerpt":{"rendered":"<h2 class=\"ui-pdp-description__title\">Descripci\u00f3n<\/h2>\n<p class=\"ui-pdp-description__content\">EXCELENTE HIDROLAVADORA INDUSTRIAL<br \/>\nVER VIDEO DE MONTADO Y USO!<\/p>\n<p>IDEAL PARA LAVADERO DE CAMIONES \/ TRACTORES \/ BUSES !!<br \/>\nTAMBI\u00c9N PINTORES Y FRENTISTAS PARA LAVADO PREVIO&#8230;&#8230;<\/p>\n<p>MOTOR NAFTA 7 HP<br \/>\nPRESI\u00d3N M\u00c1XIMA 233 BAR (3.379 PSI)<br \/>\nMUY BAJO CONSUMO DE AGUA (SOLO 9 LITROS\/MINUTO)<\/p>\n<p>DETALLES EQUIPO:<br \/>\nMarca: DUCATI<br \/>\nModelo DPW-3100G<br \/>\nC\u00f3digo 69377015<br \/>\nPresi\u00f3n M\u00e1xima BAR (PSI) 233 (3379)<br \/>\nPresi\u00f3n de Trabajo BAR (PSI) 213 (3100)<br \/>\nCaudal de Trabajo LTS \/ Min. 9<br \/>\nMotor Potencia HP 7<br \/>\nMotor tipo NAFTA &#8211; 4 T. &#8211; 208CC.<br \/>\nTanque combustible Lts. 3,6<br \/>\nBomba AXIAL 3 PISTONES<br \/>\nV\u00e1lvula escape t\u00e9rmica SI &#8211; 600\/1400 F<br \/>\nRuedas Caucho 250 x 7,5 Cm<br \/>\nTanque Detergente Lts. 2<br \/>\nBoquillas SI &#8211; kit 5 piezas<br \/>\nLargo manguera salida Mts. 5<br \/>\nPistola Metal SI<br \/>\nPeso Kg. 32<\/p>\n","protected":false},"featured_media":3516,"comment_status":"open","ping_status":"closed","template":"","meta":[],"product_brand":[],"product_cat":[126,147],"product_tag":[167],"class_list":{"0":"post-3515","1":"product","2":"type-product","3":"status-publish","4":"has-post-thumbnail","6":"product_cat-herramientas-electricas","7":"product_cat-hidrolavadora","8":"product_tag-ducati","10":"first","11":"instock","12":"taxable","13":"shipping-taxable","14":"product-type-simple"},"yoast_head":"<!-- This site is optimized with the Yoast SEO plugin v24.7 - https:\/\/yoast.com\/wordpress\/plugins\/seo\/ -->\n<title>Hidrolavadora Ducati Explosi\u00f3n 7 Hp (233 Bar) 69377015 - Corralon Sanchez<\/title>\n<meta name=\"description\" content=\"Descripci\u00f3n EXCELENTE HIDROLAVADORA INDUSTRIAL VER VIDEO DE MONTADO Y USO!  IDEAL PARA LAVADERO DE CAMIONES \/ TRACTORES \/ BUSES !! TAMBI\u00c9N PINTORES Y FRENTISTAS PARA LAVADO PREVIO......  MOTOR NAFTA 7 HP PRESI\u00d3N M\u00c1XIMA 233 BAR (3.379 PSI) MUY BAJO CONSUMO DE AGUA (SOLO 9 LITROS\/MINUTO)  DETALLES EQUIPO: Marca: DUCATI Modelo DPW-3100G C\u00f3digo 69377015 Presi\u00f3n M\u00e1xima BAR (PSI) 233 (3379) Presi\u00f3n de Trabajo BAR (PSI) 213 (3100) Caudal de Trabajo LTS \/ Min. 9 Motor Potencia HP 7 Motor tipo NAFTA - 4 T. - 208CC. Tanque combustible Lts. 3,6 Bomba AXIAL 3 PISTONES V\u00e1lvula escape t\u00e9rmica SI - 600\/1400 F Ruedas Caucho 250 x 7,5 Cm Tanque Detergente Lts. 2 Boquillas SI - kit 5 piezas Largo manguera salida Mts. 5 Pistola Metal SI Peso Kg. 32\" \/>\n<meta name=\"robots\" content=\"index, follow, max-snippet:-1, max-image-preview:large, max-video-preview:-1\" \/>\n<link rel=\"canonical\" href=\"https:\/\/corralonsanchezbelen.com\/index.php\/producto\/hidrolavadora-ducati-explosion-7-hp-233-bar-69377015\/\" \/>\n<meta property=\"og:locale\" content=\"es_ES\" \/>\n<meta property=\"og:type\" content=\"article\" \/>\n<meta property=\"og:title\" content=\"Hidrolavadora Ducati Explosi\u00f3n 7 Hp (233 Bar) 69377015 - Corralon Sanchez\" \/>\n<meta property=\"og:description\" content=\"Descripci\u00f3n EXCELENTE HIDROLAVADORA INDUSTRIAL VER VIDEO DE MONTADO Y USO!  IDEAL PARA LAVADERO DE CAMIONES \/ TRACTORES \/ BUSES !! TAMBI\u00c9N PINTORES Y FRENTISTAS PARA LAVADO PREVIO......  MOTOR NAFTA 7 HP PRESI\u00d3N M\u00c1XIMA 233 BAR (3.379 PSI) MUY BAJO CONSUMO DE AGUA (SOLO 9 LITROS\/MINUTO)  DETALLES EQUIPO: Marca: DUCATI Modelo DPW-3100G C\u00f3digo 69377015 Presi\u00f3n M\u00e1xima BAR (PSI) 233 (3379) Presi\u00f3n de Trabajo BAR (PSI) 213 (3100) Caudal de Trabajo LTS \/ Min. 9 Motor Potencia HP 7 Motor tipo NAFTA - 4 T. - 208CC. Tanque combustible Lts. 3,6 Bomba AXIAL 3 PISTONES V\u00e1lvula escape t\u00e9rmica SI - 600\/1400 F Ruedas Caucho 250 x 7,5 Cm Tanque Detergente Lts. 2 Boquillas SI - kit 5 piezas Largo manguera salida Mts. 5 Pistola Metal SI Peso Kg. 32\" \/>\n<meta property=\"og:url\" content=\"https:\/\/corralonsanchezbelen.com\/index.php\/producto\/hidrolavadora-ducati-explosion-7-hp-233-bar-69377015\/\" \/>\n<meta property=\"og:site_name\" content=\"Corralon Sanchez\" \/>\n<meta property=\"article:publisher\" content=\"https:\/\/www.facebook.com\/corralon.sanchez.belen\" \/>\n<meta property=\"og:image\" content=\"https:\/\/corralonsanchezbelen.com\/wp-content\/uploads\/2024\/08\/D_NQ_NP_918371-MLA48316196625_112021-O.webp\" \/>\n\t<meta property=\"og:image:width\" content=\"331\" \/>\n\t<meta property=\"og:image:height\" content=\"500\" \/>\n\t<meta property=\"og:image:type\" content=\"image\/webp\" \/>\n<meta name=\"twitter:card\" content=\"summary_large_image\" \/>\n<script type=\"application\/ld+json\" class=\"yoast-schema-graph\">{\"@context\":\"https:\/\/schema.org\",\"@graph\":[{\"@type\":\"WebPage\",\"@id\":\"https:\/\/corralonsanchezbelen.com\/index.php\/producto\/hidrolavadora-ducati-explosion-7-hp-233-bar-69377015\/\",\"url\":\"https:\/\/corralonsanchezbelen.com\/index.php\/producto\/hidrolavadora-ducati-explosion-7-hp-233-bar-69377015\/\",\"name\":\"Hidrolavadora Ducati Explosi\u00f3n 7 Hp (233 Bar) 69377015 - Corralon Sanchez\",\"isPartOf\":{\"@id\":\"https:\/\/corralonsanchezbelen.com\/#website\"},\"primaryImageOfPage\":{\"@id\":\"https:\/\/corralonsanchezbelen.com\/index.php\/producto\/hidrolavadora-ducati-explosion-7-hp-233-bar-69377015\/#primaryimage\"},\"image\":{\"@id\":\"https:\/\/corralonsanchezbelen.com\/index.php\/producto\/hidrolavadora-ducati-explosion-7-hp-233-bar-69377015\/#primaryimage\"},\"thumbnailUrl\":\"https:\/\/corralonsanchezbelen.com\/wp-content\/uploads\/2024\/08\/D_NQ_NP_918371-MLA48316196625_112021-O.webp\",\"datePublished\":\"2024-08-09T06:56:33+00:00\",\"description\":\"Descripci\u00f3n EXCELENTE HIDROLAVADORA INDUSTRIAL VER VIDEO DE MONTADO Y USO! IDEAL PARA LAVADERO DE CAMIONES \/ TRACTORES \/ BUSES !! TAMBI\u00c9N PINTORES Y FRENTISTAS PARA LAVADO PREVIO...... MOTOR NAFTA 7 HP PRESI\u00d3N M\u00c1XIMA 233 BAR (3.379 PSI) MUY BAJO CONSUMO DE AGUA (SOLO 9 LITROS\/MINUTO) DETALLES EQUIPO: Marca: DUCATI Modelo DPW-3100G C\u00f3digo 69377015 Presi\u00f3n M\u00e1xima BAR (PSI) 233 (3379) Presi\u00f3n de Trabajo BAR (PSI) 213 (3100) Caudal de Trabajo LTS \/ Min. 9 Motor Potencia HP 7 Motor tipo NAFTA - 4 T. - 208CC. Tanque combustible Lts. 3,6 Bomba AXIAL 3 PISTONES V\u00e1lvula escape t\u00e9rmica SI - 600\/1400 F Ruedas Caucho 250 x 7,5 Cm Tanque Detergente Lts. 2 Boquillas SI - kit 5 piezas Largo manguera salida Mts. 5 Pistola Metal SI Peso Kg. 32\",\"breadcrumb\":{\"@id\":\"https:\/\/corralonsanchezbelen.com\/index.php\/producto\/hidrolavadora-ducati-explosion-7-hp-233-bar-69377015\/#breadcrumb\"},\"inLanguage\":\"es\",\"potentialAction\":[{\"@type\":\"ReadAction\",\"target\":[\"https:\/\/corralonsanchezbelen.com\/index.php\/producto\/hidrolavadora-ducati-explosion-7-hp-233-bar-69377015\/\"]}]},{\"@type\":\"ImageObject\",\"inLanguage\":\"es\",\"@id\":\"https:\/\/corralonsanchezbelen.com\/index.php\/producto\/hidrolavadora-ducati-explosion-7-hp-233-bar-69377015\/#primaryimage\",\"url\":\"https:\/\/corralonsanchezbelen.com\/wp-content\/uploads\/2024\/08\/D_NQ_NP_918371-MLA48316196625_112021-O.webp\",\"contentUrl\":\"https:\/\/corralonsanchezbelen.com\/wp-content\/uploads\/2024\/08\/D_NQ_NP_918371-MLA48316196625_112021-O.webp\",\"width\":331,\"height\":500},{\"@type\":\"BreadcrumbList\",\"@id\":\"https:\/\/corralonsanchezbelen.com\/index.php\/producto\/hidrolavadora-ducati-explosion-7-hp-233-bar-69377015\/#breadcrumb\",\"itemListElement\":[{\"@type\":\"ListItem\",\"position\":1,\"name\":\"Portada\",\"item\":\"https:\/\/corralonsanchezbelen.com\/\"},{\"@type\":\"ListItem\",\"position\":2,\"name\":\"Tienda\",\"item\":\"https:\/\/corralonsanchezbelen.com\/index.php\/tienda-2\/\"},{\"@type\":\"ListItem\",\"position\":3,\"name\":\"Hidrolavadora Ducati Explosi\u00f3n 7 Hp (233 Bar) 69377015\"}]},{\"@type\":\"WebSite\",\"@id\":\"https:\/\/corralonsanchezbelen.com\/#website\",\"url\":\"https:\/\/corralonsanchezbelen.com\/\",\"name\":\"Corralon Sanchez\",\"description\":\"El maestro de la construcci\u00f3n.\",\"publisher\":{\"@id\":\"https:\/\/corralonsanchezbelen.com\/#organization\"},\"potentialAction\":[{\"@type\":\"SearchAction\",\"target\":{\"@type\":\"EntryPoint\",\"urlTemplate\":\"https:\/\/corralonsanchezbelen.com\/?s={search_term_string}\"},\"query-input\":{\"@type\":\"PropertyValueSpecification\",\"valueRequired\":true,\"valueName\":\"search_term_string\"}}],\"inLanguage\":\"es\"},{\"@type\":\"Organization\",\"@id\":\"https:\/\/corralonsanchezbelen.com\/#organization\",\"name\":\"Corralon Sanchez\",\"url\":\"https:\/\/corralonsanchezbelen.com\/\",\"logo\":{\"@type\":\"ImageObject\",\"inLanguage\":\"es\",\"@id\":\"https:\/\/corralonsanchezbelen.com\/#\/schema\/logo\/image\/\",\"url\":\"https:\/\/corralonsanchezbelen.com\/wp-content\/uploads\/2024\/06\/Diseno-sin-tituloq.png\",\"contentUrl\":\"https:\/\/corralonsanchezbelen.com\/wp-content\/uploads\/2024\/06\/Diseno-sin-tituloq.png\",\"width\":1080,\"height\":1080,\"caption\":\"Corralon Sanchez\"},\"image\":{\"@id\":\"https:\/\/corralonsanchezbelen.com\/#\/schema\/logo\/image\/\"},\"sameAs\":[\"https:\/\/www.facebook.com\/corralon.sanchez.belen\",\"https:\/\/www.instagram.com\/corralon.sanchez\/\"]}]}<\/script>\n<!-- \/ Yoast SEO plugin. -->","yoast_head_json":{"title":"Hidrolavadora Ducati Explosi\u00f3n 7 Hp (233 Bar) 69377015 - Corralon Sanchez","description":"Descripci\u00f3n EXCELENTE HIDROLAVADORA INDUSTRIAL VER VIDEO DE MONTADO Y USO!  IDEAL PARA LAVADERO DE CAMIONES \/ TRACTORES \/ BUSES !! TAMBI\u00c9N PINTORES Y FRENTISTAS PARA LAVADO PREVIO......  MOTOR NAFTA 7 HP PRESI\u00d3N M\u00c1XIMA 233 BAR (3.379 PSI) MUY BAJO CONSUMO DE AGUA (SOLO 9 LITROS\/MINUTO)  DETALLES EQUIPO: Marca: DUCATI Modelo DPW-3100G C\u00f3digo 69377015 Presi\u00f3n M\u00e1xima BAR (PSI) 233 (3379) Presi\u00f3n de Trabajo BAR (PSI) 213 (3100) Caudal de Trabajo LTS \/ Min. 9 Motor Potencia HP 7 Motor tipo NAFTA - 4 T. - 208CC. Tanque combustible Lts. 3,6 Bomba AXIAL 3 PISTONES V\u00e1lvula escape t\u00e9rmica SI - 600\/1400 F Ruedas Caucho 250 x 7,5 Cm Tanque Detergente Lts. 2 Boquillas SI - kit 5 piezas Largo manguera salida Mts. 5 Pistola Metal SI Peso Kg. 32","robots":{"index":"index","follow":"follow","max-snippet":"max-snippet:-1","max-image-preview":"max-image-preview:large","max-video-preview":"max-video-preview:-1"},"canonical":"https:\/\/corralonsanchezbelen.com\/index.php\/producto\/hidrolavadora-ducati-explosion-7-hp-233-bar-69377015\/","og_locale":"es_ES","og_type":"article","og_title":"Hidrolavadora Ducati Explosi\u00f3n 7 Hp (233 Bar) 69377015 - Corralon Sanchez","og_description":"Descripci\u00f3n EXCELENTE HIDROLAVADORA INDUSTRIAL VER VIDEO DE MONTADO Y USO!  IDEAL PARA LAVADERO DE CAMIONES \/ TRACTORES \/ BUSES !! TAMBI\u00c9N PINTORES Y FRENTISTAS PARA LAVADO PREVIO......  MOTOR NAFTA 7 HP PRESI\u00d3N M\u00c1XIMA 233 BAR (3.379 PSI) MUY BAJO CONSUMO DE AGUA (SOLO 9 LITROS\/MINUTO)  DETALLES EQUIPO: Marca: DUCATI Modelo DPW-3100G C\u00f3digo 69377015 Presi\u00f3n M\u00e1xima BAR (PSI) 233 (3379) Presi\u00f3n de Trabajo BAR (PSI) 213 (3100) Caudal de Trabajo LTS \/ Min. 9 Motor Potencia HP 7 Motor tipo NAFTA - 4 T. - 208CC. Tanque combustible Lts. 3,6 Bomba AXIAL 3 PISTONES V\u00e1lvula escape t\u00e9rmica SI - 600\/1400 F Ruedas Caucho 250 x 7,5 Cm Tanque Detergente Lts. 2 Boquillas SI - kit 5 piezas Largo manguera salida Mts. 5 Pistola Metal SI Peso Kg. 32","og_url":"https:\/\/corralonsanchezbelen.com\/index.php\/producto\/hidrolavadora-ducati-explosion-7-hp-233-bar-69377015\/","og_site_name":"Corralon Sanchez","article_publisher":"https:\/\/www.facebook.com\/corralon.sanchez.belen","og_image":[{"width":331,"height":500,"url":"https:\/\/corralonsanchezbelen.com\/wp-content\/uploads\/2024\/08\/D_NQ_NP_918371-MLA48316196625_112021-O.webp","type":"image\/webp"}],"twitter_card":"summary_large_image","schema":{"@context":"https:\/\/schema.org","@graph":[{"@type":"WebPage","@id":"https:\/\/corralonsanchezbelen.com\/index.php\/producto\/hidrolavadora-ducati-explosion-7-hp-233-bar-69377015\/","url":"https:\/\/corralonsanchezbelen.com\/index.php\/producto\/hidrolavadora-ducati-explosion-7-hp-233-bar-69377015\/","name":"Hidrolavadora Ducati Explosi\u00f3n 7 Hp (233 Bar) 69377015 - Corralon Sanchez","isPartOf":{"@id":"https:\/\/corralonsanchezbelen.com\/#website"},"primaryImageOfPage":{"@id":"https:\/\/corralonsanchezbelen.com\/index.php\/producto\/hidrolavadora-ducati-explosion-7-hp-233-bar-69377015\/#primaryimage"},"image":{"@id":"https:\/\/corralonsanchezbelen.com\/index.php\/producto\/hidrolavadora-ducati-explosion-7-hp-233-bar-69377015\/#primaryimage"},"thumbnailUrl":"https:\/\/corralonsanchezbelen.com\/wp-content\/uploads\/2024\/08\/D_NQ_NP_918371-MLA48316196625_112021-O.webp","datePublished":"2024-08-09T06:56:33+00:00","description":"Descripci\u00f3n EXCELENTE HIDROLAVADORA INDUSTRIAL VER VIDEO DE MONTADO Y USO! IDEAL PARA LAVADERO DE CAMIONES \/ TRACTORES \/ BUSES !! TAMBI\u00c9N PINTORES Y FRENTISTAS PARA LAVADO PREVIO...... MOTOR NAFTA 7 HP PRESI\u00d3N M\u00c1XIMA 233 BAR (3.379 PSI) MUY BAJO CONSUMO DE AGUA (SOLO 9 LITROS\/MINUTO) DETALLES EQUIPO: Marca: DUCATI Modelo DPW-3100G C\u00f3digo 69377015 Presi\u00f3n M\u00e1xima BAR (PSI) 233 (3379) Presi\u00f3n de Trabajo BAR (PSI) 213 (3100) Caudal de Trabajo LTS \/ Min. 9 Motor Potencia HP 7 Motor tipo NAFTA - 4 T. - 208CC. Tanque combustible Lts. 3,6 Bomba AXIAL 3 PISTONES V\u00e1lvula escape t\u00e9rmica SI - 600\/1400 F Ruedas Caucho 250 x 7,5 Cm Tanque Detergente Lts. 2 Boquillas SI - kit 5 piezas Largo manguera salida Mts. 5 Pistola Metal SI Peso Kg. 32","breadcrumb":{"@id":"https:\/\/corralonsanchezbelen.com\/index.php\/producto\/hidrolavadora-ducati-explosion-7-hp-233-bar-69377015\/#breadcrumb"},"inLanguage":"es","potentialAction":[{"@type":"ReadAction","target":["https:\/\/corralonsanchezbelen.com\/index.php\/producto\/hidrolavadora-ducati-explosion-7-hp-233-bar-69377015\/"]}]},{"@type":"ImageObject","inLanguage":"es","@id":"https:\/\/corralonsanchezbelen.com\/index.php\/producto\/hidrolavadora-ducati-explosion-7-hp-233-bar-69377015\/#primaryimage","url":"https:\/\/corralonsanchezbelen.com\/wp-content\/uploads\/2024\/08\/D_NQ_NP_918371-MLA48316196625_112021-O.webp","contentUrl":"https:\/\/corralonsanchezbelen.com\/wp-content\/uploads\/2024\/08\/D_NQ_NP_918371-MLA48316196625_112021-O.webp","width":331,"height":500},{"@type":"BreadcrumbList","@id":"https:\/\/corralonsanchezbelen.com\/index.php\/producto\/hidrolavadora-ducati-explosion-7-hp-233-bar-69377015\/#breadcrumb","itemListElement":[{"@type":"ListItem","position":1,"name":"Portada","item":"https:\/\/corralonsanchezbelen.com\/"},{"@type":"ListItem","position":2,"name":"Tienda","item":"https:\/\/corralonsanchezbelen.com\/index.php\/tienda-2\/"},{"@type":"ListItem","position":3,"name":"Hidrolavadora Ducati Explosi\u00f3n 7 Hp (233 Bar) 69377015"}]},{"@type":"WebSite","@id":"https:\/\/corralonsanchezbelen.com\/#website","url":"https:\/\/corralonsanchezbelen.com\/","name":"Corralon Sanchez","description":"El maestro de la construcci\u00f3n.","publisher":{"@id":"https:\/\/corralonsanchezbelen.com\/#organization"},"potentialAction":[{"@type":"SearchAction","target":{"@type":"EntryPoint","urlTemplate":"https:\/\/corralonsanchezbelen.com\/?s={search_term_string}"},"query-input":{"@type":"PropertyValueSpecification","valueRequired":true,"valueName":"search_term_string"}}],"inLanguage":"es"},{"@type":"Organization","@id":"https:\/\/corralonsanchezbelen.com\/#organization","name":"Corralon Sanchez","url":"https:\/\/corralonsanchezbelen.com\/","logo":{"@type":"ImageObject","inLanguage":"es","@id":"https:\/\/corralonsanchezbelen.com\/#\/schema\/logo\/image\/","url":"https:\/\/corralonsanchezbelen.com\/wp-content\/uploads\/2024\/06\/Diseno-sin-tituloq.png","contentUrl":"https:\/\/corralonsanchezbelen.com\/wp-content\/uploads\/2024\/06\/Diseno-sin-tituloq.png","width":1080,"height":1080,"caption":"Corralon Sanchez"},"image":{"@id":"https:\/\/corralonsanchezbelen.com\/#\/schema\/logo\/image\/"},"sameAs":["https:\/\/www.facebook.com\/corralon.sanchez.belen","https:\/\/www.instagram.com\/corralon.sanchez\/"]}]}},"_links":{"self":[{"href":"https:\/\/corralonsanchezbelen.com\/index.php\/wp-json\/wp\/v2\/product\/3515","targetHints":{"allow":["GET"]}}],"collection":[{"href":"https:\/\/corralonsanchezbelen.com\/index.php\/wp-json\/wp\/v2\/product"}],"about":[{"href":"https:\/\/corralonsanchezbelen.com\/index.php\/wp-json\/wp\/v2\/types\/product"}],"replies":[{"embeddable":true,"href":"https:\/\/corralonsanchezbelen.com\/index.php\/wp-json\/wp\/v2\/comments?post=3515"}],"wp:featuredmedia":[{"embeddable":true,"href":"https:\/\/corralonsanchezbelen.com\/index.php\/wp-json\/wp\/v2\/media\/3516"}],"wp:attachment":[{"href":"https:\/\/corralonsanchezbelen.com\/index.php\/wp-json\/wp\/v2\/media?parent=3515"}],"wp:term":[{"taxonomy":"product_brand","embeddable":true,"href":"https:\/\/corralonsanchezbelen.com\/index.php\/wp-json\/wp\/v2\/product_brand?post=3515"},{"taxonomy":"product_cat","embeddable":true,"href":"https:\/\/corralonsanchezbelen.com\/index.php\/wp-json\/wp\/v2\/product_cat?post=3515"},{"taxonomy":"product_tag","embeddable":true,"href":"https:\/\/corralonsanchezbelen.com\/index.php\/wp-json\/wp\/v2\/product_tag?post=3515"}],"curies":[{"name":"wp","href":"https:\/\/api.w.org\/{rel}","templated":true}]}}