{"id":3485,"date":"2024-08-09T03:21:32","date_gmt":"2024-08-09T06:21:32","guid":{"rendered":"https:\/\/corralonsanchezbelen.com\/?post_type=product&#038;p=3485"},"modified":"2024-08-09T03:21:32","modified_gmt":"2024-08-09T06:21:32","slug":"arco-de-sierra-300-mm-total-tht54166","status":"publish","type":"product","link":"https:\/\/corralonsanchezbelen.com\/index.php\/producto\/arco-de-sierra-300-mm-total-tht54166\/","title":{"rendered":"Arco De Sierra 300 Mm Total Tht54166"},"content":{"rendered":"<div class=\"ui-pdp-container__row ui-pdp-container__row--highlighted-features-title\">\n<h2 class=\"ui-vpp-text-alignment--left ui-pdp-color--BLACK ui-pdp-size--XSMALL ui-pdp-family--SEMIBOLD highlighted-features-title\">Lo que ten\u00e9s que saber de este producto<\/h2>\n<\/div>\n<div class=\"ui-pdp-container__row ui-pdp-container__row--highlighted-features\">\n<div class=\"ui-vpp-highlighted-specs__features\">\n<ul class=\"ui-vpp-highlighted-specs__features-list\">\n<li class=\"ui-vpp-highlighted-specs__features-list-item ui-pdp-color--BLACK ui-pdp-size--XSMALL ui-pdp-family--REGULAR\">Largo del serrucho: 300mm.<\/li>\n<li class=\"ui-vpp-highlighted-specs__features-list-item ui-pdp-color--BLACK ui-pdp-size--XSMALL ui-pdp-family--REGULAR\">Material de la manija: goma.<\/li>\n<li class=\"ui-vpp-highlighted-specs__features-list-item ui-pdp-color--BLACK ui-pdp-size--XSMALL ui-pdp-family--REGULAR\">Materiales de aplicaci\u00f3n: metal.<\/li>\n<li class=\"ui-vpp-highlighted-specs__features-list-item ui-pdp-color--BLACK ui-pdp-size--XSMALL ui-pdp-family--REGULAR\">Dientes por pulgada: 24.<\/li>\n<\/ul>\n<\/div>\n<\/div>\n","protected":false},"excerpt":{"rendered":"<h2 class=\"ui-pdp-description__title\">Descripci\u00f3n<\/h2>\n<p class=\"ui-pdp-description__content\">El Arco De Sierra 300mm Total THT54166 es una herramienta esencial para cualquier trabajo de corte de metal. Con su manija de goma, proporciona un agarre c\u00f3modo y seguro, permitiendo un manejo preciso y eficiente. Su largo de 300mm y sus 24 dientes por pulgada garantizan cortes limpios y precisos en todo momento. Este arco de sierra de la marca Total es ideal para profesionales y aficionados por igual, ofreciendo durabilidad y rendimiento en un solo paquete. Su dise\u00f1o robusto y su construcci\u00f3n de alta calidad aseguran que esta herramienta resistir\u00e1 el paso del tiempo, convirti\u00e9ndose en un valioso a\u00f1adido a cualquier caja de herramientas.<\/p>\n","protected":false},"featured_media":3486,"comment_status":"open","ping_status":"closed","template":"","meta":[],"product_brand":[],"product_cat":[56,70,124],"product_tag":[125],"class_list":{"0":"post-3485","1":"product","2":"type-product","3":"status-publish","4":"has-post-thumbnail","6":"product_cat-carpinteria","7":"product_cat-serruchos","8":"product_cat-total","9":"product_tag-total","11":"first","12":"instock","13":"taxable","14":"shipping-taxable","15":"product-type-simple"},"yoast_head":"<!-- This site is optimized with the Yoast SEO plugin v24.7 - https:\/\/yoast.com\/wordpress\/plugins\/seo\/ -->\n<title>Arco De Sierra 300 Mm Total Tht54166 - Corralon Sanchez<\/title>\n<meta name=\"description\" content=\"Descripci\u00f3n El Arco De Sierra 300mm Total THT54166 es una herramienta esencial para cualquier trabajo de corte de metal. Con su manija de goma, proporciona un agarre c\u00f3modo y seguro, permitiendo un manejo preciso y eficiente. Su largo de 300mm y sus 24 dientes por pulgada garantizan cortes limpios y precisos en todo momento. Este arco de sierra de la marca Total es ideal para profesionales y aficionados por igual, ofreciendo durabilidad y rendimiento en un solo paquete. Su dise\u00f1o robusto y su construcci\u00f3n de alta calidad aseguran que esta herramienta resistir\u00e1 el paso del tiempo, convirti\u00e9ndose en un valioso a\u00f1adido a cualquier caja de herramientas.\" \/>\n<meta name=\"robots\" content=\"index, follow, max-snippet:-1, max-image-preview:large, max-video-preview:-1\" \/>\n<link rel=\"canonical\" href=\"https:\/\/corralonsanchezbelen.com\/index.php\/producto\/arco-de-sierra-300-mm-total-tht54166\/\" \/>\n<meta property=\"og:locale\" content=\"es_ES\" \/>\n<meta property=\"og:type\" content=\"article\" \/>\n<meta property=\"og:title\" content=\"Arco De Sierra 300 Mm Total Tht54166 - Corralon Sanchez\" \/>\n<meta property=\"og:description\" content=\"Descripci\u00f3n El Arco De Sierra 300mm Total THT54166 es una herramienta esencial para cualquier trabajo de corte de metal. Con su manija de goma, proporciona un agarre c\u00f3modo y seguro, permitiendo un manejo preciso y eficiente. Su largo de 300mm y sus 24 dientes por pulgada garantizan cortes limpios y precisos en todo momento. Este arco de sierra de la marca Total es ideal para profesionales y aficionados por igual, ofreciendo durabilidad y rendimiento en un solo paquete. Su dise\u00f1o robusto y su construcci\u00f3n de alta calidad aseguran que esta herramienta resistir\u00e1 el paso del tiempo, convirti\u00e9ndose en un valioso a\u00f1adido a cualquier caja de herramientas.\" \/>\n<meta property=\"og:url\" content=\"https:\/\/corralonsanchezbelen.com\/index.php\/producto\/arco-de-sierra-300-mm-total-tht54166\/\" \/>\n<meta property=\"og:site_name\" content=\"Corralon Sanchez\" \/>\n<meta property=\"article:publisher\" content=\"https:\/\/www.facebook.com\/corralon.sanchez.belen\" \/>\n<meta property=\"og:image\" content=\"https:\/\/corralonsanchezbelen.com\/wp-content\/uploads\/2024\/08\/D_NQ_NP_937478-MLU70516386965_072023-O.webp\" \/>\n\t<meta property=\"og:image:width\" content=\"500\" \/>\n\t<meta property=\"og:image:height\" content=\"304\" \/>\n\t<meta property=\"og:image:type\" content=\"image\/webp\" \/>\n<meta name=\"twitter:card\" content=\"summary_large_image\" \/>\n<meta name=\"twitter:label1\" content=\"Tiempo de lectura\" \/>\n\t<meta name=\"twitter:data1\" content=\"1 minuto\" \/>\n<script type=\"application\/ld+json\" class=\"yoast-schema-graph\">{\"@context\":\"https:\/\/schema.org\",\"@graph\":[{\"@type\":\"WebPage\",\"@id\":\"https:\/\/corralonsanchezbelen.com\/index.php\/producto\/arco-de-sierra-300-mm-total-tht54166\/\",\"url\":\"https:\/\/corralonsanchezbelen.com\/index.php\/producto\/arco-de-sierra-300-mm-total-tht54166\/\",\"name\":\"Arco De Sierra 300 Mm Total Tht54166 - Corralon Sanchez\",\"isPartOf\":{\"@id\":\"https:\/\/corralonsanchezbelen.com\/#website\"},\"primaryImageOfPage\":{\"@id\":\"https:\/\/corralonsanchezbelen.com\/index.php\/producto\/arco-de-sierra-300-mm-total-tht54166\/#primaryimage\"},\"image\":{\"@id\":\"https:\/\/corralonsanchezbelen.com\/index.php\/producto\/arco-de-sierra-300-mm-total-tht54166\/#primaryimage\"},\"thumbnailUrl\":\"https:\/\/corralonsanchezbelen.com\/wp-content\/uploads\/2024\/08\/D_NQ_NP_937478-MLU70516386965_072023-O.webp\",\"datePublished\":\"2024-08-09T06:21:32+00:00\",\"description\":\"Descripci\u00f3n El Arco De Sierra 300mm Total THT54166 es una herramienta esencial para cualquier trabajo de corte de metal. Con su manija de goma, proporciona un agarre c\u00f3modo y seguro, permitiendo un manejo preciso y eficiente. Su largo de 300mm y sus 24 dientes por pulgada garantizan cortes limpios y precisos en todo momento. Este arco de sierra de la marca Total es ideal para profesionales y aficionados por igual, ofreciendo durabilidad y rendimiento en un solo paquete. Su dise\u00f1o robusto y su construcci\u00f3n de alta calidad aseguran que esta herramienta resistir\u00e1 el paso del tiempo, convirti\u00e9ndose en un valioso a\u00f1adido a cualquier caja de herramientas.\",\"breadcrumb\":{\"@id\":\"https:\/\/corralonsanchezbelen.com\/index.php\/producto\/arco-de-sierra-300-mm-total-tht54166\/#breadcrumb\"},\"inLanguage\":\"es\",\"potentialAction\":[{\"@type\":\"ReadAction\",\"target\":[\"https:\/\/corralonsanchezbelen.com\/index.php\/producto\/arco-de-sierra-300-mm-total-tht54166\/\"]}]},{\"@type\":\"ImageObject\",\"inLanguage\":\"es\",\"@id\":\"https:\/\/corralonsanchezbelen.com\/index.php\/producto\/arco-de-sierra-300-mm-total-tht54166\/#primaryimage\",\"url\":\"https:\/\/corralonsanchezbelen.com\/wp-content\/uploads\/2024\/08\/D_NQ_NP_937478-MLU70516386965_072023-O.webp\",\"contentUrl\":\"https:\/\/corralonsanchezbelen.com\/wp-content\/uploads\/2024\/08\/D_NQ_NP_937478-MLU70516386965_072023-O.webp\",\"width\":500,\"height\":304},{\"@type\":\"BreadcrumbList\",\"@id\":\"https:\/\/corralonsanchezbelen.com\/index.php\/producto\/arco-de-sierra-300-mm-total-tht54166\/#breadcrumb\",\"itemListElement\":[{\"@type\":\"ListItem\",\"position\":1,\"name\":\"Portada\",\"item\":\"https:\/\/corralonsanchezbelen.com\/\"},{\"@type\":\"ListItem\",\"position\":2,\"name\":\"Tienda\",\"item\":\"https:\/\/corralonsanchezbelen.com\/index.php\/tienda-2\/\"},{\"@type\":\"ListItem\",\"position\":3,\"name\":\"Arco De Sierra 300 Mm Total Tht54166\"}]},{\"@type\":\"WebSite\",\"@id\":\"https:\/\/corralonsanchezbelen.com\/#website\",\"url\":\"https:\/\/corralonsanchezbelen.com\/\",\"name\":\"Corralon Sanchez\",\"description\":\"El maestro de la construcci\u00f3n.\",\"publisher\":{\"@id\":\"https:\/\/corralonsanchezbelen.com\/#organization\"},\"potentialAction\":[{\"@type\":\"SearchAction\",\"target\":{\"@type\":\"EntryPoint\",\"urlTemplate\":\"https:\/\/corralonsanchezbelen.com\/?s={search_term_string}\"},\"query-input\":{\"@type\":\"PropertyValueSpecification\",\"valueRequired\":true,\"valueName\":\"search_term_string\"}}],\"inLanguage\":\"es\"},{\"@type\":\"Organization\",\"@id\":\"https:\/\/corralonsanchezbelen.com\/#organization\",\"name\":\"Corralon Sanchez\",\"url\":\"https:\/\/corralonsanchezbelen.com\/\",\"logo\":{\"@type\":\"ImageObject\",\"inLanguage\":\"es\",\"@id\":\"https:\/\/corralonsanchezbelen.com\/#\/schema\/logo\/image\/\",\"url\":\"https:\/\/corralonsanchezbelen.com\/wp-content\/uploads\/2024\/06\/Diseno-sin-tituloq.png\",\"contentUrl\":\"https:\/\/corralonsanchezbelen.com\/wp-content\/uploads\/2024\/06\/Diseno-sin-tituloq.png\",\"width\":1080,\"height\":1080,\"caption\":\"Corralon Sanchez\"},\"image\":{\"@id\":\"https:\/\/corralonsanchezbelen.com\/#\/schema\/logo\/image\/\"},\"sameAs\":[\"https:\/\/www.facebook.com\/corralon.sanchez.belen\",\"https:\/\/www.instagram.com\/corralon.sanchez\/\"]}]}<\/script>\n<!-- \/ Yoast SEO plugin. -->","yoast_head_json":{"title":"Arco De Sierra 300 Mm Total Tht54166 - Corralon Sanchez","description":"Descripci\u00f3n El Arco De Sierra 300mm Total THT54166 es una herramienta esencial para cualquier trabajo de corte de metal. Con su manija de goma, proporciona un agarre c\u00f3modo y seguro, permitiendo un manejo preciso y eficiente. Su largo de 300mm y sus 24 dientes por pulgada garantizan cortes limpios y precisos en todo momento. Este arco de sierra de la marca Total es ideal para profesionales y aficionados por igual, ofreciendo durabilidad y rendimiento en un solo paquete. Su dise\u00f1o robusto y su construcci\u00f3n de alta calidad aseguran que esta herramienta resistir\u00e1 el paso del tiempo, convirti\u00e9ndose en un valioso a\u00f1adido a cualquier caja de herramientas.","robots":{"index":"index","follow":"follow","max-snippet":"max-snippet:-1","max-image-preview":"max-image-preview:large","max-video-preview":"max-video-preview:-1"},"canonical":"https:\/\/corralonsanchezbelen.com\/index.php\/producto\/arco-de-sierra-300-mm-total-tht54166\/","og_locale":"es_ES","og_type":"article","og_title":"Arco De Sierra 300 Mm Total Tht54166 - Corralon Sanchez","og_description":"Descripci\u00f3n El Arco De Sierra 300mm Total THT54166 es una herramienta esencial para cualquier trabajo de corte de metal. Con su manija de goma, proporciona un agarre c\u00f3modo y seguro, permitiendo un manejo preciso y eficiente. Su largo de 300mm y sus 24 dientes por pulgada garantizan cortes limpios y precisos en todo momento. Este arco de sierra de la marca Total es ideal para profesionales y aficionados por igual, ofreciendo durabilidad y rendimiento en un solo paquete. Su dise\u00f1o robusto y su construcci\u00f3n de alta calidad aseguran que esta herramienta resistir\u00e1 el paso del tiempo, convirti\u00e9ndose en un valioso a\u00f1adido a cualquier caja de herramientas.","og_url":"https:\/\/corralonsanchezbelen.com\/index.php\/producto\/arco-de-sierra-300-mm-total-tht54166\/","og_site_name":"Corralon Sanchez","article_publisher":"https:\/\/www.facebook.com\/corralon.sanchez.belen","og_image":[{"width":500,"height":304,"url":"https:\/\/corralonsanchezbelen.com\/wp-content\/uploads\/2024\/08\/D_NQ_NP_937478-MLU70516386965_072023-O.webp","type":"image\/webp"}],"twitter_card":"summary_large_image","twitter_misc":{"Tiempo de lectura":"1 minuto"},"schema":{"@context":"https:\/\/schema.org","@graph":[{"@type":"WebPage","@id":"https:\/\/corralonsanchezbelen.com\/index.php\/producto\/arco-de-sierra-300-mm-total-tht54166\/","url":"https:\/\/corralonsanchezbelen.com\/index.php\/producto\/arco-de-sierra-300-mm-total-tht54166\/","name":"Arco De Sierra 300 Mm Total Tht54166 - Corralon Sanchez","isPartOf":{"@id":"https:\/\/corralonsanchezbelen.com\/#website"},"primaryImageOfPage":{"@id":"https:\/\/corralonsanchezbelen.com\/index.php\/producto\/arco-de-sierra-300-mm-total-tht54166\/#primaryimage"},"image":{"@id":"https:\/\/corralonsanchezbelen.com\/index.php\/producto\/arco-de-sierra-300-mm-total-tht54166\/#primaryimage"},"thumbnailUrl":"https:\/\/corralonsanchezbelen.com\/wp-content\/uploads\/2024\/08\/D_NQ_NP_937478-MLU70516386965_072023-O.webp","datePublished":"2024-08-09T06:21:32+00:00","description":"Descripci\u00f3n El Arco De Sierra 300mm Total THT54166 es una herramienta esencial para cualquier trabajo de corte de metal. Con su manija de goma, proporciona un agarre c\u00f3modo y seguro, permitiendo un manejo preciso y eficiente. Su largo de 300mm y sus 24 dientes por pulgada garantizan cortes limpios y precisos en todo momento. Este arco de sierra de la marca Total es ideal para profesionales y aficionados por igual, ofreciendo durabilidad y rendimiento en un solo paquete. Su dise\u00f1o robusto y su construcci\u00f3n de alta calidad aseguran que esta herramienta resistir\u00e1 el paso del tiempo, convirti\u00e9ndose en un valioso a\u00f1adido a cualquier caja de herramientas.","breadcrumb":{"@id":"https:\/\/corralonsanchezbelen.com\/index.php\/producto\/arco-de-sierra-300-mm-total-tht54166\/#breadcrumb"},"inLanguage":"es","potentialAction":[{"@type":"ReadAction","target":["https:\/\/corralonsanchezbelen.com\/index.php\/producto\/arco-de-sierra-300-mm-total-tht54166\/"]}]},{"@type":"ImageObject","inLanguage":"es","@id":"https:\/\/corralonsanchezbelen.com\/index.php\/producto\/arco-de-sierra-300-mm-total-tht54166\/#primaryimage","url":"https:\/\/corralonsanchezbelen.com\/wp-content\/uploads\/2024\/08\/D_NQ_NP_937478-MLU70516386965_072023-O.webp","contentUrl":"https:\/\/corralonsanchezbelen.com\/wp-content\/uploads\/2024\/08\/D_NQ_NP_937478-MLU70516386965_072023-O.webp","width":500,"height":304},{"@type":"BreadcrumbList","@id":"https:\/\/corralonsanchezbelen.com\/index.php\/producto\/arco-de-sierra-300-mm-total-tht54166\/#breadcrumb","itemListElement":[{"@type":"ListItem","position":1,"name":"Portada","item":"https:\/\/corralonsanchezbelen.com\/"},{"@type":"ListItem","position":2,"name":"Tienda","item":"https:\/\/corralonsanchezbelen.com\/index.php\/tienda-2\/"},{"@type":"ListItem","position":3,"name":"Arco De Sierra 300 Mm Total Tht54166"}]},{"@type":"WebSite","@id":"https:\/\/corralonsanchezbelen.com\/#website","url":"https:\/\/corralonsanchezbelen.com\/","name":"Corralon Sanchez","description":"El maestro de la construcci\u00f3n.","publisher":{"@id":"https:\/\/corralonsanchezbelen.com\/#organization"},"potentialAction":[{"@type":"SearchAction","target":{"@type":"EntryPoint","urlTemplate":"https:\/\/corralonsanchezbelen.com\/?s={search_term_string}"},"query-input":{"@type":"PropertyValueSpecification","valueRequired":true,"valueName":"search_term_string"}}],"inLanguage":"es"},{"@type":"Organization","@id":"https:\/\/corralonsanchezbelen.com\/#organization","name":"Corralon Sanchez","url":"https:\/\/corralonsanchezbelen.com\/","logo":{"@type":"ImageObject","inLanguage":"es","@id":"https:\/\/corralonsanchezbelen.com\/#\/schema\/logo\/image\/","url":"https:\/\/corralonsanchezbelen.com\/wp-content\/uploads\/2024\/06\/Diseno-sin-tituloq.png","contentUrl":"https:\/\/corralonsanchezbelen.com\/wp-content\/uploads\/2024\/06\/Diseno-sin-tituloq.png","width":1080,"height":1080,"caption":"Corralon Sanchez"},"image":{"@id":"https:\/\/corralonsanchezbelen.com\/#\/schema\/logo\/image\/"},"sameAs":["https:\/\/www.facebook.com\/corralon.sanchez.belen","https:\/\/www.instagram.com\/corralon.sanchez\/"]}]}},"_links":{"self":[{"href":"https:\/\/corralonsanchezbelen.com\/index.php\/wp-json\/wp\/v2\/product\/3485","targetHints":{"allow":["GET"]}}],"collection":[{"href":"https:\/\/corralonsanchezbelen.com\/index.php\/wp-json\/wp\/v2\/product"}],"about":[{"href":"https:\/\/corralonsanchezbelen.com\/index.php\/wp-json\/wp\/v2\/types\/product"}],"replies":[{"embeddable":true,"href":"https:\/\/corralonsanchezbelen.com\/index.php\/wp-json\/wp\/v2\/comments?post=3485"}],"wp:featuredmedia":[{"embeddable":true,"href":"https:\/\/corralonsanchezbelen.com\/index.php\/wp-json\/wp\/v2\/media\/3486"}],"wp:attachment":[{"href":"https:\/\/corralonsanchezbelen.com\/index.php\/wp-json\/wp\/v2\/media?parent=3485"}],"wp:term":[{"taxonomy":"product_brand","embeddable":true,"href":"https:\/\/corralonsanchezbelen.com\/index.php\/wp-json\/wp\/v2\/product_brand?post=3485"},{"taxonomy":"product_cat","embeddable":true,"href":"https:\/\/corralonsanchezbelen.com\/index.php\/wp-json\/wp\/v2\/product_cat?post=3485"},{"taxonomy":"product_tag","embeddable":true,"href":"https:\/\/corralonsanchezbelen.com\/index.php\/wp-json\/wp\/v2\/product_tag?post=3485"}],"curies":[{"name":"wp","href":"https:\/\/api.w.org\/{rel}","templated":true}]}}