{"id":3418,"date":"2024-08-09T02:16:17","date_gmt":"2024-08-09T05:16:17","guid":{"rendered":"https:\/\/corralonsanchezbelen.com\/?post_type=product&#038;p=3418"},"modified":"2024-08-09T02:16:17","modified_gmt":"2024-08-09T05:16:17","slug":"crique-carrito-gato-extra-chato-2-pistones-3tn-total","status":"publish","type":"product","link":"https:\/\/corralonsanchezbelen.com\/index.php\/producto\/crique-carrito-gato-extra-chato-2-pistones-3tn-total\/","title":{"rendered":"Crique Carrito Gato Extra Chato 2 Pistones 3tn Total"},"content":{"rendered":"<div class=\"ui-pdp-container__row ui-pdp-container__row--highlighted-features-title\">\n<h2 class=\"ui-vpp-text-alignment--left ui-pdp-color--BLACK ui-pdp-size--XSMALL ui-pdp-family--SEMIBOLD highlighted-features-title\">Lo que ten\u00e9s que saber de este producto<\/h2>\n<\/div>\n<div class=\"ui-pdp-container__row ui-pdp-container__row--highlighted-features\">\n<div class=\"ui-vpp-highlighted-specs__features\">\n<ul class=\"ui-vpp-highlighted-specs__features-list\">\n<li class=\"ui-vpp-highlighted-specs__features-list-item ui-pdp-color--BLACK ui-pdp-size--XSMALL ui-pdp-family--REGULAR\">Peso m\u00e1ximo soportado: 3t.<\/li>\n<li class=\"ui-vpp-highlighted-specs__features-list-item ui-pdp-color--BLACK ui-pdp-size--XSMALL ui-pdp-family--REGULAR\">M\u00e1xima altura levantada: 515mm.<\/li>\n<li class=\"ui-vpp-highlighted-specs__features-list-item ui-pdp-color--BLACK ui-pdp-size--XSMALL ui-pdp-family--REGULAR\">M\u00ednima altura levantada: 85mm.<\/li>\n<li class=\"ui-vpp-highlighted-specs__features-list-item ui-pdp-color--BLACK ui-pdp-size--XSMALL ui-pdp-family--REGULAR\">Largo de la palanca: 53cm.<\/li>\n<\/ul>\n<\/div>\n<\/div>\n","protected":false},"excerpt":{"rendered":"<p>Gato Hidr\u00e1ulico Tipo Caim\u00e1n Industrial 3 Toneladas Total<br \/>\nSKU: THT10834<\/p>\n<p>Un gato tipo caim\u00e1n hidr\u00e1ulica con capacidad de 3 toneladas. Cuenta con elevaci\u00f3n r\u00e1pida y bomba doble. Ideal para cambiar ruedas, realizar mantenci\u00f3n y reparaciones a tu veh\u00edculo, permiti\u00e9ndote mantenerlo levantado por el tiempo que sea necesario de forma \u00e1gil y segura.<\/p>\n<p>ESPECIFICACIONES:<br \/>\n&#8211; Calidad: Profesional<br \/>\n&#8211; Capacidad de carga:<br \/>\n&#8211; Altura m\u00ednima: 85mm.<br \/>\n&#8211; Altura m\u00e1xima: 515mm.<br \/>\n&#8211; Rango: 430mm.<br \/>\n&#8211; Peso: 32kg.<\/p>\n","protected":false},"featured_media":3420,"comment_status":"open","ping_status":"closed","template":"","meta":[],"product_brand":[],"product_cat":[148,53,124],"product_tag":[125],"class_list":{"0":"post-3418","1":"product","2":"type-product","3":"status-publish","4":"has-post-thumbnail","6":"product_cat-gato-hidraulico","7":"product_cat-herramientas-ajustables","8":"product_cat-total","9":"product_tag-total","11":"first","12":"instock","13":"taxable","14":"shipping-taxable","15":"product-type-simple"},"yoast_head":"<!-- This site is optimized with the Yoast SEO plugin v24.7 - https:\/\/yoast.com\/wordpress\/plugins\/seo\/ -->\n<title>Crique Carrito Gato Extra Chato 2 Pistones 3tn Total - Corralon Sanchez<\/title>\n<meta name=\"description\" content=\"Gato Hidr\u00e1ulico Tipo Caim\u00e1n Industrial 3 Toneladas Total SKU: THT10834  Un gato tipo caim\u00e1n hidr\u00e1ulica con capacidad de 3 toneladas. Cuenta con elevaci\u00f3n r\u00e1pida y bomba doble. Ideal para cambiar ruedas, realizar mantenci\u00f3n y reparaciones a tu veh\u00edculo, permiti\u00e9ndote mantenerlo levantado por el tiempo que sea necesario de forma \u00e1gil y segura.  ESPECIFICACIONES: - Calidad: Profesional - Capacidad de carga: - Altura m\u00ednima: 85mm. - Altura m\u00e1xima: 515mm. - Rango: 430mm. - Peso: 32kg.\" \/>\n<meta name=\"robots\" content=\"index, follow, max-snippet:-1, max-image-preview:large, max-video-preview:-1\" \/>\n<link rel=\"canonical\" href=\"https:\/\/corralonsanchezbelen.com\/index.php\/producto\/crique-carrito-gato-extra-chato-2-pistones-3tn-total\/\" \/>\n<meta property=\"og:locale\" content=\"es_ES\" \/>\n<meta property=\"og:type\" content=\"article\" \/>\n<meta property=\"og:title\" content=\"Crique Carrito Gato Extra Chato 2 Pistones 3tn Total - Corralon Sanchez\" \/>\n<meta property=\"og:description\" content=\"Gato Hidr\u00e1ulico Tipo Caim\u00e1n Industrial 3 Toneladas Total SKU: THT10834  Un gato tipo caim\u00e1n hidr\u00e1ulica con capacidad de 3 toneladas. Cuenta con elevaci\u00f3n r\u00e1pida y bomba doble. Ideal para cambiar ruedas, realizar mantenci\u00f3n y reparaciones a tu veh\u00edculo, permiti\u00e9ndote mantenerlo levantado por el tiempo que sea necesario de forma \u00e1gil y segura.  ESPECIFICACIONES: - Calidad: Profesional - Capacidad de carga: - Altura m\u00ednima: 85mm. - Altura m\u00e1xima: 515mm. - Rango: 430mm. - Peso: 32kg.\" \/>\n<meta property=\"og:url\" content=\"https:\/\/corralonsanchezbelen.com\/index.php\/producto\/crique-carrito-gato-extra-chato-2-pistones-3tn-total\/\" \/>\n<meta property=\"og:site_name\" content=\"Corralon Sanchez\" \/>\n<meta property=\"article:publisher\" content=\"https:\/\/www.facebook.com\/corralon.sanchez.belen\" \/>\n<meta property=\"og:image\" content=\"https:\/\/corralonsanchezbelen.com\/wp-content\/uploads\/2024\/08\/12.png\" \/>\n\t<meta property=\"og:image:width\" content=\"500\" \/>\n\t<meta property=\"og:image:height\" content=\"500\" \/>\n\t<meta property=\"og:image:type\" content=\"image\/png\" \/>\n<meta name=\"twitter:card\" content=\"summary_large_image\" \/>\n<meta name=\"twitter:label1\" content=\"Tiempo de lectura\" \/>\n\t<meta name=\"twitter:data1\" content=\"1 minuto\" \/>\n<script type=\"application\/ld+json\" class=\"yoast-schema-graph\">{\"@context\":\"https:\/\/schema.org\",\"@graph\":[{\"@type\":\"WebPage\",\"@id\":\"https:\/\/corralonsanchezbelen.com\/index.php\/producto\/crique-carrito-gato-extra-chato-2-pistones-3tn-total\/\",\"url\":\"https:\/\/corralonsanchezbelen.com\/index.php\/producto\/crique-carrito-gato-extra-chato-2-pistones-3tn-total\/\",\"name\":\"Crique Carrito Gato Extra Chato 2 Pistones 3tn Total - Corralon Sanchez\",\"isPartOf\":{\"@id\":\"https:\/\/corralonsanchezbelen.com\/#website\"},\"primaryImageOfPage\":{\"@id\":\"https:\/\/corralonsanchezbelen.com\/index.php\/producto\/crique-carrito-gato-extra-chato-2-pistones-3tn-total\/#primaryimage\"},\"image\":{\"@id\":\"https:\/\/corralonsanchezbelen.com\/index.php\/producto\/crique-carrito-gato-extra-chato-2-pistones-3tn-total\/#primaryimage\"},\"thumbnailUrl\":\"https:\/\/corralonsanchezbelen.com\/wp-content\/uploads\/2024\/08\/12.png\",\"datePublished\":\"2024-08-09T05:16:17+00:00\",\"description\":\"Gato Hidr\u00e1ulico Tipo Caim\u00e1n Industrial 3 Toneladas Total SKU: THT10834 Un gato tipo caim\u00e1n hidr\u00e1ulica con capacidad de 3 toneladas. Cuenta con elevaci\u00f3n r\u00e1pida y bomba doble. Ideal para cambiar ruedas, realizar mantenci\u00f3n y reparaciones a tu veh\u00edculo, permiti\u00e9ndote mantenerlo levantado por el tiempo que sea necesario de forma \u00e1gil y segura. ESPECIFICACIONES: - Calidad: Profesional - Capacidad de carga: - Altura m\u00ednima: 85mm. - Altura m\u00e1xima: 515mm. - Rango: 430mm. - Peso: 32kg.\",\"breadcrumb\":{\"@id\":\"https:\/\/corralonsanchezbelen.com\/index.php\/producto\/crique-carrito-gato-extra-chato-2-pistones-3tn-total\/#breadcrumb\"},\"inLanguage\":\"es\",\"potentialAction\":[{\"@type\":\"ReadAction\",\"target\":[\"https:\/\/corralonsanchezbelen.com\/index.php\/producto\/crique-carrito-gato-extra-chato-2-pistones-3tn-total\/\"]}]},{\"@type\":\"ImageObject\",\"inLanguage\":\"es\",\"@id\":\"https:\/\/corralonsanchezbelen.com\/index.php\/producto\/crique-carrito-gato-extra-chato-2-pistones-3tn-total\/#primaryimage\",\"url\":\"https:\/\/corralonsanchezbelen.com\/wp-content\/uploads\/2024\/08\/12.png\",\"contentUrl\":\"https:\/\/corralonsanchezbelen.com\/wp-content\/uploads\/2024\/08\/12.png\",\"width\":500,\"height\":500},{\"@type\":\"BreadcrumbList\",\"@id\":\"https:\/\/corralonsanchezbelen.com\/index.php\/producto\/crique-carrito-gato-extra-chato-2-pistones-3tn-total\/#breadcrumb\",\"itemListElement\":[{\"@type\":\"ListItem\",\"position\":1,\"name\":\"Portada\",\"item\":\"https:\/\/corralonsanchezbelen.com\/\"},{\"@type\":\"ListItem\",\"position\":2,\"name\":\"Tienda\",\"item\":\"https:\/\/corralonsanchezbelen.com\/index.php\/tienda-2\/\"},{\"@type\":\"ListItem\",\"position\":3,\"name\":\"Crique Carrito Gato Extra Chato 2 Pistones 3tn Total\"}]},{\"@type\":\"WebSite\",\"@id\":\"https:\/\/corralonsanchezbelen.com\/#website\",\"url\":\"https:\/\/corralonsanchezbelen.com\/\",\"name\":\"Corralon Sanchez\",\"description\":\"El maestro de la construcci\u00f3n.\",\"publisher\":{\"@id\":\"https:\/\/corralonsanchezbelen.com\/#organization\"},\"potentialAction\":[{\"@type\":\"SearchAction\",\"target\":{\"@type\":\"EntryPoint\",\"urlTemplate\":\"https:\/\/corralonsanchezbelen.com\/?s={search_term_string}\"},\"query-input\":{\"@type\":\"PropertyValueSpecification\",\"valueRequired\":true,\"valueName\":\"search_term_string\"}}],\"inLanguage\":\"es\"},{\"@type\":\"Organization\",\"@id\":\"https:\/\/corralonsanchezbelen.com\/#organization\",\"name\":\"Corralon Sanchez\",\"url\":\"https:\/\/corralonsanchezbelen.com\/\",\"logo\":{\"@type\":\"ImageObject\",\"inLanguage\":\"es\",\"@id\":\"https:\/\/corralonsanchezbelen.com\/#\/schema\/logo\/image\/\",\"url\":\"https:\/\/corralonsanchezbelen.com\/wp-content\/uploads\/2024\/06\/Diseno-sin-tituloq.png\",\"contentUrl\":\"https:\/\/corralonsanchezbelen.com\/wp-content\/uploads\/2024\/06\/Diseno-sin-tituloq.png\",\"width\":1080,\"height\":1080,\"caption\":\"Corralon Sanchez\"},\"image\":{\"@id\":\"https:\/\/corralonsanchezbelen.com\/#\/schema\/logo\/image\/\"},\"sameAs\":[\"https:\/\/www.facebook.com\/corralon.sanchez.belen\",\"https:\/\/www.instagram.com\/corralon.sanchez\/\"]}]}<\/script>\n<!-- \/ Yoast SEO plugin. -->","yoast_head_json":{"title":"Crique Carrito Gato Extra Chato 2 Pistones 3tn Total - Corralon Sanchez","description":"Gato Hidr\u00e1ulico Tipo Caim\u00e1n Industrial 3 Toneladas Total SKU: THT10834  Un gato tipo caim\u00e1n hidr\u00e1ulica con capacidad de 3 toneladas. Cuenta con elevaci\u00f3n r\u00e1pida y bomba doble. Ideal para cambiar ruedas, realizar mantenci\u00f3n y reparaciones a tu veh\u00edculo, permiti\u00e9ndote mantenerlo levantado por el tiempo que sea necesario de forma \u00e1gil y segura.  ESPECIFICACIONES: - Calidad: Profesional - Capacidad de carga: - Altura m\u00ednima: 85mm. - Altura m\u00e1xima: 515mm. - Rango: 430mm. - Peso: 32kg.","robots":{"index":"index","follow":"follow","max-snippet":"max-snippet:-1","max-image-preview":"max-image-preview:large","max-video-preview":"max-video-preview:-1"},"canonical":"https:\/\/corralonsanchezbelen.com\/index.php\/producto\/crique-carrito-gato-extra-chato-2-pistones-3tn-total\/","og_locale":"es_ES","og_type":"article","og_title":"Crique Carrito Gato Extra Chato 2 Pistones 3tn Total - Corralon Sanchez","og_description":"Gato Hidr\u00e1ulico Tipo Caim\u00e1n Industrial 3 Toneladas Total SKU: THT10834  Un gato tipo caim\u00e1n hidr\u00e1ulica con capacidad de 3 toneladas. Cuenta con elevaci\u00f3n r\u00e1pida y bomba doble. Ideal para cambiar ruedas, realizar mantenci\u00f3n y reparaciones a tu veh\u00edculo, permiti\u00e9ndote mantenerlo levantado por el tiempo que sea necesario de forma \u00e1gil y segura.  ESPECIFICACIONES: - Calidad: Profesional - Capacidad de carga: - Altura m\u00ednima: 85mm. - Altura m\u00e1xima: 515mm. - Rango: 430mm. - Peso: 32kg.","og_url":"https:\/\/corralonsanchezbelen.com\/index.php\/producto\/crique-carrito-gato-extra-chato-2-pistones-3tn-total\/","og_site_name":"Corralon Sanchez","article_publisher":"https:\/\/www.facebook.com\/corralon.sanchez.belen","og_image":[{"width":500,"height":500,"url":"https:\/\/corralonsanchezbelen.com\/wp-content\/uploads\/2024\/08\/12.png","type":"image\/png"}],"twitter_card":"summary_large_image","twitter_misc":{"Tiempo de lectura":"1 minuto"},"schema":{"@context":"https:\/\/schema.org","@graph":[{"@type":"WebPage","@id":"https:\/\/corralonsanchezbelen.com\/index.php\/producto\/crique-carrito-gato-extra-chato-2-pistones-3tn-total\/","url":"https:\/\/corralonsanchezbelen.com\/index.php\/producto\/crique-carrito-gato-extra-chato-2-pistones-3tn-total\/","name":"Crique Carrito Gato Extra Chato 2 Pistones 3tn Total - Corralon Sanchez","isPartOf":{"@id":"https:\/\/corralonsanchezbelen.com\/#website"},"primaryImageOfPage":{"@id":"https:\/\/corralonsanchezbelen.com\/index.php\/producto\/crique-carrito-gato-extra-chato-2-pistones-3tn-total\/#primaryimage"},"image":{"@id":"https:\/\/corralonsanchezbelen.com\/index.php\/producto\/crique-carrito-gato-extra-chato-2-pistones-3tn-total\/#primaryimage"},"thumbnailUrl":"https:\/\/corralonsanchezbelen.com\/wp-content\/uploads\/2024\/08\/12.png","datePublished":"2024-08-09T05:16:17+00:00","description":"Gato Hidr\u00e1ulico Tipo Caim\u00e1n Industrial 3 Toneladas Total SKU: THT10834 Un gato tipo caim\u00e1n hidr\u00e1ulica con capacidad de 3 toneladas. Cuenta con elevaci\u00f3n r\u00e1pida y bomba doble. Ideal para cambiar ruedas, realizar mantenci\u00f3n y reparaciones a tu veh\u00edculo, permiti\u00e9ndote mantenerlo levantado por el tiempo que sea necesario de forma \u00e1gil y segura. ESPECIFICACIONES: - Calidad: Profesional - Capacidad de carga: - Altura m\u00ednima: 85mm. - Altura m\u00e1xima: 515mm. - Rango: 430mm. - Peso: 32kg.","breadcrumb":{"@id":"https:\/\/corralonsanchezbelen.com\/index.php\/producto\/crique-carrito-gato-extra-chato-2-pistones-3tn-total\/#breadcrumb"},"inLanguage":"es","potentialAction":[{"@type":"ReadAction","target":["https:\/\/corralonsanchezbelen.com\/index.php\/producto\/crique-carrito-gato-extra-chato-2-pistones-3tn-total\/"]}]},{"@type":"ImageObject","inLanguage":"es","@id":"https:\/\/corralonsanchezbelen.com\/index.php\/producto\/crique-carrito-gato-extra-chato-2-pistones-3tn-total\/#primaryimage","url":"https:\/\/corralonsanchezbelen.com\/wp-content\/uploads\/2024\/08\/12.png","contentUrl":"https:\/\/corralonsanchezbelen.com\/wp-content\/uploads\/2024\/08\/12.png","width":500,"height":500},{"@type":"BreadcrumbList","@id":"https:\/\/corralonsanchezbelen.com\/index.php\/producto\/crique-carrito-gato-extra-chato-2-pistones-3tn-total\/#breadcrumb","itemListElement":[{"@type":"ListItem","position":1,"name":"Portada","item":"https:\/\/corralonsanchezbelen.com\/"},{"@type":"ListItem","position":2,"name":"Tienda","item":"https:\/\/corralonsanchezbelen.com\/index.php\/tienda-2\/"},{"@type":"ListItem","position":3,"name":"Crique Carrito Gato Extra Chato 2 Pistones 3tn Total"}]},{"@type":"WebSite","@id":"https:\/\/corralonsanchezbelen.com\/#website","url":"https:\/\/corralonsanchezbelen.com\/","name":"Corralon Sanchez","description":"El maestro de la construcci\u00f3n.","publisher":{"@id":"https:\/\/corralonsanchezbelen.com\/#organization"},"potentialAction":[{"@type":"SearchAction","target":{"@type":"EntryPoint","urlTemplate":"https:\/\/corralonsanchezbelen.com\/?s={search_term_string}"},"query-input":{"@type":"PropertyValueSpecification","valueRequired":true,"valueName":"search_term_string"}}],"inLanguage":"es"},{"@type":"Organization","@id":"https:\/\/corralonsanchezbelen.com\/#organization","name":"Corralon Sanchez","url":"https:\/\/corralonsanchezbelen.com\/","logo":{"@type":"ImageObject","inLanguage":"es","@id":"https:\/\/corralonsanchezbelen.com\/#\/schema\/logo\/image\/","url":"https:\/\/corralonsanchezbelen.com\/wp-content\/uploads\/2024\/06\/Diseno-sin-tituloq.png","contentUrl":"https:\/\/corralonsanchezbelen.com\/wp-content\/uploads\/2024\/06\/Diseno-sin-tituloq.png","width":1080,"height":1080,"caption":"Corralon Sanchez"},"image":{"@id":"https:\/\/corralonsanchezbelen.com\/#\/schema\/logo\/image\/"},"sameAs":["https:\/\/www.facebook.com\/corralon.sanchez.belen","https:\/\/www.instagram.com\/corralon.sanchez\/"]}]}},"_links":{"self":[{"href":"https:\/\/corralonsanchezbelen.com\/index.php\/wp-json\/wp\/v2\/product\/3418","targetHints":{"allow":["GET"]}}],"collection":[{"href":"https:\/\/corralonsanchezbelen.com\/index.php\/wp-json\/wp\/v2\/product"}],"about":[{"href":"https:\/\/corralonsanchezbelen.com\/index.php\/wp-json\/wp\/v2\/types\/product"}],"replies":[{"embeddable":true,"href":"https:\/\/corralonsanchezbelen.com\/index.php\/wp-json\/wp\/v2\/comments?post=3418"}],"wp:featuredmedia":[{"embeddable":true,"href":"https:\/\/corralonsanchezbelen.com\/index.php\/wp-json\/wp\/v2\/media\/3420"}],"wp:attachment":[{"href":"https:\/\/corralonsanchezbelen.com\/index.php\/wp-json\/wp\/v2\/media?parent=3418"}],"wp:term":[{"taxonomy":"product_brand","embeddable":true,"href":"https:\/\/corralonsanchezbelen.com\/index.php\/wp-json\/wp\/v2\/product_brand?post=3418"},{"taxonomy":"product_cat","embeddable":true,"href":"https:\/\/corralonsanchezbelen.com\/index.php\/wp-json\/wp\/v2\/product_cat?post=3418"},{"taxonomy":"product_tag","embeddable":true,"href":"https:\/\/corralonsanchezbelen.com\/index.php\/wp-json\/wp\/v2\/product_tag?post=3418"}],"curies":[{"name":"wp","href":"https:\/\/api.w.org\/{rel}","templated":true}]}}