{"id":3380,"date":"2024-08-09T01:21:09","date_gmt":"2024-08-09T04:21:09","guid":{"rendered":"https:\/\/corralonsanchezbelen.com\/?post_type=product&#038;p=3380"},"modified":"2024-08-09T01:21:09","modified_gmt":"2024-08-09T04:21:09","slug":"taladro-percutor-total-tg111136-1010w-13mm-220v-velocidad-variable-reversible-industrial-turquesa","status":"publish","type":"product","link":"https:\/\/corralonsanchezbelen.com\/index.php\/producto\/taladro-percutor-total-tg111136-1010w-13mm-220v-velocidad-variable-reversible-industrial-turquesa\/","title":{"rendered":"Taladro Percutor Total TG111136 1010w 13mm 220v Velocidad Variable Reversible Industrial Turquesa"},"content":{"rendered":"<div class=\"ui-pdp-container__row ui-pdp-container__row--highlighted-features-title\">\n<h2 class=\"ui-vpp-text-alignment--left ui-pdp-color--BLACK ui-pdp-size--XSMALL ui-pdp-family--SEMIBOLD highlighted-features-title\">Lo que ten\u00e9s que saber de este producto<\/h2>\n<\/div>\n<div class=\"ui-pdp-container__row ui-pdp-container__row--highlighted-features\">\n<div class=\"ui-vpp-highlighted-specs__features\">\n<ul class=\"ui-vpp-highlighted-specs__features-list\">\n<li class=\"ui-vpp-highlighted-specs__features-list-item ui-pdp-color--BLACK ui-pdp-size--XSMALL ui-pdp-family--REGULAR\">Voltaje: 220V &#8211; 240V<\/li>\n<li class=\"ui-vpp-highlighted-specs__features-list-item ui-pdp-color--BLACK ui-pdp-size--XSMALL ui-pdp-family--REGULAR\">Su frecuencia es de 50Hz\/60Hz.<\/li>\n<li class=\"ui-vpp-highlighted-specs__features-list-item ui-pdp-color--BLACK ui-pdp-size--XSMALL ui-pdp-family--REGULAR\">Velocidad m\u00e1xima de rotaci\u00f3n: 2800rpm.<\/li>\n<li class=\"ui-vpp-highlighted-specs__features-list-item ui-pdp-color--BLACK ui-pdp-size--XSMALL ui-pdp-family--REGULAR\">Incluye: Carbones<\/li>\n<\/ul>\n<\/div>\n<\/div>\n","protected":false},"excerpt":{"rendered":"<h2 class=\"ui-pdp-description__title\">Descripci\u00f3n<\/h2>\n<p class=\"ui-pdp-description__content\">Con el taladro el\u00e9ctrico Total TG111136 podr\u00e1s realizar m\u00faltiples tareas en diversas superficies de un modo pr\u00e1ctico y sencillo. Su potencia de 1010 W te ofrecer\u00e1 gran capacidad de perforaci\u00f3n.<\/p>\n","protected":false},"featured_media":3381,"comment_status":"open","ping_status":"closed","template":"","meta":[],"product_brand":[],"product_cat":[126,131,124],"product_tag":[125],"class_list":{"0":"post-3380","1":"product","2":"type-product","3":"status-publish","4":"has-post-thumbnail","6":"product_cat-herramientas-electricas","7":"product_cat-taladro","8":"product_cat-total","9":"product_tag-total","11":"first","12":"instock","13":"taxable","14":"shipping-taxable","15":"product-type-simple"},"yoast_head":"<!-- This site is optimized with the Yoast SEO plugin v24.7 - https:\/\/yoast.com\/wordpress\/plugins\/seo\/ -->\n<title>Taladro Percutor Total TG111136 1010w 13mm 220v Velocidad Variable Reversible Industrial Turquesa - Corralon Sanchez<\/title>\n<meta name=\"description\" content=\"Descripci\u00f3n Con el taladro el\u00e9ctrico Total TG111136 podr\u00e1s realizar m\u00faltiples tareas en diversas superficies de un modo pr\u00e1ctico y sencillo. Su potencia de 1010 W te ofrecer\u00e1 gran capacidad de perforaci\u00f3n.\" \/>\n<meta name=\"robots\" content=\"index, follow, max-snippet:-1, max-image-preview:large, max-video-preview:-1\" \/>\n<link rel=\"canonical\" href=\"https:\/\/corralonsanchezbelen.com\/index.php\/producto\/taladro-percutor-total-tg111136-1010w-13mm-220v-velocidad-variable-reversible-industrial-turquesa\/\" \/>\n<meta property=\"og:locale\" content=\"es_ES\" \/>\n<meta property=\"og:type\" content=\"article\" \/>\n<meta property=\"og:title\" content=\"Taladro Percutor Total TG111136 1010w 13mm 220v Velocidad Variable Reversible Industrial Turquesa - Corralon Sanchez\" \/>\n<meta property=\"og:description\" content=\"Descripci\u00f3n Con el taladro el\u00e9ctrico Total TG111136 podr\u00e1s realizar m\u00faltiples tareas en diversas superficies de un modo pr\u00e1ctico y sencillo. Su potencia de 1010 W te ofrecer\u00e1 gran capacidad de perforaci\u00f3n.\" \/>\n<meta property=\"og:url\" content=\"https:\/\/corralonsanchezbelen.com\/index.php\/producto\/taladro-percutor-total-tg111136-1010w-13mm-220v-velocidad-variable-reversible-industrial-turquesa\/\" \/>\n<meta property=\"og:site_name\" content=\"Corralon Sanchez\" \/>\n<meta property=\"article:publisher\" content=\"https:\/\/www.facebook.com\/corralon.sanchez.belen\" \/>\n<meta property=\"og:image\" content=\"https:\/\/corralonsanchezbelen.com\/wp-content\/uploads\/2024\/08\/D_NQ_NP_610705-MLU72579820352_112023-O.webp\" \/>\n\t<meta property=\"og:image:width\" content=\"500\" \/>\n\t<meta property=\"og:image:height\" content=\"433\" \/>\n\t<meta property=\"og:image:type\" content=\"image\/webp\" \/>\n<meta name=\"twitter:card\" content=\"summary_large_image\" \/>\n<meta name=\"twitter:label1\" content=\"Tiempo de lectura\" \/>\n\t<meta name=\"twitter:data1\" content=\"1 minuto\" \/>\n<script type=\"application\/ld+json\" class=\"yoast-schema-graph\">{\"@context\":\"https:\/\/schema.org\",\"@graph\":[{\"@type\":\"WebPage\",\"@id\":\"https:\/\/corralonsanchezbelen.com\/index.php\/producto\/taladro-percutor-total-tg111136-1010w-13mm-220v-velocidad-variable-reversible-industrial-turquesa\/\",\"url\":\"https:\/\/corralonsanchezbelen.com\/index.php\/producto\/taladro-percutor-total-tg111136-1010w-13mm-220v-velocidad-variable-reversible-industrial-turquesa\/\",\"name\":\"Taladro Percutor Total TG111136 1010w 13mm 220v Velocidad Variable Reversible Industrial Turquesa - Corralon Sanchez\",\"isPartOf\":{\"@id\":\"https:\/\/corralonsanchezbelen.com\/#website\"},\"primaryImageOfPage\":{\"@id\":\"https:\/\/corralonsanchezbelen.com\/index.php\/producto\/taladro-percutor-total-tg111136-1010w-13mm-220v-velocidad-variable-reversible-industrial-turquesa\/#primaryimage\"},\"image\":{\"@id\":\"https:\/\/corralonsanchezbelen.com\/index.php\/producto\/taladro-percutor-total-tg111136-1010w-13mm-220v-velocidad-variable-reversible-industrial-turquesa\/#primaryimage\"},\"thumbnailUrl\":\"https:\/\/corralonsanchezbelen.com\/wp-content\/uploads\/2024\/08\/D_NQ_NP_610705-MLU72579820352_112023-O.webp\",\"datePublished\":\"2024-08-09T04:21:09+00:00\",\"description\":\"Descripci\u00f3n Con el taladro el\u00e9ctrico Total TG111136 podr\u00e1s realizar m\u00faltiples tareas en diversas superficies de un modo pr\u00e1ctico y sencillo. Su potencia de 1010 W te ofrecer\u00e1 gran capacidad de perforaci\u00f3n.\",\"breadcrumb\":{\"@id\":\"https:\/\/corralonsanchezbelen.com\/index.php\/producto\/taladro-percutor-total-tg111136-1010w-13mm-220v-velocidad-variable-reversible-industrial-turquesa\/#breadcrumb\"},\"inLanguage\":\"es\",\"potentialAction\":[{\"@type\":\"ReadAction\",\"target\":[\"https:\/\/corralonsanchezbelen.com\/index.php\/producto\/taladro-percutor-total-tg111136-1010w-13mm-220v-velocidad-variable-reversible-industrial-turquesa\/\"]}]},{\"@type\":\"ImageObject\",\"inLanguage\":\"es\",\"@id\":\"https:\/\/corralonsanchezbelen.com\/index.php\/producto\/taladro-percutor-total-tg111136-1010w-13mm-220v-velocidad-variable-reversible-industrial-turquesa\/#primaryimage\",\"url\":\"https:\/\/corralonsanchezbelen.com\/wp-content\/uploads\/2024\/08\/D_NQ_NP_610705-MLU72579820352_112023-O.webp\",\"contentUrl\":\"https:\/\/corralonsanchezbelen.com\/wp-content\/uploads\/2024\/08\/D_NQ_NP_610705-MLU72579820352_112023-O.webp\",\"width\":500,\"height\":433},{\"@type\":\"BreadcrumbList\",\"@id\":\"https:\/\/corralonsanchezbelen.com\/index.php\/producto\/taladro-percutor-total-tg111136-1010w-13mm-220v-velocidad-variable-reversible-industrial-turquesa\/#breadcrumb\",\"itemListElement\":[{\"@type\":\"ListItem\",\"position\":1,\"name\":\"Portada\",\"item\":\"https:\/\/corralonsanchezbelen.com\/\"},{\"@type\":\"ListItem\",\"position\":2,\"name\":\"Tienda\",\"item\":\"https:\/\/corralonsanchezbelen.com\/index.php\/tienda-2\/\"},{\"@type\":\"ListItem\",\"position\":3,\"name\":\"Taladro Percutor Total TG111136 1010w 13mm 220v Velocidad Variable Reversible Industrial Turquesa\"}]},{\"@type\":\"WebSite\",\"@id\":\"https:\/\/corralonsanchezbelen.com\/#website\",\"url\":\"https:\/\/corralonsanchezbelen.com\/\",\"name\":\"Corralon Sanchez\",\"description\":\"El maestro de la construcci\u00f3n.\",\"publisher\":{\"@id\":\"https:\/\/corralonsanchezbelen.com\/#organization\"},\"potentialAction\":[{\"@type\":\"SearchAction\",\"target\":{\"@type\":\"EntryPoint\",\"urlTemplate\":\"https:\/\/corralonsanchezbelen.com\/?s={search_term_string}\"},\"query-input\":{\"@type\":\"PropertyValueSpecification\",\"valueRequired\":true,\"valueName\":\"search_term_string\"}}],\"inLanguage\":\"es\"},{\"@type\":\"Organization\",\"@id\":\"https:\/\/corralonsanchezbelen.com\/#organization\",\"name\":\"Corralon Sanchez\",\"url\":\"https:\/\/corralonsanchezbelen.com\/\",\"logo\":{\"@type\":\"ImageObject\",\"inLanguage\":\"es\",\"@id\":\"https:\/\/corralonsanchezbelen.com\/#\/schema\/logo\/image\/\",\"url\":\"https:\/\/corralonsanchezbelen.com\/wp-content\/uploads\/2024\/06\/Diseno-sin-tituloq.png\",\"contentUrl\":\"https:\/\/corralonsanchezbelen.com\/wp-content\/uploads\/2024\/06\/Diseno-sin-tituloq.png\",\"width\":1080,\"height\":1080,\"caption\":\"Corralon Sanchez\"},\"image\":{\"@id\":\"https:\/\/corralonsanchezbelen.com\/#\/schema\/logo\/image\/\"},\"sameAs\":[\"https:\/\/www.facebook.com\/corralon.sanchez.belen\",\"https:\/\/www.instagram.com\/corralon.sanchez\/\"]}]}<\/script>\n<!-- \/ Yoast SEO plugin. -->","yoast_head_json":{"title":"Taladro Percutor Total TG111136 1010w 13mm 220v Velocidad Variable Reversible Industrial Turquesa - Corralon Sanchez","description":"Descripci\u00f3n Con el taladro el\u00e9ctrico Total TG111136 podr\u00e1s realizar m\u00faltiples tareas en diversas superficies de un modo pr\u00e1ctico y sencillo. Su potencia de 1010 W te ofrecer\u00e1 gran capacidad de perforaci\u00f3n.","robots":{"index":"index","follow":"follow","max-snippet":"max-snippet:-1","max-image-preview":"max-image-preview:large","max-video-preview":"max-video-preview:-1"},"canonical":"https:\/\/corralonsanchezbelen.com\/index.php\/producto\/taladro-percutor-total-tg111136-1010w-13mm-220v-velocidad-variable-reversible-industrial-turquesa\/","og_locale":"es_ES","og_type":"article","og_title":"Taladro Percutor Total TG111136 1010w 13mm 220v Velocidad Variable Reversible Industrial Turquesa - Corralon Sanchez","og_description":"Descripci\u00f3n Con el taladro el\u00e9ctrico Total TG111136 podr\u00e1s realizar m\u00faltiples tareas en diversas superficies de un modo pr\u00e1ctico y sencillo. Su potencia de 1010 W te ofrecer\u00e1 gran capacidad de perforaci\u00f3n.","og_url":"https:\/\/corralonsanchezbelen.com\/index.php\/producto\/taladro-percutor-total-tg111136-1010w-13mm-220v-velocidad-variable-reversible-industrial-turquesa\/","og_site_name":"Corralon Sanchez","article_publisher":"https:\/\/www.facebook.com\/corralon.sanchez.belen","og_image":[{"width":500,"height":433,"url":"https:\/\/corralonsanchezbelen.com\/wp-content\/uploads\/2024\/08\/D_NQ_NP_610705-MLU72579820352_112023-O.webp","type":"image\/webp"}],"twitter_card":"summary_large_image","twitter_misc":{"Tiempo de lectura":"1 minuto"},"schema":{"@context":"https:\/\/schema.org","@graph":[{"@type":"WebPage","@id":"https:\/\/corralonsanchezbelen.com\/index.php\/producto\/taladro-percutor-total-tg111136-1010w-13mm-220v-velocidad-variable-reversible-industrial-turquesa\/","url":"https:\/\/corralonsanchezbelen.com\/index.php\/producto\/taladro-percutor-total-tg111136-1010w-13mm-220v-velocidad-variable-reversible-industrial-turquesa\/","name":"Taladro Percutor Total TG111136 1010w 13mm 220v Velocidad Variable Reversible Industrial Turquesa - Corralon Sanchez","isPartOf":{"@id":"https:\/\/corralonsanchezbelen.com\/#website"},"primaryImageOfPage":{"@id":"https:\/\/corralonsanchezbelen.com\/index.php\/producto\/taladro-percutor-total-tg111136-1010w-13mm-220v-velocidad-variable-reversible-industrial-turquesa\/#primaryimage"},"image":{"@id":"https:\/\/corralonsanchezbelen.com\/index.php\/producto\/taladro-percutor-total-tg111136-1010w-13mm-220v-velocidad-variable-reversible-industrial-turquesa\/#primaryimage"},"thumbnailUrl":"https:\/\/corralonsanchezbelen.com\/wp-content\/uploads\/2024\/08\/D_NQ_NP_610705-MLU72579820352_112023-O.webp","datePublished":"2024-08-09T04:21:09+00:00","description":"Descripci\u00f3n Con el taladro el\u00e9ctrico Total TG111136 podr\u00e1s realizar m\u00faltiples tareas en diversas superficies de un modo pr\u00e1ctico y sencillo. Su potencia de 1010 W te ofrecer\u00e1 gran capacidad de perforaci\u00f3n.","breadcrumb":{"@id":"https:\/\/corralonsanchezbelen.com\/index.php\/producto\/taladro-percutor-total-tg111136-1010w-13mm-220v-velocidad-variable-reversible-industrial-turquesa\/#breadcrumb"},"inLanguage":"es","potentialAction":[{"@type":"ReadAction","target":["https:\/\/corralonsanchezbelen.com\/index.php\/producto\/taladro-percutor-total-tg111136-1010w-13mm-220v-velocidad-variable-reversible-industrial-turquesa\/"]}]},{"@type":"ImageObject","inLanguage":"es","@id":"https:\/\/corralonsanchezbelen.com\/index.php\/producto\/taladro-percutor-total-tg111136-1010w-13mm-220v-velocidad-variable-reversible-industrial-turquesa\/#primaryimage","url":"https:\/\/corralonsanchezbelen.com\/wp-content\/uploads\/2024\/08\/D_NQ_NP_610705-MLU72579820352_112023-O.webp","contentUrl":"https:\/\/corralonsanchezbelen.com\/wp-content\/uploads\/2024\/08\/D_NQ_NP_610705-MLU72579820352_112023-O.webp","width":500,"height":433},{"@type":"BreadcrumbList","@id":"https:\/\/corralonsanchezbelen.com\/index.php\/producto\/taladro-percutor-total-tg111136-1010w-13mm-220v-velocidad-variable-reversible-industrial-turquesa\/#breadcrumb","itemListElement":[{"@type":"ListItem","position":1,"name":"Portada","item":"https:\/\/corralonsanchezbelen.com\/"},{"@type":"ListItem","position":2,"name":"Tienda","item":"https:\/\/corralonsanchezbelen.com\/index.php\/tienda-2\/"},{"@type":"ListItem","position":3,"name":"Taladro Percutor Total TG111136 1010w 13mm 220v Velocidad Variable Reversible Industrial Turquesa"}]},{"@type":"WebSite","@id":"https:\/\/corralonsanchezbelen.com\/#website","url":"https:\/\/corralonsanchezbelen.com\/","name":"Corralon Sanchez","description":"El maestro de la construcci\u00f3n.","publisher":{"@id":"https:\/\/corralonsanchezbelen.com\/#organization"},"potentialAction":[{"@type":"SearchAction","target":{"@type":"EntryPoint","urlTemplate":"https:\/\/corralonsanchezbelen.com\/?s={search_term_string}"},"query-input":{"@type":"PropertyValueSpecification","valueRequired":true,"valueName":"search_term_string"}}],"inLanguage":"es"},{"@type":"Organization","@id":"https:\/\/corralonsanchezbelen.com\/#organization","name":"Corralon Sanchez","url":"https:\/\/corralonsanchezbelen.com\/","logo":{"@type":"ImageObject","inLanguage":"es","@id":"https:\/\/corralonsanchezbelen.com\/#\/schema\/logo\/image\/","url":"https:\/\/corralonsanchezbelen.com\/wp-content\/uploads\/2024\/06\/Diseno-sin-tituloq.png","contentUrl":"https:\/\/corralonsanchezbelen.com\/wp-content\/uploads\/2024\/06\/Diseno-sin-tituloq.png","width":1080,"height":1080,"caption":"Corralon Sanchez"},"image":{"@id":"https:\/\/corralonsanchezbelen.com\/#\/schema\/logo\/image\/"},"sameAs":["https:\/\/www.facebook.com\/corralon.sanchez.belen","https:\/\/www.instagram.com\/corralon.sanchez\/"]}]}},"_links":{"self":[{"href":"https:\/\/corralonsanchezbelen.com\/index.php\/wp-json\/wp\/v2\/product\/3380","targetHints":{"allow":["GET"]}}],"collection":[{"href":"https:\/\/corralonsanchezbelen.com\/index.php\/wp-json\/wp\/v2\/product"}],"about":[{"href":"https:\/\/corralonsanchezbelen.com\/index.php\/wp-json\/wp\/v2\/types\/product"}],"replies":[{"embeddable":true,"href":"https:\/\/corralonsanchezbelen.com\/index.php\/wp-json\/wp\/v2\/comments?post=3380"}],"wp:featuredmedia":[{"embeddable":true,"href":"https:\/\/corralonsanchezbelen.com\/index.php\/wp-json\/wp\/v2\/media\/3381"}],"wp:attachment":[{"href":"https:\/\/corralonsanchezbelen.com\/index.php\/wp-json\/wp\/v2\/media?parent=3380"}],"wp:term":[{"taxonomy":"product_brand","embeddable":true,"href":"https:\/\/corralonsanchezbelen.com\/index.php\/wp-json\/wp\/v2\/product_brand?post=3380"},{"taxonomy":"product_cat","embeddable":true,"href":"https:\/\/corralonsanchezbelen.com\/index.php\/wp-json\/wp\/v2\/product_cat?post=3380"},{"taxonomy":"product_tag","embeddable":true,"href":"https:\/\/corralonsanchezbelen.com\/index.php\/wp-json\/wp\/v2\/product_tag?post=3380"}],"curies":[{"name":"wp","href":"https:\/\/api.w.org\/{rel}","templated":true}]}}