{"id":3288,"date":"2024-08-05T04:08:35","date_gmt":"2024-08-05T07:08:35","guid":{"rendered":"https:\/\/corralonsanchezbelen.com\/?post_type=product&#038;p=3288"},"modified":"2024-08-05T04:08:35","modified_gmt":"2024-08-05T07:08:35","slug":"motosierra-ms-180-stihl","status":"publish","type":"product","link":"https:\/\/corralonsanchezbelen.com\/index.php\/producto\/motosierra-ms-180-stihl\/","title":{"rendered":"Motosierra MS 180 STIHL"},"content":{"rendered":"<h2 class=\"m_product-features__headline\" data-test-id=\"pdp-features-&amp;-benefits\">Equipo y funci\u00f3n<\/h2>\n<div class=\"m_product-features__subheadline richtexteditor\">\n<p>Las im\u00e1genes son un ejemplo. La apariencia y las caracter\u00edsticas del producto pueden variar respecto a las mostradas en las im\u00e1genes.<br \/>\nCOMPENSADOR:<br \/>\nMENOR MANTENIMIENTO. El sistema de regulaci\u00f3n en el carburador, conocido como compensador, se encarga de mantener pr\u00e1cticamente constante durante mucho tiempo la potencia del motor, la calidad de los gases de escape y el consumo de combustible, aunque el filtro de aire est\u00e9 cada vez m\u00e1s sucio. Por tanto, solo tienes que limpiar el filtro de aire cuando percibas una disminuci\u00f3n notable del rendimiento. De este modo, puedes trabajar sin mantenimiento durante mucho tiempo.<br \/>\nSISTEMA ANTIVIBRACION:<br \/>\nPARA TRABAJAR CON MAYOR COMODIDAD. Durante el desarrollo de la potencia de la m\u00e1quina se producen vibraciones que se notan sobre todo en la zona de la empu\u00f1adura. Los elementos amortiguadores y el\u00e1sticos del sistema antivibraci\u00f3n STIHL reducen la transmisi\u00f3n de las vibraciones del motor a la zona de agarre y, por tanto, a tu cuerpo. El efecto: la m\u00e1quina se mueve menos y puedes trabajar con menor fatiga.<\/p>\n<\/div>\n","protected":false},"excerpt":{"rendered":"<h2 class=\"product-details__title\">Motosierra compacta y ligera de 2.0 CV<\/h2>\n<div class=\"product-details__description richtexteditor\">Motosierra compacta y ligera. Muy adecuada para la poda de \u00e1rboles y el corte de le\u00f1a. Adecuada para talar \u00e1rboles de hasta 30 cm de di\u00e1metro aproximadamente.<\/div>\n","protected":false},"featured_media":3290,"comment_status":"open","ping_status":"closed","template":"","meta":[],"product_brand":[],"product_cat":[126,137],"product_tag":[138],"class_list":{"0":"post-3288","1":"product","2":"type-product","3":"status-publish","4":"has-post-thumbnail","6":"product_cat-herramientas-electricas","7":"product_cat-motosierra","8":"product_tag-stihl","10":"first","11":"instock","12":"taxable","13":"shipping-taxable","14":"product-type-simple"},"yoast_head":"<!-- This site is optimized with the Yoast SEO plugin v24.7 - https:\/\/yoast.com\/wordpress\/plugins\/seo\/ -->\n<title>Motosierra MS 180 STIHL - Corralon Sanchez<\/title>\n<meta name=\"description\" content=\"Motosierra compacta y ligera de 2.0 CV Motosierra compacta y ligera. Muy adecuada para la poda de \u00e1rboles y el corte de le\u00f1a. Adecuada para talar \u00e1rboles de hasta 30 cm de di\u00e1metro aproximadamente.\" \/>\n<meta name=\"robots\" content=\"index, follow, max-snippet:-1, max-image-preview:large, max-video-preview:-1\" \/>\n<link rel=\"canonical\" href=\"https:\/\/corralonsanchezbelen.com\/index.php\/producto\/motosierra-ms-180-stihl\/\" \/>\n<meta property=\"og:locale\" content=\"es_ES\" \/>\n<meta property=\"og:type\" content=\"article\" \/>\n<meta property=\"og:title\" content=\"Motosierra MS 180 STIHL - Corralon Sanchez\" \/>\n<meta property=\"og:description\" content=\"Motosierra compacta y ligera de 2.0 CV Motosierra compacta y ligera. Muy adecuada para la poda de \u00e1rboles y el corte de le\u00f1a. Adecuada para talar \u00e1rboles de hasta 30 cm de di\u00e1metro aproximadamente.\" \/>\n<meta property=\"og:url\" content=\"https:\/\/corralonsanchezbelen.com\/index.php\/producto\/motosierra-ms-180-stihl\/\" \/>\n<meta property=\"og:site_name\" content=\"Corralon Sanchez\" \/>\n<meta property=\"article:publisher\" content=\"https:\/\/www.facebook.com\/corralon.sanchez.belen\" \/>\n<meta property=\"og:image\" content=\"https:\/\/corralonsanchezbelen.com\/wp-content\/uploads\/2024\/08\/img-1-1.jpg\" \/>\n\t<meta property=\"og:image:width\" content=\"1065\" \/>\n\t<meta property=\"og:image:height\" content=\"525\" \/>\n\t<meta property=\"og:image:type\" content=\"image\/jpeg\" \/>\n<meta name=\"twitter:card\" content=\"summary_large_image\" \/>\n<meta name=\"twitter:label1\" content=\"Tiempo de lectura\" \/>\n\t<meta name=\"twitter:data1\" content=\"1 minuto\" \/>\n<script type=\"application\/ld+json\" class=\"yoast-schema-graph\">{\"@context\":\"https:\/\/schema.org\",\"@graph\":[{\"@type\":\"WebPage\",\"@id\":\"https:\/\/corralonsanchezbelen.com\/index.php\/producto\/motosierra-ms-180-stihl\/\",\"url\":\"https:\/\/corralonsanchezbelen.com\/index.php\/producto\/motosierra-ms-180-stihl\/\",\"name\":\"Motosierra MS 180 STIHL - Corralon Sanchez\",\"isPartOf\":{\"@id\":\"https:\/\/corralonsanchezbelen.com\/#website\"},\"primaryImageOfPage\":{\"@id\":\"https:\/\/corralonsanchezbelen.com\/index.php\/producto\/motosierra-ms-180-stihl\/#primaryimage\"},\"image\":{\"@id\":\"https:\/\/corralonsanchezbelen.com\/index.php\/producto\/motosierra-ms-180-stihl\/#primaryimage\"},\"thumbnailUrl\":\"https:\/\/corralonsanchezbelen.com\/wp-content\/uploads\/2024\/08\/img-1-1.jpg\",\"datePublished\":\"2024-08-05T07:08:35+00:00\",\"description\":\"Motosierra compacta y ligera de 2.0 CV Motosierra compacta y ligera. Muy adecuada para la poda de \u00e1rboles y el corte de le\u00f1a. Adecuada para talar \u00e1rboles de hasta 30 cm de di\u00e1metro aproximadamente.\",\"breadcrumb\":{\"@id\":\"https:\/\/corralonsanchezbelen.com\/index.php\/producto\/motosierra-ms-180-stihl\/#breadcrumb\"},\"inLanguage\":\"es\",\"potentialAction\":[{\"@type\":\"ReadAction\",\"target\":[\"https:\/\/corralonsanchezbelen.com\/index.php\/producto\/motosierra-ms-180-stihl\/\"]}]},{\"@type\":\"ImageObject\",\"inLanguage\":\"es\",\"@id\":\"https:\/\/corralonsanchezbelen.com\/index.php\/producto\/motosierra-ms-180-stihl\/#primaryimage\",\"url\":\"https:\/\/corralonsanchezbelen.com\/wp-content\/uploads\/2024\/08\/img-1-1.jpg\",\"contentUrl\":\"https:\/\/corralonsanchezbelen.com\/wp-content\/uploads\/2024\/08\/img-1-1.jpg\",\"width\":1065,\"height\":525},{\"@type\":\"BreadcrumbList\",\"@id\":\"https:\/\/corralonsanchezbelen.com\/index.php\/producto\/motosierra-ms-180-stihl\/#breadcrumb\",\"itemListElement\":[{\"@type\":\"ListItem\",\"position\":1,\"name\":\"Portada\",\"item\":\"https:\/\/corralonsanchezbelen.com\/\"},{\"@type\":\"ListItem\",\"position\":2,\"name\":\"Tienda\",\"item\":\"https:\/\/corralonsanchezbelen.com\/index.php\/tienda-2\/\"},{\"@type\":\"ListItem\",\"position\":3,\"name\":\"Motosierra MS 180 STIHL\"}]},{\"@type\":\"WebSite\",\"@id\":\"https:\/\/corralonsanchezbelen.com\/#website\",\"url\":\"https:\/\/corralonsanchezbelen.com\/\",\"name\":\"Corralon Sanchez\",\"description\":\"El maestro de la construcci\u00f3n.\",\"publisher\":{\"@id\":\"https:\/\/corralonsanchezbelen.com\/#organization\"},\"potentialAction\":[{\"@type\":\"SearchAction\",\"target\":{\"@type\":\"EntryPoint\",\"urlTemplate\":\"https:\/\/corralonsanchezbelen.com\/?s={search_term_string}\"},\"query-input\":{\"@type\":\"PropertyValueSpecification\",\"valueRequired\":true,\"valueName\":\"search_term_string\"}}],\"inLanguage\":\"es\"},{\"@type\":\"Organization\",\"@id\":\"https:\/\/corralonsanchezbelen.com\/#organization\",\"name\":\"Corralon Sanchez\",\"url\":\"https:\/\/corralonsanchezbelen.com\/\",\"logo\":{\"@type\":\"ImageObject\",\"inLanguage\":\"es\",\"@id\":\"https:\/\/corralonsanchezbelen.com\/#\/schema\/logo\/image\/\",\"url\":\"https:\/\/corralonsanchezbelen.com\/wp-content\/uploads\/2024\/06\/Diseno-sin-tituloq.png\",\"contentUrl\":\"https:\/\/corralonsanchezbelen.com\/wp-content\/uploads\/2024\/06\/Diseno-sin-tituloq.png\",\"width\":1080,\"height\":1080,\"caption\":\"Corralon Sanchez\"},\"image\":{\"@id\":\"https:\/\/corralonsanchezbelen.com\/#\/schema\/logo\/image\/\"},\"sameAs\":[\"https:\/\/www.facebook.com\/corralon.sanchez.belen\",\"https:\/\/www.instagram.com\/corralon.sanchez\/\"]}]}<\/script>\n<!-- \/ Yoast SEO plugin. -->","yoast_head_json":{"title":"Motosierra MS 180 STIHL - Corralon Sanchez","description":"Motosierra compacta y ligera de 2.0 CV Motosierra compacta y ligera. Muy adecuada para la poda de \u00e1rboles y el corte de le\u00f1a. Adecuada para talar \u00e1rboles de hasta 30 cm de di\u00e1metro aproximadamente.","robots":{"index":"index","follow":"follow","max-snippet":"max-snippet:-1","max-image-preview":"max-image-preview:large","max-video-preview":"max-video-preview:-1"},"canonical":"https:\/\/corralonsanchezbelen.com\/index.php\/producto\/motosierra-ms-180-stihl\/","og_locale":"es_ES","og_type":"article","og_title":"Motosierra MS 180 STIHL - Corralon Sanchez","og_description":"Motosierra compacta y ligera de 2.0 CV Motosierra compacta y ligera. Muy adecuada para la poda de \u00e1rboles y el corte de le\u00f1a. Adecuada para talar \u00e1rboles de hasta 30 cm de di\u00e1metro aproximadamente.","og_url":"https:\/\/corralonsanchezbelen.com\/index.php\/producto\/motosierra-ms-180-stihl\/","og_site_name":"Corralon Sanchez","article_publisher":"https:\/\/www.facebook.com\/corralon.sanchez.belen","og_image":[{"width":1065,"height":525,"url":"https:\/\/corralonsanchezbelen.com\/wp-content\/uploads\/2024\/08\/img-1-1.jpg","type":"image\/jpeg"}],"twitter_card":"summary_large_image","twitter_misc":{"Tiempo de lectura":"1 minuto"},"schema":{"@context":"https:\/\/schema.org","@graph":[{"@type":"WebPage","@id":"https:\/\/corralonsanchezbelen.com\/index.php\/producto\/motosierra-ms-180-stihl\/","url":"https:\/\/corralonsanchezbelen.com\/index.php\/producto\/motosierra-ms-180-stihl\/","name":"Motosierra MS 180 STIHL - Corralon Sanchez","isPartOf":{"@id":"https:\/\/corralonsanchezbelen.com\/#website"},"primaryImageOfPage":{"@id":"https:\/\/corralonsanchezbelen.com\/index.php\/producto\/motosierra-ms-180-stihl\/#primaryimage"},"image":{"@id":"https:\/\/corralonsanchezbelen.com\/index.php\/producto\/motosierra-ms-180-stihl\/#primaryimage"},"thumbnailUrl":"https:\/\/corralonsanchezbelen.com\/wp-content\/uploads\/2024\/08\/img-1-1.jpg","datePublished":"2024-08-05T07:08:35+00:00","description":"Motosierra compacta y ligera de 2.0 CV Motosierra compacta y ligera. Muy adecuada para la poda de \u00e1rboles y el corte de le\u00f1a. Adecuada para talar \u00e1rboles de hasta 30 cm de di\u00e1metro aproximadamente.","breadcrumb":{"@id":"https:\/\/corralonsanchezbelen.com\/index.php\/producto\/motosierra-ms-180-stihl\/#breadcrumb"},"inLanguage":"es","potentialAction":[{"@type":"ReadAction","target":["https:\/\/corralonsanchezbelen.com\/index.php\/producto\/motosierra-ms-180-stihl\/"]}]},{"@type":"ImageObject","inLanguage":"es","@id":"https:\/\/corralonsanchezbelen.com\/index.php\/producto\/motosierra-ms-180-stihl\/#primaryimage","url":"https:\/\/corralonsanchezbelen.com\/wp-content\/uploads\/2024\/08\/img-1-1.jpg","contentUrl":"https:\/\/corralonsanchezbelen.com\/wp-content\/uploads\/2024\/08\/img-1-1.jpg","width":1065,"height":525},{"@type":"BreadcrumbList","@id":"https:\/\/corralonsanchezbelen.com\/index.php\/producto\/motosierra-ms-180-stihl\/#breadcrumb","itemListElement":[{"@type":"ListItem","position":1,"name":"Portada","item":"https:\/\/corralonsanchezbelen.com\/"},{"@type":"ListItem","position":2,"name":"Tienda","item":"https:\/\/corralonsanchezbelen.com\/index.php\/tienda-2\/"},{"@type":"ListItem","position":3,"name":"Motosierra MS 180 STIHL"}]},{"@type":"WebSite","@id":"https:\/\/corralonsanchezbelen.com\/#website","url":"https:\/\/corralonsanchezbelen.com\/","name":"Corralon Sanchez","description":"El maestro de la construcci\u00f3n.","publisher":{"@id":"https:\/\/corralonsanchezbelen.com\/#organization"},"potentialAction":[{"@type":"SearchAction","target":{"@type":"EntryPoint","urlTemplate":"https:\/\/corralonsanchezbelen.com\/?s={search_term_string}"},"query-input":{"@type":"PropertyValueSpecification","valueRequired":true,"valueName":"search_term_string"}}],"inLanguage":"es"},{"@type":"Organization","@id":"https:\/\/corralonsanchezbelen.com\/#organization","name":"Corralon Sanchez","url":"https:\/\/corralonsanchezbelen.com\/","logo":{"@type":"ImageObject","inLanguage":"es","@id":"https:\/\/corralonsanchezbelen.com\/#\/schema\/logo\/image\/","url":"https:\/\/corralonsanchezbelen.com\/wp-content\/uploads\/2024\/06\/Diseno-sin-tituloq.png","contentUrl":"https:\/\/corralonsanchezbelen.com\/wp-content\/uploads\/2024\/06\/Diseno-sin-tituloq.png","width":1080,"height":1080,"caption":"Corralon Sanchez"},"image":{"@id":"https:\/\/corralonsanchezbelen.com\/#\/schema\/logo\/image\/"},"sameAs":["https:\/\/www.facebook.com\/corralon.sanchez.belen","https:\/\/www.instagram.com\/corralon.sanchez\/"]}]}},"_links":{"self":[{"href":"https:\/\/corralonsanchezbelen.com\/index.php\/wp-json\/wp\/v2\/product\/3288","targetHints":{"allow":["GET"]}}],"collection":[{"href":"https:\/\/corralonsanchezbelen.com\/index.php\/wp-json\/wp\/v2\/product"}],"about":[{"href":"https:\/\/corralonsanchezbelen.com\/index.php\/wp-json\/wp\/v2\/types\/product"}],"replies":[{"embeddable":true,"href":"https:\/\/corralonsanchezbelen.com\/index.php\/wp-json\/wp\/v2\/comments?post=3288"}],"wp:featuredmedia":[{"embeddable":true,"href":"https:\/\/corralonsanchezbelen.com\/index.php\/wp-json\/wp\/v2\/media\/3290"}],"wp:attachment":[{"href":"https:\/\/corralonsanchezbelen.com\/index.php\/wp-json\/wp\/v2\/media?parent=3288"}],"wp:term":[{"taxonomy":"product_brand","embeddable":true,"href":"https:\/\/corralonsanchezbelen.com\/index.php\/wp-json\/wp\/v2\/product_brand?post=3288"},{"taxonomy":"product_cat","embeddable":true,"href":"https:\/\/corralonsanchezbelen.com\/index.php\/wp-json\/wp\/v2\/product_cat?post=3288"},{"taxonomy":"product_tag","embeddable":true,"href":"https:\/\/corralonsanchezbelen.com\/index.php\/wp-json\/wp\/v2\/product_tag?post=3288"}],"curies":[{"name":"wp","href":"https:\/\/api.w.org\/{rel}","templated":true}]}}

<h2 class="m_product-features__headline" data-test-id="pdp-features-&amp;-benefits">Equipo y función</h2>
<div class="m_product-features__subheadline richtexteditor">
<p>Las imágenes son un ejemplo. La apariencia y las características del producto pueden variar respecto a las mostradas en las imágenes.<br />
COMPENSADOR:<br />
MENOR MANTENIMIENTO. El sistema de regulación en el carburador, conocido como compensador, se encarga de mantener prácticamente constante durante mucho tiempo la potencia del motor, la calidad de los gases de escape y el consumo de combustible, aunque el filtro de aire esté cada vez más sucio. Por tanto, solo tienes que limpiar el filtro de aire cuando percibas una disminución notable del rendimiento. De este modo, puedes trabajar sin mantenimiento durante mucho tiempo.<br />
SISTEMA ANTIVIBRACION:<br />
PARA TRABAJAR CON MAYOR COMODIDAD. Durante el desarrollo de la potencia de la máquina se producen vibraciones que se notan sobre todo en la zona de la empuñadura. Los elementos amortiguadores y elásticos del sistema antivibración STIHL reducen la transmisión de las vibraciones del motor a la zona de agarre y, por tanto, a tu cuerpo. El efecto: la máquina se mueve menos y puedes trabajar con menor fatiga.</p>
</div>

<h2 class="product-details__title">Motosierra compacta y ligera de 2.0 CV</h2>
<div class="product-details__description richtexteditor">Motosierra compacta y ligera. Muy adecuada para la poda de árboles y el corte de leña. Adecuada para talar árboles de hasta 30 cm de diámetro aproximadamente.</div>

<!-- This site is optimized with the Yoast SEO plugin v24.7 - https://yoast.com/wordpress/plugins/seo/ -->
<title>Motosierra MS 180 STIHL - Corralon Sanchez</title>
<meta name="description" content="Motosierra compacta y ligera de 2.0 CV Motosierra compacta y ligera. Muy adecuada para la poda de árboles y el corte de leña. Adecuada para talar árboles de hasta 30 cm de diámetro aproximadamente." />
<meta name="robots" content="index, follow, max-snippet:-1, max-image-preview:large, max-video-preview:-1" />
<link rel="canonical" href="https://corralonsanchezbelen.com/index.php/producto/motosierra-ms-180-stihl/" />
<meta property="og:locale" content="es_ES" />
<meta property="og:type" content="article" />
<meta property="og:title" content="Motosierra MS 180 STIHL - Corralon Sanchez" />
<meta property="og:description" content="Motosierra compacta y ligera de 2.0 CV Motosierra compacta y ligera. Muy adecuada para la poda de árboles y el corte de leña. Adecuada para talar árboles de hasta 30 cm de diámetro aproximadamente." />
<meta property="og:url" content="https://corralonsanchezbelen.com/index.php/producto/motosierra-ms-180-stihl/" />
<meta property="og:site_name" content="Corralon Sanchez" />
<meta property="article:publisher" content="https://www.facebook.com/corralon.sanchez.belen" />
<meta property="og:image" content="https://corralonsanchezbelen.com/wp-content/uploads/2024/08/img-1-1.jpg" />
	<meta property="og:image:width" content="1065" />
	<meta property="og:image:height" content="525" />
	<meta property="og:image:type" content="image/jpeg" />
<meta name="twitter:card" content="summary_large_image" />
<meta name="twitter:label1" content="Tiempo de lectura" />
	<meta name="twitter:data1" content="1 minuto" />
<script type="application/ld+json" class="yoast-schema-graph">{"@context":"https://schema.org","@graph":[{"@type":"WebPage","@id":"https://corralonsanchezbelen.com/index.php/producto/motosierra-ms-180-stihl/","url":"https://corralonsanchezbelen.com/index.php/producto/motosierra-ms-180-stihl/","name":"Motosierra MS 180 STIHL - Corralon Sanchez","isPartOf":{"@id":"https://corralonsanchezbelen.com/#website"},"primaryImageOfPage":{"@id":"https://corralonsanchezbelen.com/index.php/producto/motosierra-ms-180-stihl/#primaryimage"},"image":{"@id":"https://corralonsanchezbelen.com/index.php/producto/motosierra-ms-180-stihl/#primaryimage"},"thumbnailUrl":"https://corralonsanchezbelen.com/wp-content/uploads/2024/08/img-1-1.jpg","datePublished":"2024-08-05T07:08:35+00:00","description":"Motosierra compacta y ligera de 2.0 CV Motosierra compacta y ligera. Muy adecuada para la poda de árboles y el corte de leña. Adecuada para talar árboles de hasta 30 cm de diámetro aproximadamente.","breadcrumb":{"@id":"https://corralonsanchezbelen.com/index.php/producto/motosierra-ms-180-stihl/#breadcrumb"},"inLanguage":"es","potentialAction":[{"@type":"ReadAction","target":["https://corralonsanchezbelen.com/index.php/producto/motosierra-ms-180-stihl/"]}]},{"@type":"ImageObject","inLanguage":"es","@id":"https://corralonsanchezbelen.com/index.php/producto/motosierra-ms-180-stihl/#primaryimage","url":"https://corralonsanchezbelen.com/wp-content/uploads/2024/08/img-1-1.jpg","contentUrl":"https://corralonsanchezbelen.com/wp-content/uploads/2024/08/img-1-1.jpg","width":1065,"height":525},{"@type":"BreadcrumbList","@id":"https://corralonsanchezbelen.com/index.php/producto/motosierra-ms-180-stihl/#breadcrumb","itemListElement":[{"@type":"ListItem","position":1,"name":"Portada","item":"https://corralonsanchezbelen.com/"},{"@type":"ListItem","position":2,"name":"Tienda","item":"https://corralonsanchezbelen.com/index.php/tienda-2/"},{"@type":"ListItem","position":3,"name":"Motosierra MS 180 STIHL"}]},{"@type":"WebSite","@id":"https://corralonsanchezbelen.com/#website","url":"https://corralonsanchezbelen.com/","name":"Corralon Sanchez","description":"El maestro de la construcción.","publisher":{"@id":"https://corralonsanchezbelen.com/#organization"},"potentialAction":[{"@type":"SearchAction","target":{"@type":"EntryPoint","urlTemplate":"https://corralonsanchezbelen.com/?s={search_term_string}"},"query-input":{"@type":"PropertyValueSpecification","valueRequired":true,"valueName":"search_term_string"}}],"inLanguage":"es"},{"@type":"Organization","@id":"https://corralonsanchezbelen.com/#organization","name":"Corralon Sanchez","url":"https://corralonsanchezbelen.com/","logo":{"@type":"ImageObject","inLanguage":"es","@id":"https://corralonsanchezbelen.com/#/schema/logo/image/","url":"https://corralonsanchezbelen.com/wp-content/uploads/2024/06/Diseno-sin-tituloq.png","contentUrl":"https://corralonsanchezbelen.com/wp-content/uploads/2024/06/Diseno-sin-tituloq.png","width":1080,"height":1080,"caption":"Corralon Sanchez"},"image":{"@id":"https://corralonsanchezbelen.com/#/schema/logo/image/"},"sameAs":["https://www.facebook.com/corralon.sanchez.belen","https://www.instagram.com/corralon.sanchez/"]}]}</script>
<!-- / Yoast SEO plugin. -->

Motosierra compacta y ligera de 2.0 CV Motosierra compacta y ligera. Muy adecuada para la poda de árboles y el corte de leña. Adecuada para talar árboles de hasta 30 cm de diámetro aproximadamente.

El maestro de la construcción.
