{"id":2753,"date":"2024-07-12T23:57:16","date_gmt":"2024-07-13T02:57:16","guid":{"rendered":"https:\/\/corralonsanchezbelen.com\/?post_type=product&#038;p=2753"},"modified":"2024-07-12T23:57:16","modified_gmt":"2024-07-13T02:57:16","slug":"adhesivo-klaukol-flex-30-kg","status":"publish","type":"product","link":"https:\/\/corralonsanchezbelen.com\/index.php\/producto\/adhesivo-klaukol-flex-30-kg\/","title":{"rendered":"Adhesivo Klaukol Flex 30 Kg"},"content":{"rendered":"<h3>Adhesivo Flex 30 Kg<\/h3>\n<p>El ADH KLAUKOL FLEX FLUIDO BASE CEM 30KG-32 es la soluci\u00f3n perfecta para tus proyectos de construcci\u00f3n.<\/p>\n<p>Con su f\u00f3rmula de alta calidad, este adhesivo te brinda la m\u00e1xima resistencia y durabilidad.<\/p>\n<p>Su base de cemento garantiza una adhesi\u00f3n fuerte y duradera, ideal para aplicaciones en interiores y exteriores.<\/p>\n<p>Ya sea que est\u00e9s instalando azulejos, cer\u00e1micas o piedras, este adhesivo se adapta a cualquier superficie, proporcionando un acabado impecable.<\/p>\n<p>Su fluidez facilita su aplicaci\u00f3n, permiti\u00e9ndote trabajar de manera r\u00e1pida y eficiente.<\/p>\n<p>Adem\u00e1s, su presentaci\u00f3n de 30 kg te asegura tener suficiente producto para completar tus proyectos sin preocuparte por quedarte sin material.<\/p>\n<p>No pierdas m\u00e1s tiempo buscando adhesivos de baja calidad, el ADH KLAUKOL FLEX FLUIDO BASE CEM 30KG-32 es la elecci\u00f3n perfecta para lograr resultados profesionales y duraderos.<\/p>\n","protected":false},"excerpt":{"rendered":"<div class=\"vtex-store-components-3-x-content h-auto\">\n<ul>\n<li>Marca: ADH KLAUKOL<\/li>\n<li>Tipo de producto: Fluido base CEM<\/li>\n<li>Peso: 30kg-32<\/li>\n<li>Flexibilidad: Flex<\/li>\n<li>Presentaci\u00f3n: 30kg-32<\/li>\n<\/ul>\n<\/div>\n<div class=\"vtex-store-components-3-x-pointerEventsNone absolute bottom-0 w-100 h-100 flex-column justify-end flex\">\n<div class=\"vtex-store-components-3-x-fadeBottom w-100 h-50 o-0\"><\/div>\n<div class=\"vtex-store-components-3-x-pointerEventsAuto tc w-100 bg-transparent\"><\/div>\n<\/div>\n","protected":false},"featured_media":2754,"comment_status":"open","ping_status":"closed","template":"","meta":[],"product_brand":[],"product_cat":[104,28],"product_tag":[113],"class_list":{"0":"post-2753","1":"product","2":"type-product","3":"status-publish","4":"has-post-thumbnail","6":"product_cat-albanileria","7":"product_cat-construccion","8":"product_tag-klaukol","10":"first","11":"instock","12":"taxable","13":"shipping-taxable","14":"product-type-simple"},"yoast_head":"<!-- This site is optimized with the Yoast SEO plugin v24.7 - https:\/\/yoast.com\/wordpress\/plugins\/seo\/ -->\n<title>Adhesivo Klaukol Flex 30 Kg - Corralon Sanchez<\/title>\n<meta name=\"description\" content=\"Marca: ADH KLAUKOL  Tipo de producto: Fluido base CEM  Peso: 30kg-32  Flexibilidad: Flex  Presentaci\u00f3n: 30kg-32\" \/>\n<meta name=\"robots\" content=\"index, follow, max-snippet:-1, max-image-preview:large, max-video-preview:-1\" \/>\n<link rel=\"canonical\" href=\"https:\/\/corralonsanchezbelen.com\/index.php\/producto\/adhesivo-klaukol-flex-30-kg\/\" \/>\n<meta property=\"og:locale\" content=\"es_ES\" \/>\n<meta property=\"og:type\" content=\"article\" \/>\n<meta property=\"og:title\" content=\"Adhesivo Klaukol Flex 30 Kg - Corralon Sanchez\" \/>\n<meta property=\"og:description\" content=\"Marca: ADH KLAUKOL  Tipo de producto: Fluido base CEM  Peso: 30kg-32  Flexibilidad: Flex  Presentaci\u00f3n: 30kg-32\" \/>\n<meta property=\"og:url\" content=\"https:\/\/corralonsanchezbelen.com\/index.php\/producto\/adhesivo-klaukol-flex-30-kg\/\" \/>\n<meta property=\"og:site_name\" content=\"Corralon Sanchez\" \/>\n<meta property=\"article:publisher\" content=\"https:\/\/www.facebook.com\/corralon.sanchez.belen\" \/>\n<meta property=\"og:image\" content=\"https:\/\/corralonsanchezbelen.com\/wp-content\/uploads\/2024\/07\/323770-800-800.webp\" \/>\n\t<meta property=\"og:image:width\" content=\"800\" \/>\n\t<meta property=\"og:image:height\" content=\"800\" \/>\n\t<meta property=\"og:image:type\" content=\"image\/webp\" \/>\n<meta name=\"twitter:card\" content=\"summary_large_image\" \/>\n<meta name=\"twitter:label1\" content=\"Tiempo de lectura\" \/>\n\t<meta name=\"twitter:data1\" content=\"1 minuto\" \/>\n<script type=\"application\/ld+json\" class=\"yoast-schema-graph\">{\"@context\":\"https:\/\/schema.org\",\"@graph\":[{\"@type\":\"WebPage\",\"@id\":\"https:\/\/corralonsanchezbelen.com\/index.php\/producto\/adhesivo-klaukol-flex-30-kg\/\",\"url\":\"https:\/\/corralonsanchezbelen.com\/index.php\/producto\/adhesivo-klaukol-flex-30-kg\/\",\"name\":\"Adhesivo Klaukol Flex 30 Kg - Corralon Sanchez\",\"isPartOf\":{\"@id\":\"https:\/\/corralonsanchezbelen.com\/#website\"},\"primaryImageOfPage\":{\"@id\":\"https:\/\/corralonsanchezbelen.com\/index.php\/producto\/adhesivo-klaukol-flex-30-kg\/#primaryimage\"},\"image\":{\"@id\":\"https:\/\/corralonsanchezbelen.com\/index.php\/producto\/adhesivo-klaukol-flex-30-kg\/#primaryimage\"},\"thumbnailUrl\":\"https:\/\/corralonsanchezbelen.com\/wp-content\/uploads\/2024\/07\/323770-800-800.webp\",\"datePublished\":\"2024-07-13T02:57:16+00:00\",\"description\":\"Marca: ADH KLAUKOL Tipo de producto: Fluido base CEM Peso: 30kg-32 Flexibilidad: Flex Presentaci\u00f3n: 30kg-32\",\"breadcrumb\":{\"@id\":\"https:\/\/corralonsanchezbelen.com\/index.php\/producto\/adhesivo-klaukol-flex-30-kg\/#breadcrumb\"},\"inLanguage\":\"es\",\"potentialAction\":[{\"@type\":\"ReadAction\",\"target\":[\"https:\/\/corralonsanchezbelen.com\/index.php\/producto\/adhesivo-klaukol-flex-30-kg\/\"]}]},{\"@type\":\"ImageObject\",\"inLanguage\":\"es\",\"@id\":\"https:\/\/corralonsanchezbelen.com\/index.php\/producto\/adhesivo-klaukol-flex-30-kg\/#primaryimage\",\"url\":\"https:\/\/corralonsanchezbelen.com\/wp-content\/uploads\/2024\/07\/323770-800-800.webp\",\"contentUrl\":\"https:\/\/corralonsanchezbelen.com\/wp-content\/uploads\/2024\/07\/323770-800-800.webp\",\"width\":800,\"height\":800},{\"@type\":\"BreadcrumbList\",\"@id\":\"https:\/\/corralonsanchezbelen.com\/index.php\/producto\/adhesivo-klaukol-flex-30-kg\/#breadcrumb\",\"itemListElement\":[{\"@type\":\"ListItem\",\"position\":1,\"name\":\"Portada\",\"item\":\"https:\/\/corralonsanchezbelen.com\/\"},{\"@type\":\"ListItem\",\"position\":2,\"name\":\"Tienda\",\"item\":\"https:\/\/corralonsanchezbelen.com\/index.php\/tienda-2\/\"},{\"@type\":\"ListItem\",\"position\":3,\"name\":\"Adhesivo Klaukol Flex 30 Kg\"}]},{\"@type\":\"WebSite\",\"@id\":\"https:\/\/corralonsanchezbelen.com\/#website\",\"url\":\"https:\/\/corralonsanchezbelen.com\/\",\"name\":\"Corralon Sanchez\",\"description\":\"El maestro de la construcci\u00f3n.\",\"publisher\":{\"@id\":\"https:\/\/corralonsanchezbelen.com\/#organization\"},\"potentialAction\":[{\"@type\":\"SearchAction\",\"target\":{\"@type\":\"EntryPoint\",\"urlTemplate\":\"https:\/\/corralonsanchezbelen.com\/?s={search_term_string}\"},\"query-input\":{\"@type\":\"PropertyValueSpecification\",\"valueRequired\":true,\"valueName\":\"search_term_string\"}}],\"inLanguage\":\"es\"},{\"@type\":\"Organization\",\"@id\":\"https:\/\/corralonsanchezbelen.com\/#organization\",\"name\":\"Corralon Sanchez\",\"url\":\"https:\/\/corralonsanchezbelen.com\/\",\"logo\":{\"@type\":\"ImageObject\",\"inLanguage\":\"es\",\"@id\":\"https:\/\/corralonsanchezbelen.com\/#\/schema\/logo\/image\/\",\"url\":\"https:\/\/corralonsanchezbelen.com\/wp-content\/uploads\/2024\/06\/Diseno-sin-tituloq.png\",\"contentUrl\":\"https:\/\/corralonsanchezbelen.com\/wp-content\/uploads\/2024\/06\/Diseno-sin-tituloq.png\",\"width\":1080,\"height\":1080,\"caption\":\"Corralon Sanchez\"},\"image\":{\"@id\":\"https:\/\/corralonsanchezbelen.com\/#\/schema\/logo\/image\/\"},\"sameAs\":[\"https:\/\/www.facebook.com\/corralon.sanchez.belen\",\"https:\/\/www.instagram.com\/corralon.sanchez\/\"]}]}<\/script>\n<!-- \/ Yoast SEO plugin. -->","yoast_head_json":{"title":"Adhesivo Klaukol Flex 30 Kg - Corralon Sanchez","description":"Marca: ADH KLAUKOL  Tipo de producto: Fluido base CEM  Peso: 30kg-32  Flexibilidad: Flex  Presentaci\u00f3n: 30kg-32","robots":{"index":"index","follow":"follow","max-snippet":"max-snippet:-1","max-image-preview":"max-image-preview:large","max-video-preview":"max-video-preview:-1"},"canonical":"https:\/\/corralonsanchezbelen.com\/index.php\/producto\/adhesivo-klaukol-flex-30-kg\/","og_locale":"es_ES","og_type":"article","og_title":"Adhesivo Klaukol Flex 30 Kg - Corralon Sanchez","og_description":"Marca: ADH KLAUKOL  Tipo de producto: Fluido base CEM  Peso: 30kg-32  Flexibilidad: Flex  Presentaci\u00f3n: 30kg-32","og_url":"https:\/\/corralonsanchezbelen.com\/index.php\/producto\/adhesivo-klaukol-flex-30-kg\/","og_site_name":"Corralon Sanchez","article_publisher":"https:\/\/www.facebook.com\/corralon.sanchez.belen","og_image":[{"width":800,"height":800,"url":"https:\/\/corralonsanchezbelen.com\/wp-content\/uploads\/2024\/07\/323770-800-800.webp","type":"image\/webp"}],"twitter_card":"summary_large_image","twitter_misc":{"Tiempo de lectura":"1 minuto"},"schema":{"@context":"https:\/\/schema.org","@graph":[{"@type":"WebPage","@id":"https:\/\/corralonsanchezbelen.com\/index.php\/producto\/adhesivo-klaukol-flex-30-kg\/","url":"https:\/\/corralonsanchezbelen.com\/index.php\/producto\/adhesivo-klaukol-flex-30-kg\/","name":"Adhesivo Klaukol Flex 30 Kg - Corralon Sanchez","isPartOf":{"@id":"https:\/\/corralonsanchezbelen.com\/#website"},"primaryImageOfPage":{"@id":"https:\/\/corralonsanchezbelen.com\/index.php\/producto\/adhesivo-klaukol-flex-30-kg\/#primaryimage"},"image":{"@id":"https:\/\/corralonsanchezbelen.com\/index.php\/producto\/adhesivo-klaukol-flex-30-kg\/#primaryimage"},"thumbnailUrl":"https:\/\/corralonsanchezbelen.com\/wp-content\/uploads\/2024\/07\/323770-800-800.webp","datePublished":"2024-07-13T02:57:16+00:00","description":"Marca: ADH KLAUKOL Tipo de producto: Fluido base CEM Peso: 30kg-32 Flexibilidad: Flex Presentaci\u00f3n: 30kg-32","breadcrumb":{"@id":"https:\/\/corralonsanchezbelen.com\/index.php\/producto\/adhesivo-klaukol-flex-30-kg\/#breadcrumb"},"inLanguage":"es","potentialAction":[{"@type":"ReadAction","target":["https:\/\/corralonsanchezbelen.com\/index.php\/producto\/adhesivo-klaukol-flex-30-kg\/"]}]},{"@type":"ImageObject","inLanguage":"es","@id":"https:\/\/corralonsanchezbelen.com\/index.php\/producto\/adhesivo-klaukol-flex-30-kg\/#primaryimage","url":"https:\/\/corralonsanchezbelen.com\/wp-content\/uploads\/2024\/07\/323770-800-800.webp","contentUrl":"https:\/\/corralonsanchezbelen.com\/wp-content\/uploads\/2024\/07\/323770-800-800.webp","width":800,"height":800},{"@type":"BreadcrumbList","@id":"https:\/\/corralonsanchezbelen.com\/index.php\/producto\/adhesivo-klaukol-flex-30-kg\/#breadcrumb","itemListElement":[{"@type":"ListItem","position":1,"name":"Portada","item":"https:\/\/corralonsanchezbelen.com\/"},{"@type":"ListItem","position":2,"name":"Tienda","item":"https:\/\/corralonsanchezbelen.com\/index.php\/tienda-2\/"},{"@type":"ListItem","position":3,"name":"Adhesivo Klaukol Flex 30 Kg"}]},{"@type":"WebSite","@id":"https:\/\/corralonsanchezbelen.com\/#website","url":"https:\/\/corralonsanchezbelen.com\/","name":"Corralon Sanchez","description":"El maestro de la construcci\u00f3n.","publisher":{"@id":"https:\/\/corralonsanchezbelen.com\/#organization"},"potentialAction":[{"@type":"SearchAction","target":{"@type":"EntryPoint","urlTemplate":"https:\/\/corralonsanchezbelen.com\/?s={search_term_string}"},"query-input":{"@type":"PropertyValueSpecification","valueRequired":true,"valueName":"search_term_string"}}],"inLanguage":"es"},{"@type":"Organization","@id":"https:\/\/corralonsanchezbelen.com\/#organization","name":"Corralon Sanchez","url":"https:\/\/corralonsanchezbelen.com\/","logo":{"@type":"ImageObject","inLanguage":"es","@id":"https:\/\/corralonsanchezbelen.com\/#\/schema\/logo\/image\/","url":"https:\/\/corralonsanchezbelen.com\/wp-content\/uploads\/2024\/06\/Diseno-sin-tituloq.png","contentUrl":"https:\/\/corralonsanchezbelen.com\/wp-content\/uploads\/2024\/06\/Diseno-sin-tituloq.png","width":1080,"height":1080,"caption":"Corralon Sanchez"},"image":{"@id":"https:\/\/corralonsanchezbelen.com\/#\/schema\/logo\/image\/"},"sameAs":["https:\/\/www.facebook.com\/corralon.sanchez.belen","https:\/\/www.instagram.com\/corralon.sanchez\/"]}]}},"_links":{"self":[{"href":"https:\/\/corralonsanchezbelen.com\/index.php\/wp-json\/wp\/v2\/product\/2753","targetHints":{"allow":["GET"]}}],"collection":[{"href":"https:\/\/corralonsanchezbelen.com\/index.php\/wp-json\/wp\/v2\/product"}],"about":[{"href":"https:\/\/corralonsanchezbelen.com\/index.php\/wp-json\/wp\/v2\/types\/product"}],"replies":[{"embeddable":true,"href":"https:\/\/corralonsanchezbelen.com\/index.php\/wp-json\/wp\/v2\/comments?post=2753"}],"wp:featuredmedia":[{"embeddable":true,"href":"https:\/\/corralonsanchezbelen.com\/index.php\/wp-json\/wp\/v2\/media\/2754"}],"wp:attachment":[{"href":"https:\/\/corralonsanchezbelen.com\/index.php\/wp-json\/wp\/v2\/media?parent=2753"}],"wp:term":[{"taxonomy":"product_brand","embeddable":true,"href":"https:\/\/corralonsanchezbelen.com\/index.php\/wp-json\/wp\/v2\/product_brand?post=2753"},{"taxonomy":"product_cat","embeddable":true,"href":"https:\/\/corralonsanchezbelen.com\/index.php\/wp-json\/wp\/v2\/product_cat?post=2753"},{"taxonomy":"product_tag","embeddable":true,"href":"https:\/\/corralonsanchezbelen.com\/index.php\/wp-json\/wp\/v2\/product_tag?post=2753"}],"curies":[{"name":"wp","href":"https:\/\/api.w.org\/{rel}","templated":true}]}}