{"id":2268,"date":"2024-07-11T01:55:48","date_gmt":"2024-07-11T04:55:48","guid":{"rendered":"https:\/\/corralonsanchezbelen.com\/?post_type=product&#038;p=2268"},"modified":"2024-07-11T19:02:44","modified_gmt":"2024-07-11T22:02:44","slug":"mascara-fotosensible-1-30-000s-bremen","status":"publish","type":"product","link":"https:\/\/corralonsanchezbelen.com\/index.php\/producto\/mascara-fotosensible-1-30-000s-bremen\/","title":{"rendered":"M\u00e1scara Fotosensible 1\/30.000S Bremen"},"content":{"rendered":"<p>Cuenta con arn\u00e9s regulable en ajuste y profundidad.<br \/>\nFunciona con una bater\u00eda de litio CR2032 de 3V reemplazable (NO INCLUIDA), por lo cual la vida \u00fatil del producto no est\u00e1 sujeta a la duraci\u00f3n de la bater\u00eda. Adem\u00e1s, posee celdas para recarga autom\u00e1tica a partir de las radiaciones emitidas durante la soldadura.<br \/>\nVisor de 92 x 42 mm, para un mayor campo de visi\u00f3n del \u00e1rea de trabajo.<br \/>\nPosee un filtro que protege la lente y puede ser sustituido.<br \/>\nCaracter\u00edsticas T\u00e9cnicas: &#8211; Bater\u00eda: CR2032 (3V) x1 removible (No Incluida) &#8211; \u00c1rea del visor: 93 x 43 mm &#8211; \u00c1rea de cartucho: 110 x 90 mm &#8211; Oscurecimiento regulable: DIN de 9 a 13 &#8211; Oscurecimiento m\u00ednimo: DIN 4 &#8211; Protecci\u00f3n UV: 16 niveles &#8211; Delay ajustable (Tiempo de oscuro a claro): 0,8 &#8211; 0,15 segundos &#8211; Tiempo de claro a oscuro: 1 \/ 30.000 segundos &#8211; Temperatura de trabajo: -5\u00b0C \/ 55\u00b0C (23\u00b0F \/ 131\u00b0F) &#8211; Temperatura de almacenamiento: -20\u00b0C \/ 70\u00b0C (-4\u00b0F \/ 158\u00b0F) &#8211; Sensores: 2 &#8211; Peso: 0,45 kg &#8211; Cumple Normas: EN 175:1997 y EN 379:2003+A1:2009<\/p>\n","protected":false},"excerpt":{"rendered":"<p>La m\u00e1scara fotosensible BREMEN\u00ae ha sido dise\u00f1ada para mayor practicidad al momento del uso, brindando calidad, resistencia y comodidad para el usuario. Posee funciones de ajuste para su adaptaci\u00f3n a distintas condiciones de trabajo, brindando as\u00ed una protecci\u00f3n \u00f3ptima.<\/p>\n","protected":false},"featured_media":2269,"comment_status":"open","ping_status":"closed","template":"","meta":[],"product_brand":[],"product_cat":[61,72],"product_tag":[60],"class_list":{"0":"post-2268","1":"product","2":"type-product","3":"status-publish","4":"has-post-thumbnail","6":"product_cat-accesorios-bremen","7":"product_cat-mascara","8":"product_tag-bremen","10":"first","11":"instock","12":"taxable","13":"shipping-taxable","14":"product-type-simple"},"yoast_head":"<!-- This site is optimized with the Yoast SEO plugin v24.7 - https:\/\/yoast.com\/wordpress\/plugins\/seo\/ -->\n<title>M\u00e1scara Fotosensible 1\/30.000S Bremen - Corralon Sanchez<\/title>\n<meta name=\"description\" content=\"La m\u00e1scara fotosensible BREMEN\u00ae ha sido dise\u00f1ada para mayor practicidad al momento del uso, brindando calidad, resistencia y comodidad para el usuario. Posee funciones de ajuste para su adaptaci\u00f3n a distintas condiciones de trabajo, brindando as\u00ed una protecci\u00f3n \u00f3ptima.\" \/>\n<meta name=\"robots\" content=\"index, follow, max-snippet:-1, max-image-preview:large, max-video-preview:-1\" \/>\n<link rel=\"canonical\" href=\"https:\/\/corralonsanchezbelen.com\/index.php\/producto\/mascara-fotosensible-1-30-000s-bremen\/\" \/>\n<meta property=\"og:locale\" content=\"es_ES\" \/>\n<meta property=\"og:type\" content=\"article\" \/>\n<meta property=\"og:title\" content=\"M\u00e1scara Fotosensible 1\/30.000S Bremen - Corralon Sanchez\" \/>\n<meta property=\"og:description\" content=\"La m\u00e1scara fotosensible BREMEN\u00ae ha sido dise\u00f1ada para mayor practicidad al momento del uso, brindando calidad, resistencia y comodidad para el usuario. Posee funciones de ajuste para su adaptaci\u00f3n a distintas condiciones de trabajo, brindando as\u00ed una protecci\u00f3n \u00f3ptima.\" \/>\n<meta property=\"og:url\" content=\"https:\/\/corralonsanchezbelen.com\/index.php\/producto\/mascara-fotosensible-1-30-000s-bremen\/\" \/>\n<meta property=\"og:site_name\" content=\"Corralon Sanchez\" \/>\n<meta property=\"article:publisher\" content=\"https:\/\/www.facebook.com\/corralon.sanchez.belen\" \/>\n<meta property=\"article:modified_time\" content=\"2024-07-11T22:02:44+00:00\" \/>\n<meta property=\"og:image\" content=\"https:\/\/corralonsanchezbelen.com\/wp-content\/uploads\/2024\/07\/160224-800-auto.webp\" \/>\n\t<meta property=\"og:image:width\" content=\"800\" \/>\n\t<meta property=\"og:image:height\" content=\"938\" \/>\n\t<meta property=\"og:image:type\" content=\"image\/webp\" \/>\n<meta name=\"twitter:card\" content=\"summary_large_image\" \/>\n<meta name=\"twitter:label1\" content=\"Tiempo de lectura\" \/>\n\t<meta name=\"twitter:data1\" content=\"1 minuto\" \/>\n<script type=\"application\/ld+json\" class=\"yoast-schema-graph\">{\"@context\":\"https:\/\/schema.org\",\"@graph\":[{\"@type\":\"WebPage\",\"@id\":\"https:\/\/corralonsanchezbelen.com\/index.php\/producto\/mascara-fotosensible-1-30-000s-bremen\/\",\"url\":\"https:\/\/corralonsanchezbelen.com\/index.php\/producto\/mascara-fotosensible-1-30-000s-bremen\/\",\"name\":\"M\u00e1scara Fotosensible 1\/30.000S Bremen - Corralon Sanchez\",\"isPartOf\":{\"@id\":\"https:\/\/corralonsanchezbelen.com\/#website\"},\"primaryImageOfPage\":{\"@id\":\"https:\/\/corralonsanchezbelen.com\/index.php\/producto\/mascara-fotosensible-1-30-000s-bremen\/#primaryimage\"},\"image\":{\"@id\":\"https:\/\/corralonsanchezbelen.com\/index.php\/producto\/mascara-fotosensible-1-30-000s-bremen\/#primaryimage\"},\"thumbnailUrl\":\"https:\/\/corralonsanchezbelen.com\/wp-content\/uploads\/2024\/07\/160224-800-auto.webp\",\"datePublished\":\"2024-07-11T04:55:48+00:00\",\"dateModified\":\"2024-07-11T22:02:44+00:00\",\"description\":\"La m\u00e1scara fotosensible BREMEN\u00ae ha sido dise\u00f1ada para mayor practicidad al momento del uso, brindando calidad, resistencia y comodidad para el usuario. Posee funciones de ajuste para su adaptaci\u00f3n a distintas condiciones de trabajo, brindando as\u00ed una protecci\u00f3n \u00f3ptima.\",\"breadcrumb\":{\"@id\":\"https:\/\/corralonsanchezbelen.com\/index.php\/producto\/mascara-fotosensible-1-30-000s-bremen\/#breadcrumb\"},\"inLanguage\":\"es\",\"potentialAction\":[{\"@type\":\"ReadAction\",\"target\":[\"https:\/\/corralonsanchezbelen.com\/index.php\/producto\/mascara-fotosensible-1-30-000s-bremen\/\"]}]},{\"@type\":\"ImageObject\",\"inLanguage\":\"es\",\"@id\":\"https:\/\/corralonsanchezbelen.com\/index.php\/producto\/mascara-fotosensible-1-30-000s-bremen\/#primaryimage\",\"url\":\"https:\/\/corralonsanchezbelen.com\/wp-content\/uploads\/2024\/07\/160224-800-auto.webp\",\"contentUrl\":\"https:\/\/corralonsanchezbelen.com\/wp-content\/uploads\/2024\/07\/160224-800-auto.webp\",\"width\":800,\"height\":938},{\"@type\":\"BreadcrumbList\",\"@id\":\"https:\/\/corralonsanchezbelen.com\/index.php\/producto\/mascara-fotosensible-1-30-000s-bremen\/#breadcrumb\",\"itemListElement\":[{\"@type\":\"ListItem\",\"position\":1,\"name\":\"Portada\",\"item\":\"https:\/\/corralonsanchezbelen.com\/\"},{\"@type\":\"ListItem\",\"position\":2,\"name\":\"Tienda\",\"item\":\"https:\/\/corralonsanchezbelen.com\/index.php\/tienda-2\/\"},{\"@type\":\"ListItem\",\"position\":3,\"name\":\"M\u00e1scara Fotosensible 1\/30.000S Bremen\"}]},{\"@type\":\"WebSite\",\"@id\":\"https:\/\/corralonsanchezbelen.com\/#website\",\"url\":\"https:\/\/corralonsanchezbelen.com\/\",\"name\":\"Corralon Sanchez\",\"description\":\"El maestro de la construcci\u00f3n.\",\"publisher\":{\"@id\":\"https:\/\/corralonsanchezbelen.com\/#organization\"},\"potentialAction\":[{\"@type\":\"SearchAction\",\"target\":{\"@type\":\"EntryPoint\",\"urlTemplate\":\"https:\/\/corralonsanchezbelen.com\/?s={search_term_string}\"},\"query-input\":{\"@type\":\"PropertyValueSpecification\",\"valueRequired\":true,\"valueName\":\"search_term_string\"}}],\"inLanguage\":\"es\"},{\"@type\":\"Organization\",\"@id\":\"https:\/\/corralonsanchezbelen.com\/#organization\",\"name\":\"Corralon Sanchez\",\"url\":\"https:\/\/corralonsanchezbelen.com\/\",\"logo\":{\"@type\":\"ImageObject\",\"inLanguage\":\"es\",\"@id\":\"https:\/\/corralonsanchezbelen.com\/#\/schema\/logo\/image\/\",\"url\":\"https:\/\/corralonsanchezbelen.com\/wp-content\/uploads\/2024\/06\/Diseno-sin-tituloq.png\",\"contentUrl\":\"https:\/\/corralonsanchezbelen.com\/wp-content\/uploads\/2024\/06\/Diseno-sin-tituloq.png\",\"width\":1080,\"height\":1080,\"caption\":\"Corralon Sanchez\"},\"image\":{\"@id\":\"https:\/\/corralonsanchezbelen.com\/#\/schema\/logo\/image\/\"},\"sameAs\":[\"https:\/\/www.facebook.com\/corralon.sanchez.belen\",\"https:\/\/www.instagram.com\/corralon.sanchez\/\"]}]}<\/script>\n<!-- \/ Yoast SEO plugin. -->","yoast_head_json":{"title":"M\u00e1scara Fotosensible 1\/30.000S Bremen - Corralon Sanchez","description":"La m\u00e1scara fotosensible BREMEN\u00ae ha sido dise\u00f1ada para mayor practicidad al momento del uso, brindando calidad, resistencia y comodidad para el usuario. Posee funciones de ajuste para su adaptaci\u00f3n a distintas condiciones de trabajo, brindando as\u00ed una protecci\u00f3n \u00f3ptima.","robots":{"index":"index","follow":"follow","max-snippet":"max-snippet:-1","max-image-preview":"max-image-preview:large","max-video-preview":"max-video-preview:-1"},"canonical":"https:\/\/corralonsanchezbelen.com\/index.php\/producto\/mascara-fotosensible-1-30-000s-bremen\/","og_locale":"es_ES","og_type":"article","og_title":"M\u00e1scara Fotosensible 1\/30.000S Bremen - Corralon Sanchez","og_description":"La m\u00e1scara fotosensible BREMEN\u00ae ha sido dise\u00f1ada para mayor practicidad al momento del uso, brindando calidad, resistencia y comodidad para el usuario. Posee funciones de ajuste para su adaptaci\u00f3n a distintas condiciones de trabajo, brindando as\u00ed una protecci\u00f3n \u00f3ptima.","og_url":"https:\/\/corralonsanchezbelen.com\/index.php\/producto\/mascara-fotosensible-1-30-000s-bremen\/","og_site_name":"Corralon Sanchez","article_publisher":"https:\/\/www.facebook.com\/corralon.sanchez.belen","article_modified_time":"2024-07-11T22:02:44+00:00","og_image":[{"width":800,"height":938,"url":"https:\/\/corralonsanchezbelen.com\/wp-content\/uploads\/2024\/07\/160224-800-auto.webp","type":"image\/webp"}],"twitter_card":"summary_large_image","twitter_misc":{"Tiempo de lectura":"1 minuto"},"schema":{"@context":"https:\/\/schema.org","@graph":[{"@type":"WebPage","@id":"https:\/\/corralonsanchezbelen.com\/index.php\/producto\/mascara-fotosensible-1-30-000s-bremen\/","url":"https:\/\/corralonsanchezbelen.com\/index.php\/producto\/mascara-fotosensible-1-30-000s-bremen\/","name":"M\u00e1scara Fotosensible 1\/30.000S Bremen - Corralon Sanchez","isPartOf":{"@id":"https:\/\/corralonsanchezbelen.com\/#website"},"primaryImageOfPage":{"@id":"https:\/\/corralonsanchezbelen.com\/index.php\/producto\/mascara-fotosensible-1-30-000s-bremen\/#primaryimage"},"image":{"@id":"https:\/\/corralonsanchezbelen.com\/index.php\/producto\/mascara-fotosensible-1-30-000s-bremen\/#primaryimage"},"thumbnailUrl":"https:\/\/corralonsanchezbelen.com\/wp-content\/uploads\/2024\/07\/160224-800-auto.webp","datePublished":"2024-07-11T04:55:48+00:00","dateModified":"2024-07-11T22:02:44+00:00","description":"La m\u00e1scara fotosensible BREMEN\u00ae ha sido dise\u00f1ada para mayor practicidad al momento del uso, brindando calidad, resistencia y comodidad para el usuario. Posee funciones de ajuste para su adaptaci\u00f3n a distintas condiciones de trabajo, brindando as\u00ed una protecci\u00f3n \u00f3ptima.","breadcrumb":{"@id":"https:\/\/corralonsanchezbelen.com\/index.php\/producto\/mascara-fotosensible-1-30-000s-bremen\/#breadcrumb"},"inLanguage":"es","potentialAction":[{"@type":"ReadAction","target":["https:\/\/corralonsanchezbelen.com\/index.php\/producto\/mascara-fotosensible-1-30-000s-bremen\/"]}]},{"@type":"ImageObject","inLanguage":"es","@id":"https:\/\/corralonsanchezbelen.com\/index.php\/producto\/mascara-fotosensible-1-30-000s-bremen\/#primaryimage","url":"https:\/\/corralonsanchezbelen.com\/wp-content\/uploads\/2024\/07\/160224-800-auto.webp","contentUrl":"https:\/\/corralonsanchezbelen.com\/wp-content\/uploads\/2024\/07\/160224-800-auto.webp","width":800,"height":938},{"@type":"BreadcrumbList","@id":"https:\/\/corralonsanchezbelen.com\/index.php\/producto\/mascara-fotosensible-1-30-000s-bremen\/#breadcrumb","itemListElement":[{"@type":"ListItem","position":1,"name":"Portada","item":"https:\/\/corralonsanchezbelen.com\/"},{"@type":"ListItem","position":2,"name":"Tienda","item":"https:\/\/corralonsanchezbelen.com\/index.php\/tienda-2\/"},{"@type":"ListItem","position":3,"name":"M\u00e1scara Fotosensible 1\/30.000S Bremen"}]},{"@type":"WebSite","@id":"https:\/\/corralonsanchezbelen.com\/#website","url":"https:\/\/corralonsanchezbelen.com\/","name":"Corralon Sanchez","description":"El maestro de la construcci\u00f3n.","publisher":{"@id":"https:\/\/corralonsanchezbelen.com\/#organization"},"potentialAction":[{"@type":"SearchAction","target":{"@type":"EntryPoint","urlTemplate":"https:\/\/corralonsanchezbelen.com\/?s={search_term_string}"},"query-input":{"@type":"PropertyValueSpecification","valueRequired":true,"valueName":"search_term_string"}}],"inLanguage":"es"},{"@type":"Organization","@id":"https:\/\/corralonsanchezbelen.com\/#organization","name":"Corralon Sanchez","url":"https:\/\/corralonsanchezbelen.com\/","logo":{"@type":"ImageObject","inLanguage":"es","@id":"https:\/\/corralonsanchezbelen.com\/#\/schema\/logo\/image\/","url":"https:\/\/corralonsanchezbelen.com\/wp-content\/uploads\/2024\/06\/Diseno-sin-tituloq.png","contentUrl":"https:\/\/corralonsanchezbelen.com\/wp-content\/uploads\/2024\/06\/Diseno-sin-tituloq.png","width":1080,"height":1080,"caption":"Corralon Sanchez"},"image":{"@id":"https:\/\/corralonsanchezbelen.com\/#\/schema\/logo\/image\/"},"sameAs":["https:\/\/www.facebook.com\/corralon.sanchez.belen","https:\/\/www.instagram.com\/corralon.sanchez\/"]}]}},"_links":{"self":[{"href":"https:\/\/corralonsanchezbelen.com\/index.php\/wp-json\/wp\/v2\/product\/2268","targetHints":{"allow":["GET"]}}],"collection":[{"href":"https:\/\/corralonsanchezbelen.com\/index.php\/wp-json\/wp\/v2\/product"}],"about":[{"href":"https:\/\/corralonsanchezbelen.com\/index.php\/wp-json\/wp\/v2\/types\/product"}],"replies":[{"embeddable":true,"href":"https:\/\/corralonsanchezbelen.com\/index.php\/wp-json\/wp\/v2\/comments?post=2268"}],"wp:featuredmedia":[{"embeddable":true,"href":"https:\/\/corralonsanchezbelen.com\/index.php\/wp-json\/wp\/v2\/media\/2269"}],"wp:attachment":[{"href":"https:\/\/corralonsanchezbelen.com\/index.php\/wp-json\/wp\/v2\/media?parent=2268"}],"wp:term":[{"taxonomy":"product_brand","embeddable":true,"href":"https:\/\/corralonsanchezbelen.com\/index.php\/wp-json\/wp\/v2\/product_brand?post=2268"},{"taxonomy":"product_cat","embeddable":true,"href":"https:\/\/corralonsanchezbelen.com\/index.php\/wp-json\/wp\/v2\/product_cat?post=2268"},{"taxonomy":"product_tag","embeddable":true,"href":"https:\/\/corralonsanchezbelen.com\/index.php\/wp-json\/wp\/v2\/product_tag?post=2268"}],"curies":[{"name":"wp","href":"https:\/\/api.w.org\/{rel}","templated":true}]}}