{"id":2242,"date":"2024-07-11T01:27:44","date_gmt":"2024-07-11T04:27:44","guid":{"rendered":"https:\/\/corralonsanchezbelen.com\/?post_type=product&#038;p=2242"},"modified":"2024-07-11T01:27:44","modified_gmt":"2024-07-11T04:27:44","slug":"formon-en-juego-4-piezas-bremen","status":"publish","type":"product","link":"https:\/\/corralonsanchezbelen.com\/index.php\/producto\/formon-en-juego-4-piezas-bremen\/","title":{"rendered":"Form\u00f3n en Juego (4 piezas) Bremen"},"content":{"rendered":"<p>Fabricados en Acero Cromo Vanadio, forjados y tratados t\u00e9rmicamente para aumentar la dureza y resistencia del filo.<br \/>\nPoseen topes traseros met\u00e1licos para evitar deformaciones o que se da\u00f1e el mango al ser golpeados con mazas de madera, durante un trabajo m\u00e1s intensivo.<br \/>\nEl mango est\u00e1 conformado ergon\u00f3micamente en polipropileno (PP) y elast\u00f3mero de caucho termopl\u00e1stico (TPR), para un agarre m\u00e1s anat\u00f3mico.<br \/>\nCada pieza incluye un cobertor pl\u00e1stico que protege el filo. | Cada form\u00f3n inclu\u00eddo en el set se encuentra disponible de forma individual.<\/p>\n","protected":false},"excerpt":{"rendered":"<p>Caracter\u00edsticas de los Formones que componente este Juego:<br \/>\nC\u00f3digo 4170 &#8211; Largo: 270mm &#8211; Ancho: 10mm &#8211; Peso: 0,183Kg<br \/>\nCodigo 4171 &#8211; Largo: 270mm &#8211; Ancho: 13mm &#8211; Peso: 0,197Kg<br \/>\nCodigo 4172 &#8211; Largo: 270mm &#8211; Ancho: 16mm &#8211; Peso: 0,213Kg<br \/>\nCodigo 4173 &#8211; Largo: 270mm &#8211; Ancho: 19mm &#8211; Peso: 0,230Kg<\/p>\n","protected":false},"featured_media":2243,"comment_status":"open","ping_status":"closed","template":"","meta":[],"product_brand":[],"product_cat":[61,56],"product_tag":[60],"class_list":{"0":"post-2242","1":"product","2":"type-product","3":"status-publish","4":"has-post-thumbnail","6":"product_cat-accesorios-bremen","7":"product_cat-carpinteria","8":"product_tag-bremen","10":"first","11":"instock","12":"taxable","13":"shipping-taxable","14":"product-type-simple"},"yoast_head":"<!-- This site is optimized with the Yoast SEO plugin v24.7 - https:\/\/yoast.com\/wordpress\/plugins\/seo\/ -->\n<title>Form\u00f3n en Juego (4 piezas) Bremen - Corralon Sanchez<\/title>\n<meta name=\"description\" content=\"Caracter\u00edsticas de los Formones que componente este Juego: C\u00f3digo 4170 - Largo: 270mm - Ancho: 10mm - Peso: 0,183Kg Codigo 4171 - Largo: 270mm - Ancho: 13mm - Peso: 0,197Kg Codigo 4172 - Largo: 270mm - Ancho: 16mm - Peso: 0,213Kg Codigo 4173 - Largo: 270mm - Ancho: 19mm - Peso: 0,230Kg\" \/>\n<meta name=\"robots\" content=\"index, follow, max-snippet:-1, max-image-preview:large, max-video-preview:-1\" \/>\n<link rel=\"canonical\" href=\"https:\/\/corralonsanchezbelen.com\/index.php\/producto\/formon-en-juego-4-piezas-bremen\/\" \/>\n<meta property=\"og:locale\" content=\"es_ES\" \/>\n<meta property=\"og:type\" content=\"article\" \/>\n<meta property=\"og:title\" content=\"Form\u00f3n en Juego (4 piezas) Bremen - Corralon Sanchez\" \/>\n<meta property=\"og:description\" content=\"Caracter\u00edsticas de los Formones que componente este Juego: C\u00f3digo 4170 - Largo: 270mm - Ancho: 10mm - Peso: 0,183Kg Codigo 4171 - Largo: 270mm - Ancho: 13mm - Peso: 0,197Kg Codigo 4172 - Largo: 270mm - Ancho: 16mm - Peso: 0,213Kg Codigo 4173 - Largo: 270mm - Ancho: 19mm - Peso: 0,230Kg\" \/>\n<meta property=\"og:url\" content=\"https:\/\/corralonsanchezbelen.com\/index.php\/producto\/formon-en-juego-4-piezas-bremen\/\" \/>\n<meta property=\"og:site_name\" content=\"Corralon Sanchez\" \/>\n<meta property=\"article:publisher\" content=\"https:\/\/www.facebook.com\/corralon.sanchez.belen\" \/>\n<meta property=\"og:image\" content=\"https:\/\/corralonsanchezbelen.com\/wp-content\/uploads\/2024\/07\/160159-800-auto.webp\" \/>\n\t<meta property=\"og:image:width\" content=\"800\" \/>\n\t<meta property=\"og:image:height\" content=\"938\" \/>\n\t<meta property=\"og:image:type\" content=\"image\/webp\" \/>\n<meta name=\"twitter:card\" content=\"summary_large_image\" \/>\n<meta name=\"twitter:label1\" content=\"Tiempo de lectura\" \/>\n\t<meta name=\"twitter:data1\" content=\"1 minuto\" \/>\n<script type=\"application\/ld+json\" class=\"yoast-schema-graph\">{\"@context\":\"https:\/\/schema.org\",\"@graph\":[{\"@type\":\"WebPage\",\"@id\":\"https:\/\/corralonsanchezbelen.com\/index.php\/producto\/formon-en-juego-4-piezas-bremen\/\",\"url\":\"https:\/\/corralonsanchezbelen.com\/index.php\/producto\/formon-en-juego-4-piezas-bremen\/\",\"name\":\"Form\u00f3n en Juego (4 piezas) Bremen - Corralon Sanchez\",\"isPartOf\":{\"@id\":\"https:\/\/corralonsanchezbelen.com\/#website\"},\"primaryImageOfPage\":{\"@id\":\"https:\/\/corralonsanchezbelen.com\/index.php\/producto\/formon-en-juego-4-piezas-bremen\/#primaryimage\"},\"image\":{\"@id\":\"https:\/\/corralonsanchezbelen.com\/index.php\/producto\/formon-en-juego-4-piezas-bremen\/#primaryimage\"},\"thumbnailUrl\":\"https:\/\/corralonsanchezbelen.com\/wp-content\/uploads\/2024\/07\/160159-800-auto.webp\",\"datePublished\":\"2024-07-11T04:27:44+00:00\",\"description\":\"Caracter\u00edsticas de los Formones que componente este Juego: C\u00f3digo 4170 - Largo: 270mm - Ancho: 10mm - Peso: 0,183Kg Codigo 4171 - Largo: 270mm - Ancho: 13mm - Peso: 0,197Kg Codigo 4172 - Largo: 270mm - Ancho: 16mm - Peso: 0,213Kg Codigo 4173 - Largo: 270mm - Ancho: 19mm - Peso: 0,230Kg\",\"breadcrumb\":{\"@id\":\"https:\/\/corralonsanchezbelen.com\/index.php\/producto\/formon-en-juego-4-piezas-bremen\/#breadcrumb\"},\"inLanguage\":\"es\",\"potentialAction\":[{\"@type\":\"ReadAction\",\"target\":[\"https:\/\/corralonsanchezbelen.com\/index.php\/producto\/formon-en-juego-4-piezas-bremen\/\"]}]},{\"@type\":\"ImageObject\",\"inLanguage\":\"es\",\"@id\":\"https:\/\/corralonsanchezbelen.com\/index.php\/producto\/formon-en-juego-4-piezas-bremen\/#primaryimage\",\"url\":\"https:\/\/corralonsanchezbelen.com\/wp-content\/uploads\/2024\/07\/160159-800-auto.webp\",\"contentUrl\":\"https:\/\/corralonsanchezbelen.com\/wp-content\/uploads\/2024\/07\/160159-800-auto.webp\",\"width\":800,\"height\":938},{\"@type\":\"BreadcrumbList\",\"@id\":\"https:\/\/corralonsanchezbelen.com\/index.php\/producto\/formon-en-juego-4-piezas-bremen\/#breadcrumb\",\"itemListElement\":[{\"@type\":\"ListItem\",\"position\":1,\"name\":\"Portada\",\"item\":\"https:\/\/corralonsanchezbelen.com\/\"},{\"@type\":\"ListItem\",\"position\":2,\"name\":\"Tienda\",\"item\":\"https:\/\/corralonsanchezbelen.com\/index.php\/tienda-2\/\"},{\"@type\":\"ListItem\",\"position\":3,\"name\":\"Form\u00f3n en Juego (4 piezas) Bremen\"}]},{\"@type\":\"WebSite\",\"@id\":\"https:\/\/corralonsanchezbelen.com\/#website\",\"url\":\"https:\/\/corralonsanchezbelen.com\/\",\"name\":\"Corralon Sanchez\",\"description\":\"El maestro de la construcci\u00f3n.\",\"publisher\":{\"@id\":\"https:\/\/corralonsanchezbelen.com\/#organization\"},\"potentialAction\":[{\"@type\":\"SearchAction\",\"target\":{\"@type\":\"EntryPoint\",\"urlTemplate\":\"https:\/\/corralonsanchezbelen.com\/?s={search_term_string}\"},\"query-input\":{\"@type\":\"PropertyValueSpecification\",\"valueRequired\":true,\"valueName\":\"search_term_string\"}}],\"inLanguage\":\"es\"},{\"@type\":\"Organization\",\"@id\":\"https:\/\/corralonsanchezbelen.com\/#organization\",\"name\":\"Corralon Sanchez\",\"url\":\"https:\/\/corralonsanchezbelen.com\/\",\"logo\":{\"@type\":\"ImageObject\",\"inLanguage\":\"es\",\"@id\":\"https:\/\/corralonsanchezbelen.com\/#\/schema\/logo\/image\/\",\"url\":\"https:\/\/corralonsanchezbelen.com\/wp-content\/uploads\/2024\/06\/Diseno-sin-tituloq.png\",\"contentUrl\":\"https:\/\/corralonsanchezbelen.com\/wp-content\/uploads\/2024\/06\/Diseno-sin-tituloq.png\",\"width\":1080,\"height\":1080,\"caption\":\"Corralon Sanchez\"},\"image\":{\"@id\":\"https:\/\/corralonsanchezbelen.com\/#\/schema\/logo\/image\/\"},\"sameAs\":[\"https:\/\/www.facebook.com\/corralon.sanchez.belen\",\"https:\/\/www.instagram.com\/corralon.sanchez\/\"]}]}<\/script>\n<!-- \/ Yoast SEO plugin. -->","yoast_head_json":{"title":"Form\u00f3n en Juego (4 piezas) Bremen - Corralon Sanchez","description":"Caracter\u00edsticas de los Formones que componente este Juego: C\u00f3digo 4170 - Largo: 270mm - Ancho: 10mm - Peso: 0,183Kg Codigo 4171 - Largo: 270mm - Ancho: 13mm - Peso: 0,197Kg Codigo 4172 - Largo: 270mm - Ancho: 16mm - Peso: 0,213Kg Codigo 4173 - Largo: 270mm - Ancho: 19mm - Peso: 0,230Kg","robots":{"index":"index","follow":"follow","max-snippet":"max-snippet:-1","max-image-preview":"max-image-preview:large","max-video-preview":"max-video-preview:-1"},"canonical":"https:\/\/corralonsanchezbelen.com\/index.php\/producto\/formon-en-juego-4-piezas-bremen\/","og_locale":"es_ES","og_type":"article","og_title":"Form\u00f3n en Juego (4 piezas) Bremen - Corralon Sanchez","og_description":"Caracter\u00edsticas de los Formones que componente este Juego: C\u00f3digo 4170 - Largo: 270mm - Ancho: 10mm - Peso: 0,183Kg Codigo 4171 - Largo: 270mm - Ancho: 13mm - Peso: 0,197Kg Codigo 4172 - Largo: 270mm - Ancho: 16mm - Peso: 0,213Kg Codigo 4173 - Largo: 270mm - Ancho: 19mm - Peso: 0,230Kg","og_url":"https:\/\/corralonsanchezbelen.com\/index.php\/producto\/formon-en-juego-4-piezas-bremen\/","og_site_name":"Corralon Sanchez","article_publisher":"https:\/\/www.facebook.com\/corralon.sanchez.belen","og_image":[{"width":800,"height":938,"url":"https:\/\/corralonsanchezbelen.com\/wp-content\/uploads\/2024\/07\/160159-800-auto.webp","type":"image\/webp"}],"twitter_card":"summary_large_image","twitter_misc":{"Tiempo de lectura":"1 minuto"},"schema":{"@context":"https:\/\/schema.org","@graph":[{"@type":"WebPage","@id":"https:\/\/corralonsanchezbelen.com\/index.php\/producto\/formon-en-juego-4-piezas-bremen\/","url":"https:\/\/corralonsanchezbelen.com\/index.php\/producto\/formon-en-juego-4-piezas-bremen\/","name":"Form\u00f3n en Juego (4 piezas) Bremen - Corralon Sanchez","isPartOf":{"@id":"https:\/\/corralonsanchezbelen.com\/#website"},"primaryImageOfPage":{"@id":"https:\/\/corralonsanchezbelen.com\/index.php\/producto\/formon-en-juego-4-piezas-bremen\/#primaryimage"},"image":{"@id":"https:\/\/corralonsanchezbelen.com\/index.php\/producto\/formon-en-juego-4-piezas-bremen\/#primaryimage"},"thumbnailUrl":"https:\/\/corralonsanchezbelen.com\/wp-content\/uploads\/2024\/07\/160159-800-auto.webp","datePublished":"2024-07-11T04:27:44+00:00","description":"Caracter\u00edsticas de los Formones que componente este Juego: C\u00f3digo 4170 - Largo: 270mm - Ancho: 10mm - Peso: 0,183Kg Codigo 4171 - Largo: 270mm - Ancho: 13mm - Peso: 0,197Kg Codigo 4172 - Largo: 270mm - Ancho: 16mm - Peso: 0,213Kg Codigo 4173 - Largo: 270mm - Ancho: 19mm - Peso: 0,230Kg","breadcrumb":{"@id":"https:\/\/corralonsanchezbelen.com\/index.php\/producto\/formon-en-juego-4-piezas-bremen\/#breadcrumb"},"inLanguage":"es","potentialAction":[{"@type":"ReadAction","target":["https:\/\/corralonsanchezbelen.com\/index.php\/producto\/formon-en-juego-4-piezas-bremen\/"]}]},{"@type":"ImageObject","inLanguage":"es","@id":"https:\/\/corralonsanchezbelen.com\/index.php\/producto\/formon-en-juego-4-piezas-bremen\/#primaryimage","url":"https:\/\/corralonsanchezbelen.com\/wp-content\/uploads\/2024\/07\/160159-800-auto.webp","contentUrl":"https:\/\/corralonsanchezbelen.com\/wp-content\/uploads\/2024\/07\/160159-800-auto.webp","width":800,"height":938},{"@type":"BreadcrumbList","@id":"https:\/\/corralonsanchezbelen.com\/index.php\/producto\/formon-en-juego-4-piezas-bremen\/#breadcrumb","itemListElement":[{"@type":"ListItem","position":1,"name":"Portada","item":"https:\/\/corralonsanchezbelen.com\/"},{"@type":"ListItem","position":2,"name":"Tienda","item":"https:\/\/corralonsanchezbelen.com\/index.php\/tienda-2\/"},{"@type":"ListItem","position":3,"name":"Form\u00f3n en Juego (4 piezas) Bremen"}]},{"@type":"WebSite","@id":"https:\/\/corralonsanchezbelen.com\/#website","url":"https:\/\/corralonsanchezbelen.com\/","name":"Corralon Sanchez","description":"El maestro de la construcci\u00f3n.","publisher":{"@id":"https:\/\/corralonsanchezbelen.com\/#organization"},"potentialAction":[{"@type":"SearchAction","target":{"@type":"EntryPoint","urlTemplate":"https:\/\/corralonsanchezbelen.com\/?s={search_term_string}"},"query-input":{"@type":"PropertyValueSpecification","valueRequired":true,"valueName":"search_term_string"}}],"inLanguage":"es"},{"@type":"Organization","@id":"https:\/\/corralonsanchezbelen.com\/#organization","name":"Corralon Sanchez","url":"https:\/\/corralonsanchezbelen.com\/","logo":{"@type":"ImageObject","inLanguage":"es","@id":"https:\/\/corralonsanchezbelen.com\/#\/schema\/logo\/image\/","url":"https:\/\/corralonsanchezbelen.com\/wp-content\/uploads\/2024\/06\/Diseno-sin-tituloq.png","contentUrl":"https:\/\/corralonsanchezbelen.com\/wp-content\/uploads\/2024\/06\/Diseno-sin-tituloq.png","width":1080,"height":1080,"caption":"Corralon Sanchez"},"image":{"@id":"https:\/\/corralonsanchezbelen.com\/#\/schema\/logo\/image\/"},"sameAs":["https:\/\/www.facebook.com\/corralon.sanchez.belen","https:\/\/www.instagram.com\/corralon.sanchez\/"]}]}},"_links":{"self":[{"href":"https:\/\/corralonsanchezbelen.com\/index.php\/wp-json\/wp\/v2\/product\/2242","targetHints":{"allow":["GET"]}}],"collection":[{"href":"https:\/\/corralonsanchezbelen.com\/index.php\/wp-json\/wp\/v2\/product"}],"about":[{"href":"https:\/\/corralonsanchezbelen.com\/index.php\/wp-json\/wp\/v2\/types\/product"}],"replies":[{"embeddable":true,"href":"https:\/\/corralonsanchezbelen.com\/index.php\/wp-json\/wp\/v2\/comments?post=2242"}],"wp:featuredmedia":[{"embeddable":true,"href":"https:\/\/corralonsanchezbelen.com\/index.php\/wp-json\/wp\/v2\/media\/2243"}],"wp:attachment":[{"href":"https:\/\/corralonsanchezbelen.com\/index.php\/wp-json\/wp\/v2\/media?parent=2242"}],"wp:term":[{"taxonomy":"product_brand","embeddable":true,"href":"https:\/\/corralonsanchezbelen.com\/index.php\/wp-json\/wp\/v2\/product_brand?post=2242"},{"taxonomy":"product_cat","embeddable":true,"href":"https:\/\/corralonsanchezbelen.com\/index.php\/wp-json\/wp\/v2\/product_cat?post=2242"},{"taxonomy":"product_tag","embeddable":true,"href":"https:\/\/corralonsanchezbelen.com\/index.php\/wp-json\/wp\/v2\/product_tag?post=2242"}],"curies":[{"name":"wp","href":"https:\/\/api.w.org\/{rel}","templated":true}]}}