{"id":2004,"date":"2024-07-09T19:51:29","date_gmt":"2024-07-09T22:51:29","guid":{"rendered":"https:\/\/corralonsanchezbelen.com\/?post_type=product&#038;p=2004"},"modified":"2024-07-12T01:26:32","modified_gmt":"2024-07-12T04:26:32","slug":"pintura-para-piscina-base-solvente","status":"publish","type":"product","link":"https:\/\/corralonsanchezbelen.com\/index.php\/producto\/pintura-para-piscina-base-solvente\/","title":{"rendered":"Pintura para piscina base solvente"},"content":{"rendered":"<p>Preparaci\u00f3n de la superficie: La superficie debe estar limpia, seca y exenta de polvo, grasas, aceites, jabones, ceras u otros desmoldantes o contaminantes. Sobre sustratos cementicios nuevos: neutralizar con soluci\u00f3n de \u00e1cido muri\u00e1tico en agua (1:4), enjuagar con abundante agua limpia y dejar secar perfectamente. Aplicar una primera mano con diluci\u00f3n del 50 % en volumen. Si existieran rajaduras, grietas o fisuras, aplicar previamente Tersiflex Piscinas. terminar con 2 manos con diluci\u00f3n m\u00ednima. Sobre superficies de pl\u00e1stico reforzado nuevas: eliminar todo vestigio de agentes desmoldantes, lijar hasta eliminar todo brillo, quitar el polvillo y lavar con soluci\u00f3n de detergente neutro. enjuagar y dejar secar muy bien. Aplicar una mano de Imprimaci\u00f3n Ep\u00f3xica Indulac diluida 50 % en volumen. Pasadas 36 a 48 horas, lijar, eliminar el polvillo y terminar con Tersuave Piscinas o Esmalte Poliuret\u00e1nico celeste o azul Piscinas Indulac. Sobre superficies ya pintadas: pinturas anteriores a la cal deben ser totalmente eliminadas. en otros casos, lavar con una soluci\u00f3n de \u00e1cido muri\u00e1tico al 5% para eliminar las sales solubles adheridas a la pel\u00edcula . Lavar ante la presencia de hongos, moho o verd\u00edn, con una soluci\u00f3n de agua lavandina al 10 %, cepillar, enjuagar, dejar secar 48 horas, lijar y terminar con Tersuave Piscinas. Sobre superficies revestidas con azulejos, cer\u00e1micos o venecitas: lijar y atacar con soluci\u00f3n de \u00e1cido muri\u00e1tico en agua (1:3); enjuagar y dejar secar muy bien. Aplicar una mano de Imprimaci\u00f3n Ep\u00f3xica Indulac Diluida 40 % en volumen. Pasadas 36 a 48 horas, lijar, eliminar el polvillo y terminar con Tersuave Piscinas o Esmalte Poliuret\u00e1nico celeste o azul Piscinas Indulac.<\/p>\n<p>Preparaci\u00f3n del producto : Homogeneizar cuidadosamente con agitador mec\u00e1nico o a mano con una varilla agitadora realizando movimientos circulares o en forma de ocho, a fin de no incorporar aire, y diluir como convenga al m\u00e9todo de aplicaci\u00f3n elegido. Las temperaturas de aplicaci\u00f3n mencionadas en los datos t\u00e9cnicos se refieren tanto al ambiente como al sustrato a pintar. este producto no debe aplicarse sobre superficies calientes; se recomienda especialmente trabajar en las primeras horas de la ma\u00f1ana (asegurarse de que haya evaporado completamente el roc\u00edo nocturno), fuera del sol directo y con la superficie fr\u00eda. en general, no aplicar con la superficie a menos de 5\u00b0 c o a m\u00e1s de 30\u00b0 c.<\/p>\n<p>Diluci\u00f3n : Se sugiere diluir un 5 % en volumen para aplicar a pincel, un 10 % para rodillo y tomar un 20 % como punto de partida para aplicaci\u00f3n con soplete convencional (ajustar la diluci\u00f3n sugerida seg\u00fan el equipo utilizado).<\/p>\n<p>M\u00e9todos de aplicaci\u00f3n : Puede ser aplicado con pincel, rodillo o soplete convencional, soplete adiab\u00e1tico o airless. es conveniente emplear pinceles de pelo largo y suave para mejorar la nivelaci\u00f3n. Con pistola convencional, se recomienda una presi\u00f3n de 20 a 25 libras\/pulg2 (1,5 a 1,8 kg\/cm2) para minimizar el desperdicio y evitar la formaci\u00f3n de neblina.<\/p>\n<p>Muy importante : Antes de proceder al llenado de la piscina, debe dejarse transcurrir de una a dos semanas, contando desde la aplicaci\u00f3n de la \u00faltima mano, dependiendo de la \u00e9poca del a\u00f1o (verano o invierno, respectivamente). verificar la aislaci\u00f3n de la humedad del hormig\u00f3n y\/o la mamposter\u00eda a pintar. controlar el ph del agua, siendo ideal mantenerlo en valores entre 7 a 8.<\/p>\n","protected":false},"excerpt":{"rendered":"<p>Pintura para piletas de nataci\u00f3n a base de resinas acr\u00edlicas de base solvente, plastificantes no migrantes y pigmentos de gran solidez a la luz.<\/p>\n","protected":false},"featured_media":2005,"comment_status":"open","ping_status":"closed","template":"","meta":[],"product_brand":[],"product_cat":[91,90,31,89],"product_tag":[49],"class_list":{"0":"post-2004","1":"product","2":"type-product","3":"status-publish","4":"has-post-thumbnail","6":"product_cat-esmalte-sintetico","7":"product_cat-latex-tersuave","8":"product_cat-pintura","9":"product_cat-tersuave","10":"product_tag-tersuave","12":"first","13":"instock","14":"taxable","15":"shipping-taxable","16":"product-type-simple"},"yoast_head":"<!-- This site is optimized with the Yoast SEO plugin v24.7 - https:\/\/yoast.com\/wordpress\/plugins\/seo\/ -->\n<title>Pintura para piscina base solvente - Corralon Sanchez<\/title>\n<meta name=\"description\" content=\"Pintura para piletas de nataci\u00f3n a base de resinas acr\u00edlicas de base solvente, plastificantes no migrantes y pigmentos de gran solidez a la luz.\" \/>\n<meta name=\"robots\" content=\"index, follow, max-snippet:-1, max-image-preview:large, max-video-preview:-1\" \/>\n<link rel=\"canonical\" href=\"https:\/\/corralonsanchezbelen.com\/index.php\/producto\/pintura-para-piscina-base-solvente\/\" \/>\n<meta property=\"og:locale\" content=\"es_ES\" \/>\n<meta property=\"og:type\" content=\"article\" \/>\n<meta property=\"og:title\" content=\"Pintura para piscina base solvente - Corralon Sanchez\" \/>\n<meta property=\"og:description\" content=\"Pintura para piletas de nataci\u00f3n a base de resinas acr\u00edlicas de base solvente, plastificantes no migrantes y pigmentos de gran solidez a la luz.\" \/>\n<meta property=\"og:url\" content=\"https:\/\/corralonsanchezbelen.com\/index.php\/producto\/pintura-para-piscina-base-solvente\/\" \/>\n<meta property=\"og:site_name\" content=\"Corralon Sanchez\" \/>\n<meta property=\"article:publisher\" content=\"https:\/\/www.facebook.com\/corralon.sanchez.belen\" \/>\n<meta property=\"article:modified_time\" content=\"2024-07-12T04:26:32+00:00\" \/>\n<meta property=\"og:image\" content=\"https:\/\/corralonsanchezbelen.com\/wp-content\/uploads\/2024\/07\/D_NQ_NP_871982-MLA72358274654_102023-O.webp\" \/>\n\t<meta property=\"og:image:width\" content=\"500\" \/>\n\t<meta property=\"og:image:height\" content=\"460\" \/>\n\t<meta property=\"og:image:type\" content=\"image\/webp\" \/>\n<meta name=\"twitter:card\" content=\"summary_large_image\" \/>\n<meta name=\"twitter:label1\" content=\"Tiempo de lectura\" \/>\n\t<meta name=\"twitter:data1\" content=\"3 minutos\" \/>\n<script type=\"application\/ld+json\" class=\"yoast-schema-graph\">{\"@context\":\"https:\/\/schema.org\",\"@graph\":[{\"@type\":\"WebPage\",\"@id\":\"https:\/\/corralonsanchezbelen.com\/index.php\/producto\/pintura-para-piscina-base-solvente\/\",\"url\":\"https:\/\/corralonsanchezbelen.com\/index.php\/producto\/pintura-para-piscina-base-solvente\/\",\"name\":\"Pintura para piscina base solvente - Corralon Sanchez\",\"isPartOf\":{\"@id\":\"https:\/\/corralonsanchezbelen.com\/#website\"},\"primaryImageOfPage\":{\"@id\":\"https:\/\/corralonsanchezbelen.com\/index.php\/producto\/pintura-para-piscina-base-solvente\/#primaryimage\"},\"image\":{\"@id\":\"https:\/\/corralonsanchezbelen.com\/index.php\/producto\/pintura-para-piscina-base-solvente\/#primaryimage\"},\"thumbnailUrl\":\"https:\/\/corralonsanchezbelen.com\/wp-content\/uploads\/2024\/07\/D_NQ_NP_871982-MLA72358274654_102023-O.webp\",\"datePublished\":\"2024-07-09T22:51:29+00:00\",\"dateModified\":\"2024-07-12T04:26:32+00:00\",\"description\":\"Pintura para piletas de nataci\u00f3n a base de resinas acr\u00edlicas de base solvente, plastificantes no migrantes y pigmentos de gran solidez a la luz.\",\"breadcrumb\":{\"@id\":\"https:\/\/corralonsanchezbelen.com\/index.php\/producto\/pintura-para-piscina-base-solvente\/#breadcrumb\"},\"inLanguage\":\"es\",\"potentialAction\":[{\"@type\":\"ReadAction\",\"target\":[\"https:\/\/corralonsanchezbelen.com\/index.php\/producto\/pintura-para-piscina-base-solvente\/\"]}]},{\"@type\":\"ImageObject\",\"inLanguage\":\"es\",\"@id\":\"https:\/\/corralonsanchezbelen.com\/index.php\/producto\/pintura-para-piscina-base-solvente\/#primaryimage\",\"url\":\"https:\/\/corralonsanchezbelen.com\/wp-content\/uploads\/2024\/07\/D_NQ_NP_871982-MLA72358274654_102023-O.webp\",\"contentUrl\":\"https:\/\/corralonsanchezbelen.com\/wp-content\/uploads\/2024\/07\/D_NQ_NP_871982-MLA72358274654_102023-O.webp\",\"width\":500,\"height\":460},{\"@type\":\"BreadcrumbList\",\"@id\":\"https:\/\/corralonsanchezbelen.com\/index.php\/producto\/pintura-para-piscina-base-solvente\/#breadcrumb\",\"itemListElement\":[{\"@type\":\"ListItem\",\"position\":1,\"name\":\"Portada\",\"item\":\"https:\/\/corralonsanchezbelen.com\/\"},{\"@type\":\"ListItem\",\"position\":2,\"name\":\"Tienda\",\"item\":\"https:\/\/corralonsanchezbelen.com\/index.php\/tienda-2\/\"},{\"@type\":\"ListItem\",\"position\":3,\"name\":\"Pintura para piscina base solvente\"}]},{\"@type\":\"WebSite\",\"@id\":\"https:\/\/corralonsanchezbelen.com\/#website\",\"url\":\"https:\/\/corralonsanchezbelen.com\/\",\"name\":\"Corralon Sanchez\",\"description\":\"El maestro de la construcci\u00f3n.\",\"publisher\":{\"@id\":\"https:\/\/corralonsanchezbelen.com\/#organization\"},\"potentialAction\":[{\"@type\":\"SearchAction\",\"target\":{\"@type\":\"EntryPoint\",\"urlTemplate\":\"https:\/\/corralonsanchezbelen.com\/?s={search_term_string}\"},\"query-input\":{\"@type\":\"PropertyValueSpecification\",\"valueRequired\":true,\"valueName\":\"search_term_string\"}}],\"inLanguage\":\"es\"},{\"@type\":\"Organization\",\"@id\":\"https:\/\/corralonsanchezbelen.com\/#organization\",\"name\":\"Corralon Sanchez\",\"url\":\"https:\/\/corralonsanchezbelen.com\/\",\"logo\":{\"@type\":\"ImageObject\",\"inLanguage\":\"es\",\"@id\":\"https:\/\/corralonsanchezbelen.com\/#\/schema\/logo\/image\/\",\"url\":\"https:\/\/corralonsanchezbelen.com\/wp-content\/uploads\/2024\/06\/Diseno-sin-tituloq.png\",\"contentUrl\":\"https:\/\/corralonsanchezbelen.com\/wp-content\/uploads\/2024\/06\/Diseno-sin-tituloq.png\",\"width\":1080,\"height\":1080,\"caption\":\"Corralon Sanchez\"},\"image\":{\"@id\":\"https:\/\/corralonsanchezbelen.com\/#\/schema\/logo\/image\/\"},\"sameAs\":[\"https:\/\/www.facebook.com\/corralon.sanchez.belen\",\"https:\/\/www.instagram.com\/corralon.sanchez\/\"]}]}<\/script>\n<!-- \/ Yoast SEO plugin. -->","yoast_head_json":{"title":"Pintura para piscina base solvente - Corralon Sanchez","description":"Pintura para piletas de nataci\u00f3n a base de resinas acr\u00edlicas de base solvente, plastificantes no migrantes y pigmentos de gran solidez a la luz.","robots":{"index":"index","follow":"follow","max-snippet":"max-snippet:-1","max-image-preview":"max-image-preview:large","max-video-preview":"max-video-preview:-1"},"canonical":"https:\/\/corralonsanchezbelen.com\/index.php\/producto\/pintura-para-piscina-base-solvente\/","og_locale":"es_ES","og_type":"article","og_title":"Pintura para piscina base solvente - Corralon Sanchez","og_description":"Pintura para piletas de nataci\u00f3n a base de resinas acr\u00edlicas de base solvente, plastificantes no migrantes y pigmentos de gran solidez a la luz.","og_url":"https:\/\/corralonsanchezbelen.com\/index.php\/producto\/pintura-para-piscina-base-solvente\/","og_site_name":"Corralon Sanchez","article_publisher":"https:\/\/www.facebook.com\/corralon.sanchez.belen","article_modified_time":"2024-07-12T04:26:32+00:00","og_image":[{"width":500,"height":460,"url":"https:\/\/corralonsanchezbelen.com\/wp-content\/uploads\/2024\/07\/D_NQ_NP_871982-MLA72358274654_102023-O.webp","type":"image\/webp"}],"twitter_card":"summary_large_image","twitter_misc":{"Tiempo de lectura":"3 minutos"},"schema":{"@context":"https:\/\/schema.org","@graph":[{"@type":"WebPage","@id":"https:\/\/corralonsanchezbelen.com\/index.php\/producto\/pintura-para-piscina-base-solvente\/","url":"https:\/\/corralonsanchezbelen.com\/index.php\/producto\/pintura-para-piscina-base-solvente\/","name":"Pintura para piscina base solvente - Corralon Sanchez","isPartOf":{"@id":"https:\/\/corralonsanchezbelen.com\/#website"},"primaryImageOfPage":{"@id":"https:\/\/corralonsanchezbelen.com\/index.php\/producto\/pintura-para-piscina-base-solvente\/#primaryimage"},"image":{"@id":"https:\/\/corralonsanchezbelen.com\/index.php\/producto\/pintura-para-piscina-base-solvente\/#primaryimage"},"thumbnailUrl":"https:\/\/corralonsanchezbelen.com\/wp-content\/uploads\/2024\/07\/D_NQ_NP_871982-MLA72358274654_102023-O.webp","datePublished":"2024-07-09T22:51:29+00:00","dateModified":"2024-07-12T04:26:32+00:00","description":"Pintura para piletas de nataci\u00f3n a base de resinas acr\u00edlicas de base solvente, plastificantes no migrantes y pigmentos de gran solidez a la luz.","breadcrumb":{"@id":"https:\/\/corralonsanchezbelen.com\/index.php\/producto\/pintura-para-piscina-base-solvente\/#breadcrumb"},"inLanguage":"es","potentialAction":[{"@type":"ReadAction","target":["https:\/\/corralonsanchezbelen.com\/index.php\/producto\/pintura-para-piscina-base-solvente\/"]}]},{"@type":"ImageObject","inLanguage":"es","@id":"https:\/\/corralonsanchezbelen.com\/index.php\/producto\/pintura-para-piscina-base-solvente\/#primaryimage","url":"https:\/\/corralonsanchezbelen.com\/wp-content\/uploads\/2024\/07\/D_NQ_NP_871982-MLA72358274654_102023-O.webp","contentUrl":"https:\/\/corralonsanchezbelen.com\/wp-content\/uploads\/2024\/07\/D_NQ_NP_871982-MLA72358274654_102023-O.webp","width":500,"height":460},{"@type":"BreadcrumbList","@id":"https:\/\/corralonsanchezbelen.com\/index.php\/producto\/pintura-para-piscina-base-solvente\/#breadcrumb","itemListElement":[{"@type":"ListItem","position":1,"name":"Portada","item":"https:\/\/corralonsanchezbelen.com\/"},{"@type":"ListItem","position":2,"name":"Tienda","item":"https:\/\/corralonsanchezbelen.com\/index.php\/tienda-2\/"},{"@type":"ListItem","position":3,"name":"Pintura para piscina base solvente"}]},{"@type":"WebSite","@id":"https:\/\/corralonsanchezbelen.com\/#website","url":"https:\/\/corralonsanchezbelen.com\/","name":"Corralon Sanchez","description":"El maestro de la construcci\u00f3n.","publisher":{"@id":"https:\/\/corralonsanchezbelen.com\/#organization"},"potentialAction":[{"@type":"SearchAction","target":{"@type":"EntryPoint","urlTemplate":"https:\/\/corralonsanchezbelen.com\/?s={search_term_string}"},"query-input":{"@type":"PropertyValueSpecification","valueRequired":true,"valueName":"search_term_string"}}],"inLanguage":"es"},{"@type":"Organization","@id":"https:\/\/corralonsanchezbelen.com\/#organization","name":"Corralon Sanchez","url":"https:\/\/corralonsanchezbelen.com\/","logo":{"@type":"ImageObject","inLanguage":"es","@id":"https:\/\/corralonsanchezbelen.com\/#\/schema\/logo\/image\/","url":"https:\/\/corralonsanchezbelen.com\/wp-content\/uploads\/2024\/06\/Diseno-sin-tituloq.png","contentUrl":"https:\/\/corralonsanchezbelen.com\/wp-content\/uploads\/2024\/06\/Diseno-sin-tituloq.png","width":1080,"height":1080,"caption":"Corralon Sanchez"},"image":{"@id":"https:\/\/corralonsanchezbelen.com\/#\/schema\/logo\/image\/"},"sameAs":["https:\/\/www.facebook.com\/corralon.sanchez.belen","https:\/\/www.instagram.com\/corralon.sanchez\/"]}]}},"_links":{"self":[{"href":"https:\/\/corralonsanchezbelen.com\/index.php\/wp-json\/wp\/v2\/product\/2004","targetHints":{"allow":["GET"]}}],"collection":[{"href":"https:\/\/corralonsanchezbelen.com\/index.php\/wp-json\/wp\/v2\/product"}],"about":[{"href":"https:\/\/corralonsanchezbelen.com\/index.php\/wp-json\/wp\/v2\/types\/product"}],"replies":[{"embeddable":true,"href":"https:\/\/corralonsanchezbelen.com\/index.php\/wp-json\/wp\/v2\/comments?post=2004"}],"wp:featuredmedia":[{"embeddable":true,"href":"https:\/\/corralonsanchezbelen.com\/index.php\/wp-json\/wp\/v2\/media\/2005"}],"wp:attachment":[{"href":"https:\/\/corralonsanchezbelen.com\/index.php\/wp-json\/wp\/v2\/media?parent=2004"}],"wp:term":[{"taxonomy":"product_brand","embeddable":true,"href":"https:\/\/corralonsanchezbelen.com\/index.php\/wp-json\/wp\/v2\/product_brand?post=2004"},{"taxonomy":"product_cat","embeddable":true,"href":"https:\/\/corralonsanchezbelen.com\/index.php\/wp-json\/wp\/v2\/product_cat?post=2004"},{"taxonomy":"product_tag","embeddable":true,"href":"https:\/\/corralonsanchezbelen.com\/index.php\/wp-json\/wp\/v2\/product_tag?post=2004"}],"curies":[{"name":"wp","href":"https:\/\/api.w.org\/{rel}","templated":true}]}}