{"id":1994,"date":"2024-07-09T19:23:38","date_gmt":"2024-07-09T22:23:38","guid":{"rendered":"https:\/\/corralonsanchezbelen.com\/?post_type=product&#038;p=1994"},"modified":"2024-07-12T01:21:33","modified_gmt":"2024-07-12T04:21:33","slug":"troya-impregnante-tersuave","status":"publish","type":"product","link":"https:\/\/corralonsanchezbelen.com\/index.php\/producto\/troya-impregnante-tersuave\/","title":{"rendered":"Troya Impregnante Tersuave"},"content":{"rendered":"<p>Asegurarse que la superficie en la que se aplicar\u00e1 el producto se encuentre limpia, seca, libre de polvo, \u00f3xido, grasitud, hongos, productos siliconados, partes flojas y otros contaminantes. Homogeneizar el contenido del envase antes de usar. No aplicar con temperaturas inferiores a 5 \u00b0C o superiores a 35 \u00b0C ni con HRA (humedad relativa ambiente) superior al 85% ni si se esperan lluvias.<br \/>\n<strong>Maderas nuevas:<\/strong>\u00a0lijar la madera en el sentido de las vetas y eliminar el polvillo resultante. Para erradicar el ataque de insectos xil\u00f3fagos, hongos, etc., aplicar Troya Preservador Curador Listo para usar siguiendo las instrucciones del envase. Aplicar una primera mano de Troya Impregnante brillante con una diluci\u00f3n m\u00e1xima de 20% de Tersirr\u00e1s como mano de anclaje. Cuanto m\u00e1s dura es la madera, se deber\u00e1 aumentar la diluci\u00f3n con Tersirr\u00e1s.<br \/>\n<strong>Maderas pintadas o barnizadas:<\/strong>\u00a0en maderas pintadas con productos como impregnantes al agua o base solvente en buen estado, solo bastar\u00e1 con la eliminaci\u00f3n de contaminantes (suciedad, productos siliconados, ceras, etc) y luego lijar la pel\u00edcula anterior hasta lograr una superficie tersa y mate. Si la superficie estuviera pintada con barnices, lacas o esmaltes, se deber\u00e1 eliminar completamente a trav\u00e9s de medios mec\u00e1nicos o qu\u00edmicos para asegurar el contacto directo del impregnante sobre la madera.<\/p>\n<p>Para todos los casos mencionados, proceder aplicando de 2 a 3 manos de Troya Impregnante brillante sin diluir o con m\u00ednima diluci\u00f3n, esperando 12 horas entre ellas.<\/p>\n<p><strong>\u2022 PELIGRO:<\/strong>\u00a0Contiene: Nafta disolvente de Stoddard; Nafta (petr\u00f3leo), hidrodesulfurado pesado.<br \/>\nL\u00edquido y vapores inflamables. Provoca da\u00f1os en el sistema nervioso central tras exposiciones prolongadas o repetidas por inhalaci\u00f3n. Provoca irritaci\u00f3n cut\u00e1nea. Puede provocar somnolencia o v\u00e9rtigo. T\u00f3xico para los organismos acu\u00e1ticos, con efectos duraderos. Si se necesita consejo m\u00e9dico, tener a mano el envase o la etiqueta.<br \/>\nMantener fuera del alcance de los ni\u00f1os. Leer la etiqueta antes del uso. Mantener alejado del calor, de superficies calientes, de chispas, de llamas abiertas y de cualquier otra fuente de ignici\u00f3n. No fumar. No respirar los vapores.<br \/>\nUsar guantes, prendas y gafas de protecci\u00f3n. En caso de ventilaci\u00f3n insuficiente, usar equipo de protecci\u00f3n respiratoria.<br \/>\nEN CASO DE CONTACTO CON LA PIEL (o el pelo): Quitar inmediatamente toda la ropa contaminada. Enjuagar la piel con agua o ducharse. Lavar con agua y jab\u00f3n abundantes. Llamar a un CENTRO DE TOXICOLOG\u00cdA o a un m\u00e9dico si la persona se encuentra mal.<br \/>\nEvitar su liberaci\u00f3n al medio ambiente. Recoger el vertido. Eliminar el contenido\/el recipiente de conformidad con la normativa local.<br \/>\n\u2022 Instituto de Toxicolog\u00eda: +54 (011) 4962-2247 \/ 6666 Buenos Aires, Argentina.<br \/>\n\u2022 Instituto del Quemado: +54 (011) 4923-3022 Buenos Aires, Argentina.<\/p>\n","protected":false},"excerpt":{"rendered":"<p>Troya Impregnante brillante es un recubrimiento que asegura la protecci\u00f3n integral y el embellecimiento de la madera, tanto en exteriores como en interiores. Su pigmentaci\u00f3n de alta resistencia a la luz absorbe la radiaci\u00f3n UV evitando la decoloraci\u00f3n y preservando la integridad del film, sin descascararse ni cuartearse. Su pel\u00edcula microporosa de gran elasticidad penetra la madera repeliendo el agua y permitiendo que la superficie respire. Adem\u00e1s, posee aditivos especiales que evitan la formaci\u00f3n de hongos y algas. Apto para todo tipo de maderas. Ideal para aplicarse sobre vigas, cabriadas, columnas, aberturas, cenefas, marcos, ventanas, puertas, machimbre, tablones, contramarcos, osb, hardboard, fen\u00f3licos, mdf y carpinter\u00eda en general. Uso exterior e interior. Disponible en una amplia variedad de tonos de maderas listos para usar. Se pueden lograr otros colores mediante la intermezcla o a trav\u00e9s de Troya Colorante Universal para lacas y barnices (m\u00e1ximo 60 cm3 por litro). Para colores no tradicionales, utilizar Tersuave Entonador Universal (m\u00e1ximo 30 cm3 por litro).<\/p>\n","protected":false},"featured_media":1995,"comment_status":"open","ping_status":"closed","template":"","meta":[],"product_brand":[],"product_cat":[92,31,89],"product_tag":[49],"class_list":{"0":"post-1994","1":"product","2":"type-product","3":"status-publish","4":"has-post-thumbnail","6":"product_cat-barnices","7":"product_cat-pintura","8":"product_cat-tersuave","9":"product_tag-tersuave","11":"first","12":"instock","13":"taxable","14":"shipping-taxable","15":"product-type-simple"},"yoast_head":"<!-- This site is optimized with the Yoast SEO plugin v24.7 - https:\/\/yoast.com\/wordpress\/plugins\/seo\/ -->\n<title>Troya Impregnante Tersuave - Corralon Sanchez<\/title>\n<meta name=\"description\" content=\"Troya Impregnante brillante es un recubrimiento que asegura la protecci\u00f3n integral y el embellecimiento de la madera, tanto en exteriores como en interiores. Su pigmentaci\u00f3n de alta resistencia a la luz absorbe la radiaci\u00f3n UV evitando la decoloraci\u00f3n y preservando la integridad del film, sin descascararse ni cuartearse. Su pel\u00edcula microporosa de gran elasticidad penetra la madera repeliendo el agua y permitiendo que la superficie respire. Adem\u00e1s, posee aditivos especiales que evitan la formaci\u00f3n de hongos y algas. Apto para todo tipo de maderas. Ideal para aplicarse sobre vigas, cabriadas, columnas, aberturas, cenefas, marcos, ventanas, puertas, machimbre, tablones, contramarcos, osb, hardboard, fen\u00f3licos, mdf y carpinter\u00eda en general. Uso exterior e interior. Disponible en una amplia variedad de tonos de maderas listos para usar. Se pueden lograr otros colores mediante la intermezcla o a trav\u00e9s de Troya Colorante Universal para lacas y barnices (m\u00e1ximo 60 cm3 por litro). Para colores no tradicionales, utilizar Tersuave Entonador Universal (m\u00e1ximo 30 cm3 por litro).\" \/>\n<meta name=\"robots\" content=\"index, follow, max-snippet:-1, max-image-preview:large, max-video-preview:-1\" \/>\n<link rel=\"canonical\" href=\"https:\/\/corralonsanchezbelen.com\/index.php\/producto\/troya-impregnante-tersuave\/\" \/>\n<meta property=\"og:locale\" content=\"es_ES\" \/>\n<meta property=\"og:type\" content=\"article\" \/>\n<meta property=\"og:title\" content=\"Troya Impregnante Tersuave - Corralon Sanchez\" \/>\n<meta property=\"og:description\" content=\"Troya Impregnante brillante es un recubrimiento que asegura la protecci\u00f3n integral y el embellecimiento de la madera, tanto en exteriores como en interiores. Su pigmentaci\u00f3n de alta resistencia a la luz absorbe la radiaci\u00f3n UV evitando la decoloraci\u00f3n y preservando la integridad del film, sin descascararse ni cuartearse. Su pel\u00edcula microporosa de gran elasticidad penetra la madera repeliendo el agua y permitiendo que la superficie respire. Adem\u00e1s, posee aditivos especiales que evitan la formaci\u00f3n de hongos y algas. Apto para todo tipo de maderas. Ideal para aplicarse sobre vigas, cabriadas, columnas, aberturas, cenefas, marcos, ventanas, puertas, machimbre, tablones, contramarcos, osb, hardboard, fen\u00f3licos, mdf y carpinter\u00eda en general. Uso exterior e interior. Disponible en una amplia variedad de tonos de maderas listos para usar. Se pueden lograr otros colores mediante la intermezcla o a trav\u00e9s de Troya Colorante Universal para lacas y barnices (m\u00e1ximo 60 cm3 por litro). Para colores no tradicionales, utilizar Tersuave Entonador Universal (m\u00e1ximo 30 cm3 por litro).\" \/>\n<meta property=\"og:url\" content=\"https:\/\/corralonsanchezbelen.com\/index.php\/producto\/troya-impregnante-tersuave\/\" \/>\n<meta property=\"og:site_name\" content=\"Corralon Sanchez\" \/>\n<meta property=\"article:publisher\" content=\"https:\/\/www.facebook.com\/corralon.sanchez.belen\" \/>\n<meta property=\"article:modified_time\" content=\"2024-07-12T04:21:33+00:00\" \/>\n<meta property=\"og:image\" content=\"https:\/\/corralonsanchezbelen.com\/wp-content\/uploads\/2024\/07\/D_NQ_NP_680121-MLA77265178497_062024-O.webp\" \/>\n\t<meta property=\"og:image:width\" content=\"436\" \/>\n\t<meta property=\"og:image:height\" content=\"500\" \/>\n\t<meta property=\"og:image:type\" content=\"image\/webp\" \/>\n<meta name=\"twitter:card\" content=\"summary_large_image\" \/>\n<meta name=\"twitter:label1\" content=\"Tiempo de lectura\" \/>\n\t<meta name=\"twitter:data1\" content=\"3 minutos\" \/>\n<script type=\"application\/ld+json\" class=\"yoast-schema-graph\">{\"@context\":\"https:\/\/schema.org\",\"@graph\":[{\"@type\":\"WebPage\",\"@id\":\"https:\/\/corralonsanchezbelen.com\/index.php\/producto\/troya-impregnante-tersuave\/\",\"url\":\"https:\/\/corralonsanchezbelen.com\/index.php\/producto\/troya-impregnante-tersuave\/\",\"name\":\"Troya Impregnante Tersuave - Corralon Sanchez\",\"isPartOf\":{\"@id\":\"https:\/\/corralonsanchezbelen.com\/#website\"},\"primaryImageOfPage\":{\"@id\":\"https:\/\/corralonsanchezbelen.com\/index.php\/producto\/troya-impregnante-tersuave\/#primaryimage\"},\"image\":{\"@id\":\"https:\/\/corralonsanchezbelen.com\/index.php\/producto\/troya-impregnante-tersuave\/#primaryimage\"},\"thumbnailUrl\":\"https:\/\/corralonsanchezbelen.com\/wp-content\/uploads\/2024\/07\/D_NQ_NP_680121-MLA77265178497_062024-O.webp\",\"datePublished\":\"2024-07-09T22:23:38+00:00\",\"dateModified\":\"2024-07-12T04:21:33+00:00\",\"description\":\"Troya Impregnante brillante es un recubrimiento que asegura la protecci\u00f3n integral y el embellecimiento de la madera, tanto en exteriores como en interiores. Su pigmentaci\u00f3n de alta resistencia a la luz absorbe la radiaci\u00f3n UV evitando la decoloraci\u00f3n y preservando la integridad del film, sin descascararse ni cuartearse. Su pel\u00edcula microporosa de gran elasticidad penetra la madera repeliendo el agua y permitiendo que la superficie respire. Adem\u00e1s, posee aditivos especiales que evitan la formaci\u00f3n de hongos y algas. Apto para todo tipo de maderas. Ideal para aplicarse sobre vigas, cabriadas, columnas, aberturas, cenefas, marcos, ventanas, puertas, machimbre, tablones, contramarcos, osb, hardboard, fen\u00f3licos, mdf y carpinter\u00eda en general. Uso exterior e interior. Disponible en una amplia variedad de tonos de maderas listos para usar. Se pueden lograr otros colores mediante la intermezcla o a trav\u00e9s de Troya Colorante Universal para lacas y barnices (m\u00e1ximo 60 cm3 por litro). Para colores no tradicionales, utilizar Tersuave Entonador Universal (m\u00e1ximo 30 cm3 por litro).\",\"breadcrumb\":{\"@id\":\"https:\/\/corralonsanchezbelen.com\/index.php\/producto\/troya-impregnante-tersuave\/#breadcrumb\"},\"inLanguage\":\"es\",\"potentialAction\":[{\"@type\":\"ReadAction\",\"target\":[\"https:\/\/corralonsanchezbelen.com\/index.php\/producto\/troya-impregnante-tersuave\/\"]}]},{\"@type\":\"ImageObject\",\"inLanguage\":\"es\",\"@id\":\"https:\/\/corralonsanchezbelen.com\/index.php\/producto\/troya-impregnante-tersuave\/#primaryimage\",\"url\":\"https:\/\/corralonsanchezbelen.com\/wp-content\/uploads\/2024\/07\/D_NQ_NP_680121-MLA77265178497_062024-O.webp\",\"contentUrl\":\"https:\/\/corralonsanchezbelen.com\/wp-content\/uploads\/2024\/07\/D_NQ_NP_680121-MLA77265178497_062024-O.webp\",\"width\":436,\"height\":500},{\"@type\":\"BreadcrumbList\",\"@id\":\"https:\/\/corralonsanchezbelen.com\/index.php\/producto\/troya-impregnante-tersuave\/#breadcrumb\",\"itemListElement\":[{\"@type\":\"ListItem\",\"position\":1,\"name\":\"Portada\",\"item\":\"https:\/\/corralonsanchezbelen.com\/\"},{\"@type\":\"ListItem\",\"position\":2,\"name\":\"Tienda\",\"item\":\"https:\/\/corralonsanchezbelen.com\/index.php\/tienda-2\/\"},{\"@type\":\"ListItem\",\"position\":3,\"name\":\"Troya Impregnante Tersuave\"}]},{\"@type\":\"WebSite\",\"@id\":\"https:\/\/corralonsanchezbelen.com\/#website\",\"url\":\"https:\/\/corralonsanchezbelen.com\/\",\"name\":\"Corralon Sanchez\",\"description\":\"El maestro de la construcci\u00f3n.\",\"publisher\":{\"@id\":\"https:\/\/corralonsanchezbelen.com\/#organization\"},\"potentialAction\":[{\"@type\":\"SearchAction\",\"target\":{\"@type\":\"EntryPoint\",\"urlTemplate\":\"https:\/\/corralonsanchezbelen.com\/?s={search_term_string}\"},\"query-input\":{\"@type\":\"PropertyValueSpecification\",\"valueRequired\":true,\"valueName\":\"search_term_string\"}}],\"inLanguage\":\"es\"},{\"@type\":\"Organization\",\"@id\":\"https:\/\/corralonsanchezbelen.com\/#organization\",\"name\":\"Corralon Sanchez\",\"url\":\"https:\/\/corralonsanchezbelen.com\/\",\"logo\":{\"@type\":\"ImageObject\",\"inLanguage\":\"es\",\"@id\":\"https:\/\/corralonsanchezbelen.com\/#\/schema\/logo\/image\/\",\"url\":\"https:\/\/corralonsanchezbelen.com\/wp-content\/uploads\/2024\/06\/Diseno-sin-tituloq.png\",\"contentUrl\":\"https:\/\/corralonsanchezbelen.com\/wp-content\/uploads\/2024\/06\/Diseno-sin-tituloq.png\",\"width\":1080,\"height\":1080,\"caption\":\"Corralon Sanchez\"},\"image\":{\"@id\":\"https:\/\/corralonsanchezbelen.com\/#\/schema\/logo\/image\/\"},\"sameAs\":[\"https:\/\/www.facebook.com\/corralon.sanchez.belen\",\"https:\/\/www.instagram.com\/corralon.sanchez\/\"]}]}<\/script>\n<!-- \/ Yoast SEO plugin. -->","yoast_head_json":{"title":"Troya Impregnante Tersuave - Corralon Sanchez","description":"Troya Impregnante brillante es un recubrimiento que asegura la protecci\u00f3n integral y el embellecimiento de la madera, tanto en exteriores como en interiores. Su pigmentaci\u00f3n de alta resistencia a la luz absorbe la radiaci\u00f3n UV evitando la decoloraci\u00f3n y preservando la integridad del film, sin descascararse ni cuartearse. Su pel\u00edcula microporosa de gran elasticidad penetra la madera repeliendo el agua y permitiendo que la superficie respire. Adem\u00e1s, posee aditivos especiales que evitan la formaci\u00f3n de hongos y algas. Apto para todo tipo de maderas. Ideal para aplicarse sobre vigas, cabriadas, columnas, aberturas, cenefas, marcos, ventanas, puertas, machimbre, tablones, contramarcos, osb, hardboard, fen\u00f3licos, mdf y carpinter\u00eda en general. Uso exterior e interior. Disponible en una amplia variedad de tonos de maderas listos para usar. Se pueden lograr otros colores mediante la intermezcla o a trav\u00e9s de Troya Colorante Universal para lacas y barnices (m\u00e1ximo 60 cm3 por litro). Para colores no tradicionales, utilizar Tersuave Entonador Universal (m\u00e1ximo 30 cm3 por litro).","robots":{"index":"index","follow":"follow","max-snippet":"max-snippet:-1","max-image-preview":"max-image-preview:large","max-video-preview":"max-video-preview:-1"},"canonical":"https:\/\/corralonsanchezbelen.com\/index.php\/producto\/troya-impregnante-tersuave\/","og_locale":"es_ES","og_type":"article","og_title":"Troya Impregnante Tersuave - Corralon Sanchez","og_description":"Troya Impregnante brillante es un recubrimiento que asegura la protecci\u00f3n integral y el embellecimiento de la madera, tanto en exteriores como en interiores. Su pigmentaci\u00f3n de alta resistencia a la luz absorbe la radiaci\u00f3n UV evitando la decoloraci\u00f3n y preservando la integridad del film, sin descascararse ni cuartearse. Su pel\u00edcula microporosa de gran elasticidad penetra la madera repeliendo el agua y permitiendo que la superficie respire. Adem\u00e1s, posee aditivos especiales que evitan la formaci\u00f3n de hongos y algas. Apto para todo tipo de maderas. Ideal para aplicarse sobre vigas, cabriadas, columnas, aberturas, cenefas, marcos, ventanas, puertas, machimbre, tablones, contramarcos, osb, hardboard, fen\u00f3licos, mdf y carpinter\u00eda en general. Uso exterior e interior. Disponible en una amplia variedad de tonos de maderas listos para usar. Se pueden lograr otros colores mediante la intermezcla o a trav\u00e9s de Troya Colorante Universal para lacas y barnices (m\u00e1ximo 60 cm3 por litro). Para colores no tradicionales, utilizar Tersuave Entonador Universal (m\u00e1ximo 30 cm3 por litro).","og_url":"https:\/\/corralonsanchezbelen.com\/index.php\/producto\/troya-impregnante-tersuave\/","og_site_name":"Corralon Sanchez","article_publisher":"https:\/\/www.facebook.com\/corralon.sanchez.belen","article_modified_time":"2024-07-12T04:21:33+00:00","og_image":[{"width":436,"height":500,"url":"https:\/\/corralonsanchezbelen.com\/wp-content\/uploads\/2024\/07\/D_NQ_NP_680121-MLA77265178497_062024-O.webp","type":"image\/webp"}],"twitter_card":"summary_large_image","twitter_misc":{"Tiempo de lectura":"3 minutos"},"schema":{"@context":"https:\/\/schema.org","@graph":[{"@type":"WebPage","@id":"https:\/\/corralonsanchezbelen.com\/index.php\/producto\/troya-impregnante-tersuave\/","url":"https:\/\/corralonsanchezbelen.com\/index.php\/producto\/troya-impregnante-tersuave\/","name":"Troya Impregnante Tersuave - Corralon Sanchez","isPartOf":{"@id":"https:\/\/corralonsanchezbelen.com\/#website"},"primaryImageOfPage":{"@id":"https:\/\/corralonsanchezbelen.com\/index.php\/producto\/troya-impregnante-tersuave\/#primaryimage"},"image":{"@id":"https:\/\/corralonsanchezbelen.com\/index.php\/producto\/troya-impregnante-tersuave\/#primaryimage"},"thumbnailUrl":"https:\/\/corralonsanchezbelen.com\/wp-content\/uploads\/2024\/07\/D_NQ_NP_680121-MLA77265178497_062024-O.webp","datePublished":"2024-07-09T22:23:38+00:00","dateModified":"2024-07-12T04:21:33+00:00","description":"Troya Impregnante brillante es un recubrimiento que asegura la protecci\u00f3n integral y el embellecimiento de la madera, tanto en exteriores como en interiores. Su pigmentaci\u00f3n de alta resistencia a la luz absorbe la radiaci\u00f3n UV evitando la decoloraci\u00f3n y preservando la integridad del film, sin descascararse ni cuartearse. Su pel\u00edcula microporosa de gran elasticidad penetra la madera repeliendo el agua y permitiendo que la superficie respire. Adem\u00e1s, posee aditivos especiales que evitan la formaci\u00f3n de hongos y algas. Apto para todo tipo de maderas. Ideal para aplicarse sobre vigas, cabriadas, columnas, aberturas, cenefas, marcos, ventanas, puertas, machimbre, tablones, contramarcos, osb, hardboard, fen\u00f3licos, mdf y carpinter\u00eda en general. Uso exterior e interior. Disponible en una amplia variedad de tonos de maderas listos para usar. Se pueden lograr otros colores mediante la intermezcla o a trav\u00e9s de Troya Colorante Universal para lacas y barnices (m\u00e1ximo 60 cm3 por litro). Para colores no tradicionales, utilizar Tersuave Entonador Universal (m\u00e1ximo 30 cm3 por litro).","breadcrumb":{"@id":"https:\/\/corralonsanchezbelen.com\/index.php\/producto\/troya-impregnante-tersuave\/#breadcrumb"},"inLanguage":"es","potentialAction":[{"@type":"ReadAction","target":["https:\/\/corralonsanchezbelen.com\/index.php\/producto\/troya-impregnante-tersuave\/"]}]},{"@type":"ImageObject","inLanguage":"es","@id":"https:\/\/corralonsanchezbelen.com\/index.php\/producto\/troya-impregnante-tersuave\/#primaryimage","url":"https:\/\/corralonsanchezbelen.com\/wp-content\/uploads\/2024\/07\/D_NQ_NP_680121-MLA77265178497_062024-O.webp","contentUrl":"https:\/\/corralonsanchezbelen.com\/wp-content\/uploads\/2024\/07\/D_NQ_NP_680121-MLA77265178497_062024-O.webp","width":436,"height":500},{"@type":"BreadcrumbList","@id":"https:\/\/corralonsanchezbelen.com\/index.php\/producto\/troya-impregnante-tersuave\/#breadcrumb","itemListElement":[{"@type":"ListItem","position":1,"name":"Portada","item":"https:\/\/corralonsanchezbelen.com\/"},{"@type":"ListItem","position":2,"name":"Tienda","item":"https:\/\/corralonsanchezbelen.com\/index.php\/tienda-2\/"},{"@type":"ListItem","position":3,"name":"Troya Impregnante Tersuave"}]},{"@type":"WebSite","@id":"https:\/\/corralonsanchezbelen.com\/#website","url":"https:\/\/corralonsanchezbelen.com\/","name":"Corralon Sanchez","description":"El maestro de la construcci\u00f3n.","publisher":{"@id":"https:\/\/corralonsanchezbelen.com\/#organization"},"potentialAction":[{"@type":"SearchAction","target":{"@type":"EntryPoint","urlTemplate":"https:\/\/corralonsanchezbelen.com\/?s={search_term_string}"},"query-input":{"@type":"PropertyValueSpecification","valueRequired":true,"valueName":"search_term_string"}}],"inLanguage":"es"},{"@type":"Organization","@id":"https:\/\/corralonsanchezbelen.com\/#organization","name":"Corralon Sanchez","url":"https:\/\/corralonsanchezbelen.com\/","logo":{"@type":"ImageObject","inLanguage":"es","@id":"https:\/\/corralonsanchezbelen.com\/#\/schema\/logo\/image\/","url":"https:\/\/corralonsanchezbelen.com\/wp-content\/uploads\/2024\/06\/Diseno-sin-tituloq.png","contentUrl":"https:\/\/corralonsanchezbelen.com\/wp-content\/uploads\/2024\/06\/Diseno-sin-tituloq.png","width":1080,"height":1080,"caption":"Corralon Sanchez"},"image":{"@id":"https:\/\/corralonsanchezbelen.com\/#\/schema\/logo\/image\/"},"sameAs":["https:\/\/www.facebook.com\/corralon.sanchez.belen","https:\/\/www.instagram.com\/corralon.sanchez\/"]}]}},"_links":{"self":[{"href":"https:\/\/corralonsanchezbelen.com\/index.php\/wp-json\/wp\/v2\/product\/1994","targetHints":{"allow":["GET"]}}],"collection":[{"href":"https:\/\/corralonsanchezbelen.com\/index.php\/wp-json\/wp\/v2\/product"}],"about":[{"href":"https:\/\/corralonsanchezbelen.com\/index.php\/wp-json\/wp\/v2\/types\/product"}],"replies":[{"embeddable":true,"href":"https:\/\/corralonsanchezbelen.com\/index.php\/wp-json\/wp\/v2\/comments?post=1994"}],"wp:featuredmedia":[{"embeddable":true,"href":"https:\/\/corralonsanchezbelen.com\/index.php\/wp-json\/wp\/v2\/media\/1995"}],"wp:attachment":[{"href":"https:\/\/corralonsanchezbelen.com\/index.php\/wp-json\/wp\/v2\/media?parent=1994"}],"wp:term":[{"taxonomy":"product_brand","embeddable":true,"href":"https:\/\/corralonsanchezbelen.com\/index.php\/wp-json\/wp\/v2\/product_brand?post=1994"},{"taxonomy":"product_cat","embeddable":true,"href":"https:\/\/corralonsanchezbelen.com\/index.php\/wp-json\/wp\/v2\/product_cat?post=1994"},{"taxonomy":"product_tag","embeddable":true,"href":"https:\/\/corralonsanchezbelen.com\/index.php\/wp-json\/wp\/v2\/product_tag?post=1994"}],"curies":[{"name":"wp","href":"https:\/\/api.w.org\/{rel}","templated":true}]}}